{"id":321,"date":"2014-12-16T21:47:39","date_gmt":"2014-12-16T21:47:39","guid":{"rendered":"http:\/\/loule2015.com\/wp-content\/uploads\/2014\/10\/catia.jpg"},"modified":"2015-06-17T14:27:44","modified_gmt":"2015-06-17T14:27:44","slug":"catia","status":"inherit","type":"attachment","link":"https:\/\/loule2015.com\/?attachment_id=321#main","title":{"rendered":"C\u00e1tia Martinheira \u2013 Nata\u00e7\u00e3o"},"author":1,"featured_media":0,"comment_status":"open","ping_status":"open","template":"","meta":[],"class_list":["post-321","attachment","type-attachment","status-inherit","hentry"],"yoast_head":"<!-- This site is optimized with the Yoast SEO plugin v27.5 - https:\/\/yoast.com\/product\/yoast-seo-wordpress\/ -->\n<title>Cidade Europeia do Desporto Loul\u00e9<\/title>\n<meta name=\"description\" content=\"Desporto, Cidade Europeia, Eventos Desportivos, Algarve, Portugal, Europa, Loul\u00e9, Conhecimento, Bem Estar, Sa\u00fade, Atividade F\u00edsica, Voluntario,\" \/>\n<meta name=\"robots\" content=\"index, follow, max-snippet:-1, max-image-preview:large, max-video-preview:-1\" \/>\n<link rel=\"canonical\" href=\"http:\/\/loule2015.com\/wp-content\/uploads\/2014\/10\/catia.jpg\" \/>\n<meta property=\"og:locale\" content=\"en_US\" \/>\n<meta property=\"og:type\" content=\"article\" \/>\n<meta property=\"og:title\" content=\"Cidade Europeia do Desporto Loul\u00e9\" \/>\n<meta property=\"og:description\" content=\"Desporto, Cidade Europeia, Eventos Desportivos, Algarve, Portugal, Europa, Loul\u00e9, Conhecimento, Bem Estar, Sa\u00fade, Atividade F\u00edsica, Voluntario,\" \/>\n<meta property=\"og:url\" content=\"http:\/\/loule2015.com\/wp-content\/uploads\/2014\/10\/catia.jpg\" \/>\n<meta property=\"og:site_name\" content=\"Loul\u00e9 2015\" \/>\n<meta property=\"article:publisher\" content=\"https:\/\/www.facebook.com\/louleced2015?ref=hl\" \/>\n<meta property=\"article:modified_time\" content=\"2015-06-17T14:27:44+00:00\" \/>\n<meta property=\"og:image\" content=\"http:\/\/loule2015.com\/wp-content\/uploads\/2014\/10\/catia.jpg\" \/>\n\t<meta property=\"og:image:width\" content=\"300\" \/>\n\t<meta property=\"og:image:height\" content=\"400\" \/>\n\t<meta property=\"og:image:type\" content=\"image\/jpeg\" \/>\n<meta name=\"twitter:card\" content=\"summary_large_image\" \/>\n<meta name=\"twitter:label1\" content=\"Est. reading time\" \/>\n\t<meta name=\"twitter:data1\" content=\"1 minute\" \/>\n<script type=\"application\/ld+json\" class=\"yoast-schema-graph\">{\"@context\":\"https:\\\/\\\/schema.org\",\"@graph\":[{\"@type\":\"WebPage\",\"@id\":\"http:\\\/\\\/loule2015.com\\\/wp-content\\\/uploads\\\/2014\\\/10\\\/catia.jpg\",\"url\":\"http:\\\/\\\/loule2015.com\\\/wp-content\\\/uploads\\\/2014\\\/10\\\/catia.jpg\",\"name\":\"Cidade Europeia do Desporto Loul\u00e9\",\"isPartOf\":{\"@id\":\"https:\\\/\\\/loule2015.com\\\/#website\"},\"datePublished\":\"2014-12-16T21:47:39+00:00\",\"dateModified\":\"2015-06-17T14:27:44+00:00\",\"description\":\"Desporto, Cidade Europeia, Eventos Desportivos, Algarve, Portugal, Europa, Loul\u00e9, Conhecimento, Bem Estar, Sa\u00fade, Atividade F\u00edsica, Voluntario,\",\"breadcrumb\":{\"@id\":\"http:\\\/\\\/loule2015.com\\\/wp-content\\\/uploads\\\/2014\\\/10\\\/catia.jpg#breadcrumb\"},\"inLanguage\":\"en-US\",\"potentialAction\":[{\"@type\":\"ReadAction\",\"target\":[\"http:\\\/\\\/loule2015.com\\\/wp-content\\\/uploads\\\/2014\\\/10\\\/catia.jpg\"]}]},{\"@type\":\"BreadcrumbList\",\"@id\":\"http:\\\/\\\/loule2015.com\\\/wp-content\\\/uploads\\\/2014\\\/10\\\/catia.jpg#breadcrumb\",\"itemListElement\":[{\"@type\":\"ListItem\",\"position\":1,\"name\":\"Home\",\"item\":\"https:\\\/\\\/loule2015.com\\\/\"},{\"@type\":\"ListItem\",\"position\":2,\"name\":\"Embaixadores\",\"item\":\"https:\\\/\\\/loule2015.com\\\/?p=46\"},{\"@type\":\"ListItem\",\"position\":3,\"name\":\"C\u00e1tia Martinheira \u2013 Nata\u00e7\u00e3o\"}]},{\"@type\":\"WebSite\",\"@id\":\"https:\\\/\\\/loule2015.com\\\/#website\",\"url\":\"https:\\\/\\\/loule2015.com\\\/\",\"name\":\"Loul\u00e9 2015\",\"description\":\"Cidade Europeia do Desporto\",\"potentialAction\":[{\"@type\":\"SearchAction\",\"target\":{\"@type\":\"EntryPoint\",\"urlTemplate\":\"https:\\\/\\\/loule2015.com\\\/?s={search_term_string}\"},\"query-input\":{\"@type\":\"PropertyValueSpecification\",\"valueRequired\":true,\"valueName\":\"search_term_string\"}}],\"inLanguage\":\"en-US\"}]}<\/script>\n<!-- \/ Yoast SEO plugin. -->","yoast_head_json":{"title":"Cidade Europeia do Desporto Loul\u00e9","description":"Desporto, Cidade Europeia, Eventos Desportivos, Algarve, Portugal, Europa, Loul\u00e9, Conhecimento, Bem Estar, Sa\u00fade, Atividade F\u00edsica, Voluntario,","robots":{"index":"index","follow":"follow","max-snippet":"max-snippet:-1","max-image-preview":"max-image-preview:large","max-video-preview":"max-video-preview:-1"},"canonical":"http:\/\/loule2015.com\/wp-content\/uploads\/2014\/10\/catia.jpg","og_locale":"en_US","og_type":"article","og_title":"Cidade Europeia do Desporto Loul\u00e9","og_description":"Desporto, Cidade Europeia, Eventos Desportivos, Algarve, Portugal, Europa, Loul\u00e9, Conhecimento, Bem Estar, Sa\u00fade, Atividade F\u00edsica, Voluntario,","og_url":"http:\/\/loule2015.com\/wp-content\/uploads\/2014\/10\/catia.jpg","og_site_name":"Loul\u00e9 2015","article_publisher":"https:\/\/www.facebook.com\/louleced2015?ref=hl","article_modified_time":"2015-06-17T14:27:44+00:00","og_image":[{"width":300,"height":400,"url":"http:\/\/loule2015.com\/wp-content\/uploads\/2014\/10\/catia.jpg","type":"image\/jpeg"}],"twitter_card":"summary_large_image","twitter_misc":{"Est. reading time":"1 minute"},"schema":{"@context":"https:\/\/schema.org","@graph":[{"@type":"WebPage","@id":"http:\/\/loule2015.com\/wp-content\/uploads\/2014\/10\/catia.jpg","url":"http:\/\/loule2015.com\/wp-content\/uploads\/2014\/10\/catia.jpg","name":"Cidade Europeia do Desporto Loul\u00e9","isPartOf":{"@id":"https:\/\/loule2015.com\/#website"},"datePublished":"2014-12-16T21:47:39+00:00","dateModified":"2015-06-17T14:27:44+00:00","description":"Desporto, Cidade Europeia, Eventos Desportivos, Algarve, Portugal, Europa, Loul\u00e9, Conhecimento, Bem Estar, Sa\u00fade, Atividade F\u00edsica, Voluntario,","breadcrumb":{"@id":"http:\/\/loule2015.com\/wp-content\/uploads\/2014\/10\/catia.jpg#breadcrumb"},"inLanguage":"en-US","potentialAction":[{"@type":"ReadAction","target":["http:\/\/loule2015.com\/wp-content\/uploads\/2014\/10\/catia.jpg"]}]},{"@type":"BreadcrumbList","@id":"http:\/\/loule2015.com\/wp-content\/uploads\/2014\/10\/catia.jpg#breadcrumb","itemListElement":[{"@type":"ListItem","position":1,"name":"Home","item":"https:\/\/loule2015.com\/"},{"@type":"ListItem","position":2,"name":"Embaixadores","item":"https:\/\/loule2015.com\/?p=46"},{"@type":"ListItem","position":3,"name":"C\u00e1tia Martinheira \u2013 Nata\u00e7\u00e3o"}]},{"@type":"WebSite","@id":"https:\/\/loule2015.com\/#website","url":"https:\/\/loule2015.com\/","name":"Loul\u00e9 2015","description":"Cidade Europeia do Desporto","potentialAction":[{"@type":"SearchAction","target":{"@type":"EntryPoint","urlTemplate":"https:\/\/loule2015.com\/?s={search_term_string}"},"query-input":{"@type":"PropertyValueSpecification","valueRequired":true,"valueName":"search_term_string"}}],"inLanguage":"en-US"}]}},"description":{"rendered":"<p class=\"attachment\"><a href='https:\/\/loule2015.com\/wp-content\/uploads\/2014\/10\/catia.jpg'><img loading=\"lazy\" decoding=\"async\" width=\"300\" height=\"400\" src=\"https:\/\/loule2015.com\/wp-content\/uploads\/2014\/10\/catia.jpg\" class=\"attachment-medium size-medium\" alt=\"\" \/><\/a><\/p>\n<p>Estabeleceu o primeiro recorde nacional de um nadador algarvio aos 11 anos de idade.<br \/>\nAos 11 anos no escal\u00e3o de Infantil A foi pela primeira vez convocada para a selec\u00e7\u00e3o nacional.<br \/>\nDesde a\u00ed tem sido chamada a representar a Selec\u00e7\u00e3o Nacional em todas as competi\u00e7\u00f5es internacionais.<br \/>\nCom 15 anos participou em finais do Campeonato da Europa e do Mundo.<br \/>\nNa \u00e9poca de 2013 \/14, no 3\u00ba ano no escal\u00e3o de S\u00e9nior bateu o recorde nacional absoluto de 200 metros costas ao realizar o tempo de 2:15:82 em piscina de 50 metros, no dia 9\/2\/2014 na piscina do Jamor.<br \/>\nEste era o recorde mais antigo da nata\u00e7\u00e3o portuguesa, o qual j\u00e1 n\u00e3o era batido \u00e0 quase 21 anos.<\/p>\n"},"caption":{"rendered":"<p>C\u00e1tia Martinheira \u2013 Nata\u00e7\u00e3o<\/p>\n"},"alt_text":"","media_type":"image","mime_type":"image\/jpeg","media_details":{"width":300,"height":400,"file":"2014\/10\/catia.jpg","sizes":{},"image_meta":{"aperture":0,"credit":"Joao M Branco","camera":"","caption":"","created_timestamp":1418764484,"copyright":"","focal_length":0,"iso":0,"shutter_speed":0,"title":"","orientation":0}},"post":46,"source_url":"https:\/\/loule2015.com\/wp-content\/uploads\/2014\/10\/catia.jpg","_links":{"self":[{"href":"https:\/\/loule2015.com\/index.php?rest_route=\/wp\/v2\/media\/321","targetHints":{"allow":["GET"]}}],"collection":[{"href":"https:\/\/loule2015.com\/index.php?rest_route=\/wp\/v2\/media"}],"about":[{"href":"https:\/\/loule2015.com\/index.php?rest_route=\/wp\/v2\/types\/attachment"}],"author":[{"embeddable":true,"href":"https:\/\/loule2015.com\/index.php?rest_route=\/wp\/v2\/users\/1"}],"wp:attached-to":[{"embeddable":true,"post_type":"post","id":46,"href":"https:\/\/loule2015.com\/index.php?rest_route=\/wp\/v2\/posts\/46"}],"curies":[{"name":"wp","href":"https:\/\/api.w.org\/{rel}","templated":true}]}}

Cátia Martinheira – Natação

<!-- This site is optimized with the Yoast SEO plugin v27.5 - https://yoast.com/product/yoast-seo-wordpress/ -->
<title>Cidade Europeia do Desporto Loulé</title>
<meta name="description" content="Desporto, Cidade Europeia, Eventos Desportivos, Algarve, Portugal, Europa, Loulé, Conhecimento, Bem Estar, Saúde, Atividade Física, Voluntario," />
<meta name="robots" content="index, follow, max-snippet:-1, max-image-preview:large, max-video-preview:-1" />
<link rel="canonical" href="http://loule2015.com/wp-content/uploads/2014/10/catia.jpg" />
<meta property="og:locale" content="en_US" />
<meta property="og:type" content="article" />
<meta property="og:title" content="Cidade Europeia do Desporto Loulé" />
<meta property="og:description" content="Desporto, Cidade Europeia, Eventos Desportivos, Algarve, Portugal, Europa, Loulé, Conhecimento, Bem Estar, Saúde, Atividade Física, Voluntario," />
<meta property="og:url" content="http://loule2015.com/wp-content/uploads/2014/10/catia.jpg" />
<meta property="og:site_name" content="Loulé 2015" />
<meta property="article:publisher" content="https://www.facebook.com/louleced2015?ref=hl" />
<meta property="article:modified_time" content="2015-06-17T14:27:44+00:00" />
<meta property="og:image" content="http://loule2015.com/wp-content/uploads/2014/10/catia.jpg" />
	<meta property="og:image:width" content="300" />
	<meta property="og:image:height" content="400" />
	<meta property="og:image:type" content="image/jpeg" />
<meta name="twitter:card" content="summary_large_image" />
<meta name="twitter:label1" content="Est. reading time" />
	<meta name="twitter:data1" content="1 minute" />
<script type="application/ld+json" class="yoast-schema-graph">{"@context":"https:\/\/schema.org","@graph":[{"@type":"WebPage","@id":"http:\/\/loule2015.com\/wp-content\/uploads\/2014\/10\/catia.jpg","url":"http:\/\/loule2015.com\/wp-content\/uploads\/2014\/10\/catia.jpg","name":"Cidade Europeia do Desporto Loulé","isPartOf":{"@id":"https:\/\/loule2015.com\/#website"},"datePublished":"2014-12-16T21:47:39+00:00","dateModified":"2015-06-17T14:27:44+00:00","description":"Desporto, Cidade Europeia, Eventos Desportivos, Algarve, Portugal, Europa, Loulé, Conhecimento, Bem Estar, Saúde, Atividade Física, Voluntario,","breadcrumb":{"@id":"http:\/\/loule2015.com\/wp-content\/uploads\/2014\/10\/catia.jpg#breadcrumb"},"inLanguage":"en-US","potentialAction":[{"@type":"ReadAction","target":["http:\/\/loule2015.com\/wp-content\/uploads\/2014\/10\/catia.jpg"]}]},{"@type":"BreadcrumbList","@id":"http:\/\/loule2015.com\/wp-content\/uploads\/2014\/10\/catia.jpg#breadcrumb","itemListElement":[{"@type":"ListItem","position":1,"name":"Home","item":"https:\/\/loule2015.com\/"},{"@type":"ListItem","position":2,"name":"Embaixadores","item":"https:\/\/loule2015.com\/?p=46"},{"@type":"ListItem","position":3,"name":"Cátia Martinheira – Natação"}]},{"@type":"WebSite","@id":"https:\/\/loule2015.com\/#website","url":"https:\/\/loule2015.com\/","name":"Loulé 2015","description":"Cidade Europeia do Desporto","potentialAction":[{"@type":"SearchAction","target":{"@type":"EntryPoint","urlTemplate":"https:\/\/loule2015.com\/?s={search_term_string}"},"query-input":{"@type":"PropertyValueSpecification","valueRequired":true,"valueName":"search_term_string"}}],"inLanguage":"en-US"}]}</script>
<!-- / Yoast SEO plugin. -->

Cidade Europeia do Desporto Loulé

Desporto, Cidade Europeia, Eventos Desportivos, Algarve, Portugal, Europa, Loulé, Conhecimento, Bem Estar, Saúde, Atividade Física, Voluntario,

Loulé 2015

<p class="attachment"><a href='https://loule2015.com/wp-content/uploads/2014/10/catia.jpg'><img loading="lazy" decoding="async" width="300" height="400" src="https://loule2015.com/wp-content/uploads/2014/10/catia.jpg" class="attachment-medium size-medium" alt="" /></a></p>
<p>Estabeleceu o primeiro recorde nacional de um nadador algarvio aos 11 anos de idade.<br />
Aos 11 anos no escalão de Infantil A foi pela primeira vez convocada para a selecção nacional.<br />
Desde aí tem sido chamada a representar a Selecção Nacional em todas as competições internacionais.<br />
Com 15 anos participou em finais do Campeonato da Europa e do Mundo.<br />
Na época de 2013 /14, no 3º ano no escalão de Sénior bateu o recorde nacional absoluto de 200 metros costas ao realizar o tempo de 2:15:82 em piscina de 50 metros, no dia 9/2/2014 na piscina do Jamor.<br />
Este era o recorde mais antigo da natação portuguesa, o qual já não era batido à quase 21 anos.</p>

<p>Cátia Martinheira – Natação</p>
