{"id":746,"date":"2015-02-12T14:35:35","date_gmt":"2015-02-12T14:35:35","guid":{"rendered":"http:\/\/loule2015.com\/?page_id=746"},"modified":"2015-05-07T13:19:51","modified_gmt":"2015-05-07T13:19:51","slug":"accoes-de-sensibilizacao","status":"publish","type":"page","link":"http:\/\/loule2015.com\/?page_id=746","title":{"rendered":"Ac\u00e7\u00f5es de Sensibiliza\u00e7\u00e3o"},"content":{"rendered":"<h3 style=\"text-align: center;\"><\/h3>\n<p><a href=\"http:\/\/loule2015.com\/?page_id=1912\"><img loading=\"lazy\" decoding=\"async\" class=\"aligncenter wp-image-1921 size-full\" src=\"http:\/\/loule2015.com\/wp-content\/uploads\/2015\/02\/banner_desportos_radicais_na_escola.png\" alt=\"banner_desportos_radicais_na_escola\" width=\"800\" height=\"400\" srcset=\"http:\/\/loule2015.com\/wp-content\/uploads\/2015\/02\/banner_desportos_radicais_na_escola.png 800w, http:\/\/loule2015.com\/wp-content\/uploads\/2015\/02\/banner_desportos_radicais_na_escola-480x240.png 480w\" sizes=\"auto, (max-width: 800px) 100vw, 800px\" \/><\/a><\/p>\n<p><a href=\"http:\/\/loule2015.com\/?page_id=277\"><img loading=\"lazy\" decoding=\"async\" class=\"aligncenter wp-image-1408 size-full\" src=\"http:\/\/loule2015.com\/wp-content\/uploads\/2015\/02\/individualidades_banner.jpg\" alt=\"\" width=\"800\" height=\"400\" srcset=\"http:\/\/loule2015.com\/wp-content\/uploads\/2015\/02\/individualidades_banner.jpg 800w, http:\/\/loule2015.com\/wp-content\/uploads\/2015\/02\/individualidades_banner-480x240.jpg 480w\" sizes=\"auto, (max-width: 800px) 100vw, 800px\" \/><\/a><\/p>\n<p><a href=\"http:\/\/loule2015.com\/?page_id=687\"><img loading=\"lazy\" decoding=\"async\" class=\"aligncenter wp-image-1410 size-full\" src=\"http:\/\/loule2015.com\/wp-content\/uploads\/2015\/02\/embaixadore_banner.jpg\" alt=\"\" width=\"800\" height=\"400\" srcset=\"http:\/\/loule2015.com\/wp-content\/uploads\/2015\/02\/embaixadore_banner.jpg 800w, http:\/\/loule2015.com\/wp-content\/uploads\/2015\/02\/embaixadore_banner-480x240.jpg 480w\" sizes=\"auto, (max-width: 800px) 100vw, 800px\" \/><\/a><\/p>\n","protected":false},"excerpt":{"rendered":"","protected":false},"author":1,"featured_media":0,"parent":0,"menu_order":0,"comment_status":"open","ping_status":"open","template":"","meta":{"footnotes":""},"class_list":["post-746","page","type-page","status-publish","hentry"],"yoast_head":"<!-- This site is optimized with the Yoast SEO plugin v26.2 - https:\/\/yoast.com\/wordpress\/plugins\/seo\/ -->\n<title>Cidade Europeia do Desporto Loul\u00e9<\/title>\n<meta name=\"description\" content=\"Desporto, Cidade Europeia, Eventos Desportivos, Algarve, Portugal, Europa, Loul\u00e9, Conhecimento, Bem Estar, Sa\u00fade, Atividade F\u00edsica, Voluntario,\" \/>\n<meta name=\"robots\" content=\"index, follow, max-snippet:-1, max-image-preview:large, max-video-preview:-1\" \/>\n<link rel=\"canonical\" href=\"http:\/\/loule2015.com\/?page_id=746\" \/>\n<meta property=\"og:locale\" content=\"en_US\" \/>\n<meta property=\"og:type\" content=\"article\" \/>\n<meta property=\"og:title\" content=\"Cidade Europeia do Desporto Loul\u00e9\" \/>\n<meta property=\"og:description\" content=\"Desporto, Cidade Europeia, Eventos Desportivos, Algarve, Portugal, Europa, Loul\u00e9, Conhecimento, Bem Estar, Sa\u00fade, Atividade F\u00edsica, Voluntario,\" \/>\n<meta property=\"og:url\" content=\"http:\/\/loule2015.com\/?page_id=746\" \/>\n<meta property=\"og:site_name\" content=\"Loul\u00e9 2015\" \/>\n<meta property=\"article:publisher\" content=\"https:\/\/www.facebook.com\/louleced2015?ref=hl\" \/>\n<meta property=\"article:modified_time\" content=\"2015-05-07T13:19:51+00:00\" \/>\n<meta property=\"og:image\" content=\"http:\/\/loule2015.com\/wp-content\/uploads\/2015\/02\/banner_desportos_radicais_na_escola.png\" \/>\n<meta name=\"twitter:card\" content=\"summary_large_image\" \/>\n<script type=\"application\/ld+json\" class=\"yoast-schema-graph\">{\"@context\":\"https:\/\/schema.org\",\"@graph\":[{\"@type\":\"WebPage\",\"@id\":\"http:\/\/loule2015.com\/?page_id=746\",\"url\":\"http:\/\/loule2015.com\/?page_id=746\",\"name\":\"Cidade Europeia do Desporto Loul\u00e9\",\"isPartOf\":{\"@id\":\"http:\/\/loule2015.com\/#website\"},\"primaryImageOfPage\":{\"@id\":\"http:\/\/loule2015.com\/?page_id=746#primaryimage\"},\"image\":{\"@id\":\"http:\/\/loule2015.com\/?page_id=746#primaryimage\"},\"thumbnailUrl\":\"http:\/\/loule2015.com\/wp-content\/uploads\/2015\/02\/banner_desportos_radicais_na_escola.png\",\"datePublished\":\"2015-02-12T14:35:35+00:00\",\"dateModified\":\"2015-05-07T13:19:51+00:00\",\"description\":\"Desporto, Cidade Europeia, Eventos Desportivos, Algarve, Portugal, Europa, Loul\u00e9, Conhecimento, Bem Estar, Sa\u00fade, Atividade F\u00edsica, Voluntario,\",\"breadcrumb\":{\"@id\":\"http:\/\/loule2015.com\/?page_id=746#breadcrumb\"},\"inLanguage\":\"en-US\",\"potentialAction\":[{\"@type\":\"ReadAction\",\"target\":[\"http:\/\/loule2015.com\/?page_id=746\"]}]},{\"@type\":\"ImageObject\",\"inLanguage\":\"en-US\",\"@id\":\"http:\/\/loule2015.com\/?page_id=746#primaryimage\",\"url\":\"http:\/\/loule2015.com\/wp-content\/uploads\/2015\/02\/banner_desportos_radicais_na_escola.png\",\"contentUrl\":\"http:\/\/loule2015.com\/wp-content\/uploads\/2015\/02\/banner_desportos_radicais_na_escola.png\",\"width\":800,\"height\":400},{\"@type\":\"BreadcrumbList\",\"@id\":\"http:\/\/loule2015.com\/?page_id=746#breadcrumb\",\"itemListElement\":[{\"@type\":\"ListItem\",\"position\":1,\"name\":\"Home\",\"item\":\"http:\/\/loule2015.com\/\"},{\"@type\":\"ListItem\",\"position\":2,\"name\":\"Ac\u00e7\u00f5es de Sensibiliza\u00e7\u00e3o\"}]},{\"@type\":\"WebSite\",\"@id\":\"http:\/\/loule2015.com\/#website\",\"url\":\"http:\/\/loule2015.com\/\",\"name\":\"Loul\u00e9 2015\",\"description\":\"Cidade Europeia do Desporto\",\"potentialAction\":[{\"@type\":\"SearchAction\",\"target\":{\"@type\":\"EntryPoint\",\"urlTemplate\":\"http:\/\/loule2015.com\/?s={search_term_string}\"},\"query-input\":{\"@type\":\"PropertyValueSpecification\",\"valueRequired\":true,\"valueName\":\"search_term_string\"}}],\"inLanguage\":\"en-US\"}]}<\/script>\n<!-- \/ Yoast SEO plugin. -->","yoast_head_json":{"title":"Cidade Europeia do Desporto Loul\u00e9","description":"Desporto, Cidade Europeia, Eventos Desportivos, Algarve, Portugal, Europa, Loul\u00e9, Conhecimento, Bem Estar, Sa\u00fade, Atividade F\u00edsica, Voluntario,","robots":{"index":"index","follow":"follow","max-snippet":"max-snippet:-1","max-image-preview":"max-image-preview:large","max-video-preview":"max-video-preview:-1"},"canonical":"http:\/\/loule2015.com\/?page_id=746","og_locale":"en_US","og_type":"article","og_title":"Cidade Europeia do Desporto Loul\u00e9","og_description":"Desporto, Cidade Europeia, Eventos Desportivos, Algarve, Portugal, Europa, Loul\u00e9, Conhecimento, Bem Estar, Sa\u00fade, Atividade F\u00edsica, Voluntario,","og_url":"http:\/\/loule2015.com\/?page_id=746","og_site_name":"Loul\u00e9 2015","article_publisher":"https:\/\/www.facebook.com\/louleced2015?ref=hl","article_modified_time":"2015-05-07T13:19:51+00:00","og_image":[{"url":"http:\/\/loule2015.com\/wp-content\/uploads\/2015\/02\/banner_desportos_radicais_na_escola.png","type":"","width":"","height":""}],"twitter_card":"summary_large_image","schema":{"@context":"https:\/\/schema.org","@graph":[{"@type":"WebPage","@id":"http:\/\/loule2015.com\/?page_id=746","url":"http:\/\/loule2015.com\/?page_id=746","name":"Cidade Europeia do Desporto Loul\u00e9","isPartOf":{"@id":"http:\/\/loule2015.com\/#website"},"primaryImageOfPage":{"@id":"http:\/\/loule2015.com\/?page_id=746#primaryimage"},"image":{"@id":"http:\/\/loule2015.com\/?page_id=746#primaryimage"},"thumbnailUrl":"http:\/\/loule2015.com\/wp-content\/uploads\/2015\/02\/banner_desportos_radicais_na_escola.png","datePublished":"2015-02-12T14:35:35+00:00","dateModified":"2015-05-07T13:19:51+00:00","description":"Desporto, Cidade Europeia, Eventos Desportivos, Algarve, Portugal, Europa, Loul\u00e9, Conhecimento, Bem Estar, Sa\u00fade, Atividade F\u00edsica, Voluntario,","breadcrumb":{"@id":"http:\/\/loule2015.com\/?page_id=746#breadcrumb"},"inLanguage":"en-US","potentialAction":[{"@type":"ReadAction","target":["http:\/\/loule2015.com\/?page_id=746"]}]},{"@type":"ImageObject","inLanguage":"en-US","@id":"http:\/\/loule2015.com\/?page_id=746#primaryimage","url":"http:\/\/loule2015.com\/wp-content\/uploads\/2015\/02\/banner_desportos_radicais_na_escola.png","contentUrl":"http:\/\/loule2015.com\/wp-content\/uploads\/2015\/02\/banner_desportos_radicais_na_escola.png","width":800,"height":400},{"@type":"BreadcrumbList","@id":"http:\/\/loule2015.com\/?page_id=746#breadcrumb","itemListElement":[{"@type":"ListItem","position":1,"name":"Home","item":"http:\/\/loule2015.com\/"},{"@type":"ListItem","position":2,"name":"Ac\u00e7\u00f5es de Sensibiliza\u00e7\u00e3o"}]},{"@type":"WebSite","@id":"http:\/\/loule2015.com\/#website","url":"http:\/\/loule2015.com\/","name":"Loul\u00e9 2015","description":"Cidade Europeia do Desporto","potentialAction":[{"@type":"SearchAction","target":{"@type":"EntryPoint","urlTemplate":"http:\/\/loule2015.com\/?s={search_term_string}"},"query-input":{"@type":"PropertyValueSpecification","valueRequired":true,"valueName":"search_term_string"}}],"inLanguage":"en-US"}]}},"_links":{"self":[{"href":"http:\/\/loule2015.com\/index.php?rest_route=\/wp\/v2\/pages\/746","targetHints":{"allow":["GET"]}}],"collection":[{"href":"http:\/\/loule2015.com\/index.php?rest_route=\/wp\/v2\/pages"}],"about":[{"href":"http:\/\/loule2015.com\/index.php?rest_route=\/wp\/v2\/types\/page"}],"author":[{"embeddable":true,"href":"http:\/\/loule2015.com\/index.php?rest_route=\/wp\/v2\/users\/1"}],"replies":[{"embeddable":true,"href":"http:\/\/loule2015.com\/index.php?rest_route=%2Fwp%2Fv2%2Fcomments&post=746"}],"version-history":[{"count":11,"href":"http:\/\/loule2015.com\/index.php?rest_route=\/wp\/v2\/pages\/746\/revisions"}],"predecessor-version":[{"id":1923,"href":"http:\/\/loule2015.com\/index.php?rest_route=\/wp\/v2\/pages\/746\/revisions\/1923"}],"wp:attachment":[{"href":"http:\/\/loule2015.com\/index.php?rest_route=%2Fwp%2Fv2%2Fmedia&parent=746"}],"curies":[{"name":"wp","href":"https:\/\/api.w.org\/{rel}","templated":true}]}}