{"id":598,"date":"2015-01-22T20:40:31","date_gmt":"2015-01-22T20:40:31","guid":{"rendered":"http:\/\/loule2015.com\/?page_id=598"},"modified":"2016-01-11T15:05:33","modified_gmt":"2016-01-11T15:05:33","slug":"loule-fitness-challenge","status":"publish","type":"page","link":"http:\/\/loule2015.com\/?page_id=598","title":{"rendered":"II Loul\u00e9 Fitness Challenge"},"content":{"rendered":"<p><img loading=\"lazy\" decoding=\"async\" class=\"alignleft  wp-image-496\" src=\"http:\/\/loule2015.com\/wp-content\/uploads\/2014\/08\/Imagem_Fitness_segunda_edi\u00e7\u00e3o.png\" alt=\"Imagem_Fitness_segunda_edi\u00e7\u00e3o\" width=\"136\" height=\"192\" srcset=\"http:\/\/loule2015.com\/wp-content\/uploads\/2014\/08\/Imagem_Fitness_segunda_edi\u00e7\u00e3o.png 1200w, http:\/\/loule2015.com\/wp-content\/uploads\/2014\/08\/Imagem_Fitness_segunda_edi\u00e7\u00e3o-452x640.png 452w, http:\/\/loule2015.com\/wp-content\/uploads\/2014\/08\/Imagem_Fitness_segunda_edi\u00e7\u00e3o-800x1131.png 800w, http:\/\/loule2015.com\/wp-content\/uploads\/2014\/08\/Imagem_Fitness_segunda_edi\u00e7\u00e3o-1024x1448.png 1024w\" sizes=\"auto, (max-width: 136px) 100vw, 136px\" \/><\/p>\n<p style=\"text-align: justify;\"><span style=\"color: #ffffff;\">_<\/span><\/p>\n<p style=\"text-align: justify;\">\n<h4 style=\"text-align: left;\"><div class=\"fcbkbttn_buttons_block\" id=\"fcbkbttn_left\"><div class=\"fcbkbttn_like fcbkbttn_large_button\"><fb:like href=\"http:\/\/loule2015.com\/?page_id=598\" action=\"like\" colorscheme=\"light\" layout=\"button_count\"  size=\"large\"><\/fb:like><\/div><\/div><\/h4>\n<p><span style=\"color: #ffffff;\">_<\/span><\/p>\n<p style=\"text-align: justify;\">Na sua segunda edi\u00e7\u00e3o, Loul\u00e9 ir\u00e1 receber o II Loul\u00e9 Fitness Challenge a 24 de Janeiro, 1\u00ba evento de 3 a realizar durante 2015.<\/p>\n<p style=\"text-align: justify;\">Em parceria com 4 agentes de fitness do Concelho, Artbody Gym, Fitness 24-7, Soberanis Fitness e PT\u2019s Algarve a C\u00e2mara Municipal de Loul\u00e9 vai proporcionar momentos de pura energia, entre as 10h00 e as 18h30 haver\u00e1 diferentes modalidades de fitness para todos os gostos, desde o TRX ao Zumba, passando pelo Jump.<br \/>\nNo \u00e2mbito do bem estar o evento continua a receber a colabora\u00e7\u00e3o da NutriLoul\u00e9 com avalia\u00e7\u00e3o corporal e fornecimento de hidrata\u00e7\u00e3o gratuita durante o evento e ainda da Terapeuta Olga Maria com massagens de demonstra\u00e7\u00e3o para os participantes.<br \/>\nEm inicio de ano de Loul\u00e9 Cidade Europeia do Desporto este evento \u00e9 apenas um de dezenas que se ir\u00e3o realizar em v\u00e1rias zonas do Concelho.<\/p>\n<p style=\"text-align: justify;\">Necess\u00e1rio envio de inscri\u00e7\u00e3o (<a href=\"https:\/\/docs.google.com\/forms\/d\/1dq3PBMQp5joqfnbTJTi_OsCmEN5ncOub5z7NHLDz5QQ\/viewform\" target=\"_blank\">ficha de inscri\u00e7\u00e3o<\/a>) at\u00e9 22 de Janeiro, entrega de oferta \u00e0s primeiras duzentas inscri\u00e7\u00f5es com confirma\u00e7\u00e3o no dia do evento.<\/p>\n<p style=\"text-align: justify;\">Programa:<\/p>\n<p style=\"text-align: justify;\">09h00 &#8211; Recep\u00e7\u00e3o dos Participantes<\/p>\n<p style=\"text-align: justify;\">10h00 &#8211; TRX<\/p>\n<p style=\"text-align: justify;\">11h00 &#8211; Body Combat<\/p>\n<p style=\"text-align: justify;\">12h00 &#8211; Pilates e Yoga<\/p>\n<p style=\"text-align: justify;\">14h30 &#8211; Circuito Metab\u00f3lico<\/p>\n<p style=\"text-align: justify;\">15h30 &#8211; Jump<\/p>\n<p style=\"text-align: justify;\">16h30 &#8211; Treino Funcional<\/p>\n<p style=\"text-align: justify;\">17h30 &#8211; Zumba<\/p>\n","protected":false},"excerpt":{"rendered":"<p>_ _ Na sua segunda edi\u00e7\u00e3o, Loul\u00e9 ir\u00e1 receber o II Loul\u00e9 Fitness Challenge a 24 de Janeiro, 1\u00ba evento de 3 a realizar durante 2015. Em parceria com 4 agentes de fitness do Concelho, Artbody Gym, Fitness 24-7, Soberanis Fitness e PT\u2019s Algarve a C\u00e2mara Municipal de Loul\u00e9 vai proporcionar momentos de pura energia, [&hellip;]<\/p>\n","protected":false},"author":1,"featured_media":0,"parent":0,"menu_order":0,"comment_status":"open","ping_status":"closed","template":"","meta":{"footnotes":""},"class_list":["post-598","page","type-page","status-publish","hentry"],"yoast_head":"<!-- This site is optimized with the Yoast SEO plugin v26.2 - https:\/\/yoast.com\/wordpress\/plugins\/seo\/ -->\n<title>Cidade Europeia do Desporto Loul\u00e9<\/title>\n<meta name=\"description\" content=\"Desporto, Cidade Europeia, Eventos Desportivos, Algarve, Portugal, Europa, Loul\u00e9, Conhecimento, Bem Estar, Sa\u00fade, Atividade F\u00edsica, Voluntario,\" \/>\n<meta name=\"robots\" content=\"index, follow, max-snippet:-1, max-image-preview:large, max-video-preview:-1\" \/>\n<link rel=\"canonical\" href=\"http:\/\/loule2015.com\/?page_id=598\" \/>\n<meta property=\"og:locale\" content=\"en_US\" \/>\n<meta property=\"og:type\" content=\"article\" \/>\n<meta property=\"og:title\" content=\"Cidade Europeia do Desporto Loul\u00e9\" \/>\n<meta property=\"og:description\" content=\"Desporto, Cidade Europeia, Eventos Desportivos, Algarve, Portugal, Europa, Loul\u00e9, Conhecimento, Bem Estar, Sa\u00fade, Atividade F\u00edsica, Voluntario,\" \/>\n<meta property=\"og:url\" content=\"http:\/\/loule2015.com\/?page_id=598\" \/>\n<meta property=\"og:site_name\" content=\"Loul\u00e9 2015\" \/>\n<meta property=\"article:publisher\" content=\"https:\/\/www.facebook.com\/louleced2015?ref=hl\" \/>\n<meta property=\"article:modified_time\" content=\"2016-01-11T15:05:33+00:00\" \/>\n<meta property=\"og:image\" content=\"http:\/\/loule2015.com\/wp-content\/uploads\/2015\/03\/Loul\u00e9_CED.png\" \/>\n\t<meta property=\"og:image:width\" content=\"400\" \/>\n\t<meta property=\"og:image:height\" content=\"400\" \/>\n\t<meta property=\"og:image:type\" content=\"image\/png\" \/>\n<meta name=\"twitter:card\" content=\"summary_large_image\" \/>\n<meta name=\"twitter:label1\" content=\"Est. reading time\" \/>\n\t<meta name=\"twitter:data1\" content=\"1 minute\" \/>\n<script type=\"application\/ld+json\" class=\"yoast-schema-graph\">{\"@context\":\"https:\/\/schema.org\",\"@graph\":[{\"@type\":\"WebPage\",\"@id\":\"http:\/\/loule2015.com\/?page_id=598\",\"url\":\"http:\/\/loule2015.com\/?page_id=598\",\"name\":\"Cidade Europeia do Desporto Loul\u00e9\",\"isPartOf\":{\"@id\":\"http:\/\/loule2015.com\/#website\"},\"datePublished\":\"2015-01-22T20:40:31+00:00\",\"dateModified\":\"2016-01-11T15:05:33+00:00\",\"description\":\"Desporto, Cidade Europeia, Eventos Desportivos, Algarve, Portugal, Europa, Loul\u00e9, Conhecimento, Bem Estar, Sa\u00fade, Atividade F\u00edsica, Voluntario,\",\"breadcrumb\":{\"@id\":\"http:\/\/loule2015.com\/?page_id=598#breadcrumb\"},\"inLanguage\":\"en-US\",\"potentialAction\":[{\"@type\":\"ReadAction\",\"target\":[\"http:\/\/loule2015.com\/?page_id=598\"]}]},{\"@type\":\"BreadcrumbList\",\"@id\":\"http:\/\/loule2015.com\/?page_id=598#breadcrumb\",\"itemListElement\":[{\"@type\":\"ListItem\",\"position\":1,\"name\":\"Home\",\"item\":\"http:\/\/loule2015.com\/\"},{\"@type\":\"ListItem\",\"position\":2,\"name\":\"II Loul\u00e9 Fitness Challenge\"}]},{\"@type\":\"WebSite\",\"@id\":\"http:\/\/loule2015.com\/#website\",\"url\":\"http:\/\/loule2015.com\/\",\"name\":\"Loul\u00e9 2015\",\"description\":\"Cidade Europeia do Desporto\",\"potentialAction\":[{\"@type\":\"SearchAction\",\"target\":{\"@type\":\"EntryPoint\",\"urlTemplate\":\"http:\/\/loule2015.com\/?s={search_term_string}\"},\"query-input\":{\"@type\":\"PropertyValueSpecification\",\"valueRequired\":true,\"valueName\":\"search_term_string\"}}],\"inLanguage\":\"en-US\"}]}<\/script>\n<!-- \/ Yoast SEO plugin. -->","yoast_head_json":{"title":"Cidade Europeia do Desporto Loul\u00e9","description":"Desporto, Cidade Europeia, Eventos Desportivos, Algarve, Portugal, Europa, Loul\u00e9, Conhecimento, Bem Estar, Sa\u00fade, Atividade F\u00edsica, Voluntario,","robots":{"index":"index","follow":"follow","max-snippet":"max-snippet:-1","max-image-preview":"max-image-preview:large","max-video-preview":"max-video-preview:-1"},"canonical":"http:\/\/loule2015.com\/?page_id=598","og_locale":"en_US","og_type":"article","og_title":"Cidade Europeia do Desporto Loul\u00e9","og_description":"Desporto, Cidade Europeia, Eventos Desportivos, Algarve, Portugal, Europa, Loul\u00e9, Conhecimento, Bem Estar, Sa\u00fade, Atividade F\u00edsica, Voluntario,","og_url":"http:\/\/loule2015.com\/?page_id=598","og_site_name":"Loul\u00e9 2015","article_publisher":"https:\/\/www.facebook.com\/louleced2015?ref=hl","article_modified_time":"2016-01-11T15:05:33+00:00","og_image":[{"width":400,"height":400,"url":"http:\/\/loule2015.com\/wp-content\/uploads\/2015\/03\/Loul\u00e9_CED.png","type":"image\/png"}],"twitter_card":"summary_large_image","twitter_misc":{"Est. reading time":"1 minute"},"schema":{"@context":"https:\/\/schema.org","@graph":[{"@type":"WebPage","@id":"http:\/\/loule2015.com\/?page_id=598","url":"http:\/\/loule2015.com\/?page_id=598","name":"Cidade Europeia do Desporto Loul\u00e9","isPartOf":{"@id":"http:\/\/loule2015.com\/#website"},"datePublished":"2015-01-22T20:40:31+00:00","dateModified":"2016-01-11T15:05:33+00:00","description":"Desporto, Cidade Europeia, Eventos Desportivos, Algarve, Portugal, Europa, Loul\u00e9, Conhecimento, Bem Estar, Sa\u00fade, Atividade F\u00edsica, Voluntario,","breadcrumb":{"@id":"http:\/\/loule2015.com\/?page_id=598#breadcrumb"},"inLanguage":"en-US","potentialAction":[{"@type":"ReadAction","target":["http:\/\/loule2015.com\/?page_id=598"]}]},{"@type":"BreadcrumbList","@id":"http:\/\/loule2015.com\/?page_id=598#breadcrumb","itemListElement":[{"@type":"ListItem","position":1,"name":"Home","item":"http:\/\/loule2015.com\/"},{"@type":"ListItem","position":2,"name":"II Loul\u00e9 Fitness Challenge"}]},{"@type":"WebSite","@id":"http:\/\/loule2015.com\/#website","url":"http:\/\/loule2015.com\/","name":"Loul\u00e9 2015","description":"Cidade Europeia do Desporto","potentialAction":[{"@type":"SearchAction","target":{"@type":"EntryPoint","urlTemplate":"http:\/\/loule2015.com\/?s={search_term_string}"},"query-input":{"@type":"PropertyValueSpecification","valueRequired":true,"valueName":"search_term_string"}}],"inLanguage":"en-US"}]}},"_links":{"self":[{"href":"http:\/\/loule2015.com\/index.php?rest_route=\/wp\/v2\/pages\/598","targetHints":{"allow":["GET"]}}],"collection":[{"href":"http:\/\/loule2015.com\/index.php?rest_route=\/wp\/v2\/pages"}],"about":[{"href":"http:\/\/loule2015.com\/index.php?rest_route=\/wp\/v2\/types\/page"}],"author":[{"embeddable":true,"href":"http:\/\/loule2015.com\/index.php?rest_route=\/wp\/v2\/users\/1"}],"replies":[{"embeddable":true,"href":"http:\/\/loule2015.com\/index.php?rest_route=%2Fwp%2Fv2%2Fcomments&post=598"}],"version-history":[{"count":13,"href":"http:\/\/loule2015.com\/index.php?rest_route=\/wp\/v2\/pages\/598\/revisions"}],"predecessor-version":[{"id":3247,"href":"http:\/\/loule2015.com\/index.php?rest_route=\/wp\/v2\/pages\/598\/revisions\/3247"}],"wp:attachment":[{"href":"http:\/\/loule2015.com\/index.php?rest_route=%2Fwp%2Fv2%2Fmedia&parent=598"}],"curies":[{"name":"wp","href":"https:\/\/api.w.org\/{rel}","templated":true}]}}