{"id":458,"date":"2015-01-05T21:48:46","date_gmt":"2015-01-05T21:48:46","guid":{"rendered":"http:\/\/loule2015.com\/?page_id=458"},"modified":"2020-05-25T18:46:23","modified_gmt":"2020-05-25T18:46:23","slug":"corta-mato-regional","status":"publish","type":"page","link":"http:\/\/loule2015.com\/?page_id=458","title":{"rendered":"Corta-Mato Regional"},"content":{"rendered":"<p style=\"text-align: justify;\"><img loading=\"lazy\" decoding=\"async\" class=\"aligncenter wp-image-460 size-full\" src=\"http:\/\/loule2015.com\/wp-content\/uploads\/2015\/01\/poster_corta_mato.png\" alt=\"poster_corta_mato\" width=\"600\" height=\"858\" srcset=\"http:\/\/loule2015.com\/wp-content\/uploads\/2015\/01\/poster_corta_mato.png 600w, http:\/\/loule2015.com\/wp-content\/uploads\/2015\/01\/poster_corta_mato-447x640.png 447w\" sizes=\"auto, (max-width: 600px) 100vw, 600px\" \/><\/p>\n<h4 style=\"text-align: left;\"><div class=\"gtranslate_wrapper\" id=\"gt-wrapper-32245074\"><\/div><\/h4>\n<p>O Desporto Escolar do Algarve, ir\u00e1 organizar no dia 23 de Janeiro de 2015 (sexta-feira), no Est\u00e1dio Algarve, o Corta-Mato &#8211; Fase Regional, prevendo-se a presen\u00e7a de 2500 alunos.<\/p>\n<p style=\"text-align: justify;\">Esta prova, surge na sequ\u00eancia da realiza\u00e7\u00e3o dos corta-matos escolares, tendo sido selecionados os 6 primeiros classificados dos diversos escal\u00f5es, em ambos os sexos, de cada escola do Algarve.<\/p>\n<p style=\"text-align: justify;\">Esta atividade tem o apoio da C\u00e2mara Municipal de Loul\u00e9, no \u00e2mbito \u201cLoul\u00e9 Cidade Europeia do Desporto, 2015\u201d, Parque das Cidades e Associa\u00e7\u00e3o de Atletismo do Algarve.<\/p>\n<p style=\"text-align: justify;\">O programa da atividade, incluir\u00e1 as provas nos diversos escal\u00f5es com in\u00edcio \u00e0s 10:00 horas.<\/p>\n","protected":false},"excerpt":{"rendered":"<p>O Desporto Escolar do Algarve, ir\u00e1 organizar no dia 23 de Janeiro de 2015 (sexta-feira), no Est\u00e1dio Algarve, o Corta-Mato &#8211; Fase Regional, prevendo-se a presen\u00e7a de 2500 alunos. Esta prova, surge na sequ\u00eancia da realiza\u00e7\u00e3o dos corta-matos escolares, tendo sido selecionados os 6 primeiros classificados dos diversos escal\u00f5es, em ambos os sexos, de cada [&hellip;]<\/p>\n","protected":false},"author":1,"featured_media":0,"parent":0,"menu_order":0,"comment_status":"closed","ping_status":"closed","template":"","meta":{"footnotes":""},"class_list":["post-458","page","type-page","status-publish","hentry"],"yoast_head":"<!-- This site is optimized with the Yoast SEO plugin v27.5 - https:\/\/yoast.com\/product\/yoast-seo-wordpress\/ -->\n<title>Cidade Europeia do Desporto Loul\u00e9<\/title>\n<meta name=\"description\" content=\"Desporto, Cidade Europeia, Eventos Desportivos, Algarve, Portugal, Europa, Loul\u00e9, Conhecimento, Bem Estar, Sa\u00fade, Atividade F\u00edsica, Voluntario,\" \/>\n<meta name=\"robots\" content=\"index, follow, max-snippet:-1, max-image-preview:large, max-video-preview:-1\" \/>\n<link rel=\"canonical\" href=\"http:\/\/loule2015.com\/?page_id=458\" \/>\n<meta property=\"og:locale\" content=\"en_US\" \/>\n<meta property=\"og:type\" content=\"article\" \/>\n<meta property=\"og:title\" content=\"Cidade Europeia do Desporto Loul\u00e9\" \/>\n<meta property=\"og:description\" content=\"Desporto, Cidade Europeia, Eventos Desportivos, Algarve, Portugal, Europa, Loul\u00e9, Conhecimento, Bem Estar, Sa\u00fade, Atividade F\u00edsica, Voluntario,\" \/>\n<meta property=\"og:url\" content=\"http:\/\/loule2015.com\/?page_id=458\" \/>\n<meta property=\"og:site_name\" content=\"Loul\u00e9 2015\" \/>\n<meta property=\"article:publisher\" content=\"https:\/\/www.facebook.com\/louleced2015?ref=hl\" \/>\n<meta property=\"article:modified_time\" content=\"2020-05-25T18:46:23+00:00\" \/>\n<meta property=\"og:image\" content=\"http:\/\/loule2015.com\/wp-content\/uploads\/2015\/01\/poster_corta_mato.png\" \/>\n<meta name=\"twitter:card\" content=\"summary_large_image\" \/>\n<meta name=\"twitter:label1\" content=\"Est. reading time\" \/>\n\t<meta name=\"twitter:data1\" content=\"1 minute\" \/>\n<script type=\"application\/ld+json\" class=\"yoast-schema-graph\">{\"@context\":\"https:\\\/\\\/schema.org\",\"@graph\":[{\"@type\":\"WebPage\",\"@id\":\"http:\\\/\\\/loule2015.com\\\/?page_id=458\",\"url\":\"http:\\\/\\\/loule2015.com\\\/?page_id=458\",\"name\":\"Cidade Europeia do Desporto Loul\u00e9\",\"isPartOf\":{\"@id\":\"https:\\\/\\\/loule2015.com\\\/#website\"},\"primaryImageOfPage\":{\"@id\":\"http:\\\/\\\/loule2015.com\\\/?page_id=458#primaryimage\"},\"image\":{\"@id\":\"http:\\\/\\\/loule2015.com\\\/?page_id=458#primaryimage\"},\"thumbnailUrl\":\"http:\\\/\\\/loule2015.com\\\/wp-content\\\/uploads\\\/2015\\\/01\\\/poster_corta_mato.png\",\"datePublished\":\"2015-01-05T21:48:46+00:00\",\"dateModified\":\"2020-05-25T18:46:23+00:00\",\"description\":\"Desporto, Cidade Europeia, Eventos Desportivos, Algarve, Portugal, Europa, Loul\u00e9, Conhecimento, Bem Estar, Sa\u00fade, Atividade F\u00edsica, Voluntario,\",\"breadcrumb\":{\"@id\":\"http:\\\/\\\/loule2015.com\\\/?page_id=458#breadcrumb\"},\"inLanguage\":\"en-US\",\"potentialAction\":[{\"@type\":\"ReadAction\",\"target\":[\"http:\\\/\\\/loule2015.com\\\/?page_id=458\"]}]},{\"@type\":\"ImageObject\",\"inLanguage\":\"en-US\",\"@id\":\"http:\\\/\\\/loule2015.com\\\/?page_id=458#primaryimage\",\"url\":\"http:\\\/\\\/loule2015.com\\\/wp-content\\\/uploads\\\/2015\\\/01\\\/poster_corta_mato.png\",\"contentUrl\":\"http:\\\/\\\/loule2015.com\\\/wp-content\\\/uploads\\\/2015\\\/01\\\/poster_corta_mato.png\",\"width\":600,\"height\":858},{\"@type\":\"BreadcrumbList\",\"@id\":\"http:\\\/\\\/loule2015.com\\\/?page_id=458#breadcrumb\",\"itemListElement\":[{\"@type\":\"ListItem\",\"position\":1,\"name\":\"Home\",\"item\":\"https:\\\/\\\/loule2015.com\\\/\"},{\"@type\":\"ListItem\",\"position\":2,\"name\":\"Corta-Mato Regional\"}]},{\"@type\":\"WebSite\",\"@id\":\"https:\\\/\\\/loule2015.com\\\/#website\",\"url\":\"https:\\\/\\\/loule2015.com\\\/\",\"name\":\"Loul\u00e9 2015\",\"description\":\"Cidade Europeia do Desporto\",\"potentialAction\":[{\"@type\":\"SearchAction\",\"target\":{\"@type\":\"EntryPoint\",\"urlTemplate\":\"https:\\\/\\\/loule2015.com\\\/?s={search_term_string}\"},\"query-input\":{\"@type\":\"PropertyValueSpecification\",\"valueRequired\":true,\"valueName\":\"search_term_string\"}}],\"inLanguage\":\"en-US\"}]}<\/script>\n<!-- \/ Yoast SEO plugin. -->","yoast_head_json":{"title":"Cidade Europeia do Desporto Loul\u00e9","description":"Desporto, Cidade Europeia, Eventos Desportivos, Algarve, Portugal, Europa, Loul\u00e9, Conhecimento, Bem Estar, Sa\u00fade, Atividade F\u00edsica, Voluntario,","robots":{"index":"index","follow":"follow","max-snippet":"max-snippet:-1","max-image-preview":"max-image-preview:large","max-video-preview":"max-video-preview:-1"},"canonical":"http:\/\/loule2015.com\/?page_id=458","og_locale":"en_US","og_type":"article","og_title":"Cidade Europeia do Desporto Loul\u00e9","og_description":"Desporto, Cidade Europeia, Eventos Desportivos, Algarve, Portugal, Europa, Loul\u00e9, Conhecimento, Bem Estar, Sa\u00fade, Atividade F\u00edsica, Voluntario,","og_url":"http:\/\/loule2015.com\/?page_id=458","og_site_name":"Loul\u00e9 2015","article_publisher":"https:\/\/www.facebook.com\/louleced2015?ref=hl","article_modified_time":"2020-05-25T18:46:23+00:00","og_image":[{"url":"http:\/\/loule2015.com\/wp-content\/uploads\/2015\/01\/poster_corta_mato.png","type":"","width":"","height":""}],"twitter_card":"summary_large_image","twitter_misc":{"Est. reading time":"1 minute"},"schema":{"@context":"https:\/\/schema.org","@graph":[{"@type":"WebPage","@id":"http:\/\/loule2015.com\/?page_id=458","url":"http:\/\/loule2015.com\/?page_id=458","name":"Cidade Europeia do Desporto Loul\u00e9","isPartOf":{"@id":"https:\/\/loule2015.com\/#website"},"primaryImageOfPage":{"@id":"http:\/\/loule2015.com\/?page_id=458#primaryimage"},"image":{"@id":"http:\/\/loule2015.com\/?page_id=458#primaryimage"},"thumbnailUrl":"http:\/\/loule2015.com\/wp-content\/uploads\/2015\/01\/poster_corta_mato.png","datePublished":"2015-01-05T21:48:46+00:00","dateModified":"2020-05-25T18:46:23+00:00","description":"Desporto, Cidade Europeia, Eventos Desportivos, Algarve, Portugal, Europa, Loul\u00e9, Conhecimento, Bem Estar, Sa\u00fade, Atividade F\u00edsica, Voluntario,","breadcrumb":{"@id":"http:\/\/loule2015.com\/?page_id=458#breadcrumb"},"inLanguage":"en-US","potentialAction":[{"@type":"ReadAction","target":["http:\/\/loule2015.com\/?page_id=458"]}]},{"@type":"ImageObject","inLanguage":"en-US","@id":"http:\/\/loule2015.com\/?page_id=458#primaryimage","url":"http:\/\/loule2015.com\/wp-content\/uploads\/2015\/01\/poster_corta_mato.png","contentUrl":"http:\/\/loule2015.com\/wp-content\/uploads\/2015\/01\/poster_corta_mato.png","width":600,"height":858},{"@type":"BreadcrumbList","@id":"http:\/\/loule2015.com\/?page_id=458#breadcrumb","itemListElement":[{"@type":"ListItem","position":1,"name":"Home","item":"https:\/\/loule2015.com\/"},{"@type":"ListItem","position":2,"name":"Corta-Mato Regional"}]},{"@type":"WebSite","@id":"https:\/\/loule2015.com\/#website","url":"https:\/\/loule2015.com\/","name":"Loul\u00e9 2015","description":"Cidade Europeia do Desporto","potentialAction":[{"@type":"SearchAction","target":{"@type":"EntryPoint","urlTemplate":"https:\/\/loule2015.com\/?s={search_term_string}"},"query-input":{"@type":"PropertyValueSpecification","valueRequired":true,"valueName":"search_term_string"}}],"inLanguage":"en-US"}]}},"_links":{"self":[{"href":"http:\/\/loule2015.com\/index.php?rest_route=\/wp\/v2\/pages\/458","targetHints":{"allow":["GET"]}}],"collection":[{"href":"http:\/\/loule2015.com\/index.php?rest_route=\/wp\/v2\/pages"}],"about":[{"href":"http:\/\/loule2015.com\/index.php?rest_route=\/wp\/v2\/types\/page"}],"author":[{"embeddable":true,"href":"http:\/\/loule2015.com\/index.php?rest_route=\/wp\/v2\/users\/1"}],"replies":[{"embeddable":true,"href":"http:\/\/loule2015.com\/index.php?rest_route=%2Fwp%2Fv2%2Fcomments&post=458"}],"version-history":[{"count":25,"href":"http:\/\/loule2015.com\/index.php?rest_route=\/wp\/v2\/pages\/458\/revisions"}],"predecessor-version":[{"id":3301,"href":"http:\/\/loule2015.com\/index.php?rest_route=\/wp\/v2\/pages\/458\/revisions\/3301"}],"wp:attachment":[{"href":"http:\/\/loule2015.com\/index.php?rest_route=%2Fwp%2Fv2%2Fmedia&parent=458"}],"curies":[{"name":"wp","href":"https:\/\/api.w.org\/{rel}","templated":true}]}}

<p style="text-align: justify;"><img loading="lazy" decoding="async" class="aligncenter wp-image-460 size-full" src="http://loule2015.com/wp-content/uploads/2015/01/poster_corta_mato.png" alt="poster_corta_mato" width="600" height="858" srcset="http://loule2015.com/wp-content/uploads/2015/01/poster_corta_mato.png 600w, http://loule2015.com/wp-content/uploads/2015/01/poster_corta_mato-447x640.png 447w" sizes="auto, (max-width: 600px) 100vw, 600px" /></p>
<h4 style="text-align: left;"><div class="gtranslate_wrapper" id="gt-wrapper-32245074"></div></h4>
<p>O Desporto Escolar do Algarve, irá organizar no dia 23 de Janeiro de 2015 (sexta-feira), no Estádio Algarve, o Corta-Mato &#8211; Fase Regional, prevendo-se a presença de 2500 alunos.</p>
<p style="text-align: justify;">Esta prova, surge na sequência da realização dos corta-matos escolares, tendo sido selecionados os 6 primeiros classificados dos diversos escalões, em ambos os sexos, de cada escola do Algarve.</p>
<p style="text-align: justify;">Esta atividade tem o apoio da Câmara Municipal de Loulé, no âmbito “Loulé Cidade Europeia do Desporto, 2015”, Parque das Cidades e Associação de Atletismo do Algarve.</p>
<p style="text-align: justify;">O programa da atividade, incluirá as provas nos diversos escalões com início às 10:00 horas.</p>

<p>O Desporto Escolar do Algarve, irá organizar no dia 23 de Janeiro de 2015 (sexta-feira), no Estádio Algarve, o Corta-Mato &#8211; Fase Regional, prevendo-se a presença de 2500 alunos. Esta prova, surge na sequência da realização dos corta-matos escolares, tendo sido selecionados os 6 primeiros classificados dos diversos escalões, em ambos os sexos, de cada [&hellip;]</p>

<!-- This site is optimized with the Yoast SEO plugin v27.5 - https://yoast.com/product/yoast-seo-wordpress/ -->
<title>Cidade Europeia do Desporto Loulé</title>
<meta name="description" content="Desporto, Cidade Europeia, Eventos Desportivos, Algarve, Portugal, Europa, Loulé, Conhecimento, Bem Estar, Saúde, Atividade Física, Voluntario," />
<meta name="robots" content="index, follow, max-snippet:-1, max-image-preview:large, max-video-preview:-1" />
<link rel="canonical" href="http://loule2015.com/?page_id=458" />
<meta property="og:locale" content="en_US" />
<meta property="og:type" content="article" />
<meta property="og:title" content="Cidade Europeia do Desporto Loulé" />
<meta property="og:description" content="Desporto, Cidade Europeia, Eventos Desportivos, Algarve, Portugal, Europa, Loulé, Conhecimento, Bem Estar, Saúde, Atividade Física, Voluntario," />
<meta property="og:url" content="http://loule2015.com/?page_id=458" />
<meta property="og:site_name" content="Loulé 2015" />
<meta property="article:publisher" content="https://www.facebook.com/louleced2015?ref=hl" />
<meta property="article:modified_time" content="2020-05-25T18:46:23+00:00" />
<meta property="og:image" content="http://loule2015.com/wp-content/uploads/2015/01/poster_corta_mato.png" />
<meta name="twitter:card" content="summary_large_image" />
<meta name="twitter:label1" content="Est. reading time" />
	<meta name="twitter:data1" content="1 minute" />
<script type="application/ld+json" class="yoast-schema-graph">{"@context":"https:\/\/schema.org","@graph":[{"@type":"WebPage","@id":"http:\/\/loule2015.com\/?page_id=458","url":"http:\/\/loule2015.com\/?page_id=458","name":"Cidade Europeia do Desporto Loulé","isPartOf":{"@id":"https:\/\/loule2015.com\/#website"},"primaryImageOfPage":{"@id":"http:\/\/loule2015.com\/?page_id=458#primaryimage"},"image":{"@id":"http:\/\/loule2015.com\/?page_id=458#primaryimage"},"thumbnailUrl":"http:\/\/loule2015.com\/wp-content\/uploads\/2015\/01\/poster_corta_mato.png","datePublished":"2015-01-05T21:48:46+00:00","dateModified":"2020-05-25T18:46:23+00:00","description":"Desporto, Cidade Europeia, Eventos Desportivos, Algarve, Portugal, Europa, Loulé, Conhecimento, Bem Estar, Saúde, Atividade Física, Voluntario,","breadcrumb":{"@id":"http:\/\/loule2015.com\/?page_id=458#breadcrumb"},"inLanguage":"en-US","potentialAction":[{"@type":"ReadAction","target":["http:\/\/loule2015.com\/?page_id=458"]}]},{"@type":"ImageObject","inLanguage":"en-US","@id":"http:\/\/loule2015.com\/?page_id=458#primaryimage","url":"http:\/\/loule2015.com\/wp-content\/uploads\/2015\/01\/poster_corta_mato.png","contentUrl":"http:\/\/loule2015.com\/wp-content\/uploads\/2015\/01\/poster_corta_mato.png","width":600,"height":858},{"@type":"BreadcrumbList","@id":"http:\/\/loule2015.com\/?page_id=458#breadcrumb","itemListElement":[{"@type":"ListItem","position":1,"name":"Home","item":"https:\/\/loule2015.com\/"},{"@type":"ListItem","position":2,"name":"Corta-Mato Regional"}]},{"@type":"WebSite","@id":"https:\/\/loule2015.com\/#website","url":"https:\/\/loule2015.com\/","name":"Loulé 2015","description":"Cidade Europeia do Desporto","potentialAction":[{"@type":"SearchAction","target":{"@type":"EntryPoint","urlTemplate":"https:\/\/loule2015.com\/?s={search_term_string}"},"query-input":{"@type":"PropertyValueSpecification","valueRequired":true,"valueName":"search_term_string"}}],"inLanguage":"en-US"}]}</script>
<!-- / Yoast SEO plugin. -->

Cidade Europeia do Desporto Loulé

Desporto, Cidade Europeia, Eventos Desportivos, Algarve, Portugal, Europa, Loulé, Conhecimento, Bem Estar, Saúde, Atividade Física, Voluntario,

Loulé 2015
