{"id":3163,"date":"2015-12-01T12:45:09","date_gmt":"2015-12-01T12:45:09","guid":{"rendered":"http:\/\/loule2015.com\/?page_id=3163"},"modified":"2015-12-01T12:46:23","modified_gmt":"2015-12-01T12:46:23","slug":"tertulia-estorias-dos-caminheiros-algarvios","status":"publish","type":"page","link":"http:\/\/loule2015.com\/?page_id=3163","title":{"rendered":"Tert\u00falia: \u201cEst\u00f3rias dos caminheiros algarvios\u201d"},"content":{"rendered":"<div class=\"gtranslate_wrapper\" id=\"gt-wrapper-26180733\"><\/div>\n<div class=\"fcbkbttn_buttons_block\" id=\"fcbkbttn_left\"><div class=\"fcbkbttn_like fcbkbttn_large_button\"><fb:like href=\"http:\/\/loule2015.com\/?page_id=3163\" action=\"like\" colorscheme=\"light\" layout=\"button_count\"  size=\"large\"><\/fb:like><\/div><\/div>\n<p>&nbsp;<\/p>\n<p>No \u00e2mbito de <strong>\u201cLoul\u00e9 Cidade Europeia do Desporto\u201915\u201d<\/strong> ter\u00e1 lugar no pr\u00f3ximo domingo, dia 6 de dezembro, a Tert\u00falia: <strong>\u201cEst\u00f3rias dos caminheiros algarvios\u201d<\/strong>.<\/p>\n<p>O evento ter\u00e1 lugar no Centro Aut\u00e1rquico em Quarteira, pelas 19 horas sendo que a entrada \u00e9 gratuita.<\/p>\n<p>Trata-se de uma iniciativa que contar\u00e1 com a presen\u00e7a de Marco Pereira, Deni Vargues, Tonico Fernandes, Eurico Lopes, Peregrino Algarvio, Fernando Meireles, \u00c2ngelo Venezuelano, Cl\u00e1udia Martins e Gon\u00e7alo M\u00e9rem que, atrav\u00e9s de diversas fotografias, ir\u00e3o evocar as est\u00f3rias, as afectividades, as alegrias, os momentos dif\u00edceis, os desafios, os obst\u00e1culos e as pegadas que quil\u00f3metro a quil\u00f3metro conduziram a momentos de sacrif\u00edcio e supera\u00e7\u00e3o humana.<\/p>\n","protected":false},"excerpt":{"rendered":"<p>&nbsp; No \u00e2mbito de \u201cLoul\u00e9 Cidade Europeia do Desporto\u201915\u201d ter\u00e1 lugar no pr\u00f3ximo domingo, dia 6 de dezembro, a Tert\u00falia: \u201cEst\u00f3rias dos caminheiros algarvios\u201d. O evento ter\u00e1 lugar no Centro Aut\u00e1rquico em Quarteira, pelas 19 horas sendo que a entrada \u00e9 gratuita. Trata-se de uma iniciativa que contar\u00e1 com a presen\u00e7a de Marco Pereira, Deni [&hellip;]<\/p>\n","protected":false},"author":1,"featured_media":0,"parent":0,"menu_order":0,"comment_status":"open","ping_status":"open","template":"","meta":{"footnotes":""},"class_list":["post-3163","page","type-page","status-publish","hentry"],"yoast_head":"<!-- This site is optimized with the Yoast SEO plugin v27.5 - https:\/\/yoast.com\/product\/yoast-seo-wordpress\/ -->\n<title>Cidade Europeia do Desporto Loul\u00e9<\/title>\n<meta name=\"description\" content=\"Desporto, Cidade Europeia, Eventos Desportivos, Algarve, Portugal, Europa, Loul\u00e9, Conhecimento, Bem Estar, Sa\u00fade, Atividade F\u00edsica, Voluntario,\" \/>\n<meta name=\"robots\" content=\"index, follow, max-snippet:-1, max-image-preview:large, max-video-preview:-1\" \/>\n<link rel=\"canonical\" href=\"http:\/\/loule2015.com\/?page_id=3163\" \/>\n<meta property=\"og:locale\" content=\"en_US\" \/>\n<meta property=\"og:type\" content=\"article\" \/>\n<meta property=\"og:title\" content=\"Cidade Europeia do Desporto Loul\u00e9\" \/>\n<meta property=\"og:description\" content=\"Desporto, Cidade Europeia, Eventos Desportivos, Algarve, Portugal, Europa, Loul\u00e9, Conhecimento, Bem Estar, Sa\u00fade, Atividade F\u00edsica, Voluntario,\" \/>\n<meta property=\"og:url\" content=\"http:\/\/loule2015.com\/?page_id=3163\" \/>\n<meta property=\"og:site_name\" content=\"Loul\u00e9 2015\" \/>\n<meta property=\"article:publisher\" content=\"https:\/\/www.facebook.com\/louleced2015?ref=hl\" \/>\n<meta property=\"article:modified_time\" content=\"2015-12-01T12:46:23+00:00\" \/>\n<meta property=\"og:image\" content=\"http:\/\/loule2015.com\/wp-content\/uploads\/2015\/03\/Loul\u00e9_CED.png\" \/>\n\t<meta property=\"og:image:width\" content=\"400\" \/>\n\t<meta property=\"og:image:height\" content=\"400\" \/>\n\t<meta property=\"og:image:type\" content=\"image\/png\" \/>\n<meta name=\"twitter:card\" content=\"summary_large_image\" \/>\n<meta name=\"twitter:label1\" content=\"Est. reading time\" \/>\n\t<meta name=\"twitter:data1\" content=\"1 minute\" \/>\n<script type=\"application\/ld+json\" class=\"yoast-schema-graph\">{\"@context\":\"https:\\\/\\\/schema.org\",\"@graph\":[{\"@type\":\"WebPage\",\"@id\":\"http:\\\/\\\/loule2015.com\\\/?page_id=3163\",\"url\":\"http:\\\/\\\/loule2015.com\\\/?page_id=3163\",\"name\":\"Cidade Europeia do Desporto Loul\u00e9\",\"isPartOf\":{\"@id\":\"https:\\\/\\\/loule2015.com\\\/#website\"},\"datePublished\":\"2015-12-01T12:45:09+00:00\",\"dateModified\":\"2015-12-01T12:46:23+00:00\",\"description\":\"Desporto, Cidade Europeia, Eventos Desportivos, Algarve, Portugal, Europa, Loul\u00e9, Conhecimento, Bem Estar, Sa\u00fade, Atividade F\u00edsica, Voluntario,\",\"breadcrumb\":{\"@id\":\"http:\\\/\\\/loule2015.com\\\/?page_id=3163#breadcrumb\"},\"inLanguage\":\"en-US\",\"potentialAction\":[{\"@type\":\"ReadAction\",\"target\":[\"http:\\\/\\\/loule2015.com\\\/?page_id=3163\"]}]},{\"@type\":\"BreadcrumbList\",\"@id\":\"http:\\\/\\\/loule2015.com\\\/?page_id=3163#breadcrumb\",\"itemListElement\":[{\"@type\":\"ListItem\",\"position\":1,\"name\":\"Home\",\"item\":\"https:\\\/\\\/loule2015.com\\\/\"},{\"@type\":\"ListItem\",\"position\":2,\"name\":\"Tert\u00falia: \u201cEst\u00f3rias dos caminheiros algarvios\u201d\"}]},{\"@type\":\"WebSite\",\"@id\":\"https:\\\/\\\/loule2015.com\\\/#website\",\"url\":\"https:\\\/\\\/loule2015.com\\\/\",\"name\":\"Loul\u00e9 2015\",\"description\":\"Cidade Europeia do Desporto\",\"potentialAction\":[{\"@type\":\"SearchAction\",\"target\":{\"@type\":\"EntryPoint\",\"urlTemplate\":\"https:\\\/\\\/loule2015.com\\\/?s={search_term_string}\"},\"query-input\":{\"@type\":\"PropertyValueSpecification\",\"valueRequired\":true,\"valueName\":\"search_term_string\"}}],\"inLanguage\":\"en-US\"}]}<\/script>\n<!-- \/ Yoast SEO plugin. -->","yoast_head_json":{"title":"Cidade Europeia do Desporto Loul\u00e9","description":"Desporto, Cidade Europeia, Eventos Desportivos, Algarve, Portugal, Europa, Loul\u00e9, Conhecimento, Bem Estar, Sa\u00fade, Atividade F\u00edsica, Voluntario,","robots":{"index":"index","follow":"follow","max-snippet":"max-snippet:-1","max-image-preview":"max-image-preview:large","max-video-preview":"max-video-preview:-1"},"canonical":"http:\/\/loule2015.com\/?page_id=3163","og_locale":"en_US","og_type":"article","og_title":"Cidade Europeia do Desporto Loul\u00e9","og_description":"Desporto, Cidade Europeia, Eventos Desportivos, Algarve, Portugal, Europa, Loul\u00e9, Conhecimento, Bem Estar, Sa\u00fade, Atividade F\u00edsica, Voluntario,","og_url":"http:\/\/loule2015.com\/?page_id=3163","og_site_name":"Loul\u00e9 2015","article_publisher":"https:\/\/www.facebook.com\/louleced2015?ref=hl","article_modified_time":"2015-12-01T12:46:23+00:00","og_image":[{"width":400,"height":400,"url":"http:\/\/loule2015.com\/wp-content\/uploads\/2015\/03\/Loul\u00e9_CED.png","type":"image\/png"}],"twitter_card":"summary_large_image","twitter_misc":{"Est. reading time":"1 minute"},"schema":{"@context":"https:\/\/schema.org","@graph":[{"@type":"WebPage","@id":"http:\/\/loule2015.com\/?page_id=3163","url":"http:\/\/loule2015.com\/?page_id=3163","name":"Cidade Europeia do Desporto Loul\u00e9","isPartOf":{"@id":"https:\/\/loule2015.com\/#website"},"datePublished":"2015-12-01T12:45:09+00:00","dateModified":"2015-12-01T12:46:23+00:00","description":"Desporto, Cidade Europeia, Eventos Desportivos, Algarve, Portugal, Europa, Loul\u00e9, Conhecimento, Bem Estar, Sa\u00fade, Atividade F\u00edsica, Voluntario,","breadcrumb":{"@id":"http:\/\/loule2015.com\/?page_id=3163#breadcrumb"},"inLanguage":"en-US","potentialAction":[{"@type":"ReadAction","target":["http:\/\/loule2015.com\/?page_id=3163"]}]},{"@type":"BreadcrumbList","@id":"http:\/\/loule2015.com\/?page_id=3163#breadcrumb","itemListElement":[{"@type":"ListItem","position":1,"name":"Home","item":"https:\/\/loule2015.com\/"},{"@type":"ListItem","position":2,"name":"Tert\u00falia: \u201cEst\u00f3rias dos caminheiros algarvios\u201d"}]},{"@type":"WebSite","@id":"https:\/\/loule2015.com\/#website","url":"https:\/\/loule2015.com\/","name":"Loul\u00e9 2015","description":"Cidade Europeia do Desporto","potentialAction":[{"@type":"SearchAction","target":{"@type":"EntryPoint","urlTemplate":"https:\/\/loule2015.com\/?s={search_term_string}"},"query-input":{"@type":"PropertyValueSpecification","valueRequired":true,"valueName":"search_term_string"}}],"inLanguage":"en-US"}]}},"_links":{"self":[{"href":"http:\/\/loule2015.com\/index.php?rest_route=\/wp\/v2\/pages\/3163","targetHints":{"allow":["GET"]}}],"collection":[{"href":"http:\/\/loule2015.com\/index.php?rest_route=\/wp\/v2\/pages"}],"about":[{"href":"http:\/\/loule2015.com\/index.php?rest_route=\/wp\/v2\/types\/page"}],"author":[{"embeddable":true,"href":"http:\/\/loule2015.com\/index.php?rest_route=\/wp\/v2\/users\/1"}],"replies":[{"embeddable":true,"href":"http:\/\/loule2015.com\/index.php?rest_route=%2Fwp%2Fv2%2Fcomments&post=3163"}],"version-history":[{"count":2,"href":"http:\/\/loule2015.com\/index.php?rest_route=\/wp\/v2\/pages\/3163\/revisions"}],"predecessor-version":[{"id":3165,"href":"http:\/\/loule2015.com\/index.php?rest_route=\/wp\/v2\/pages\/3163\/revisions\/3165"}],"wp:attachment":[{"href":"http:\/\/loule2015.com\/index.php?rest_route=%2Fwp%2Fv2%2Fmedia&parent=3163"}],"curies":[{"name":"wp","href":"https:\/\/api.w.org\/{rel}","templated":true}]}}

Tertúlia: “Estórias dos caminheiros algarvios”

<div class="gtranslate_wrapper" id="gt-wrapper-26180733"></div>
<div class="fcbkbttn_buttons_block" id="fcbkbttn_left"><div class="fcbkbttn_like fcbkbttn_large_button"><fb:like href="http://loule2015.com/?page_id=3163" action="like" colorscheme="light" layout="button_count"  size="large"></fb:like></div></div>
<p>&nbsp;</p>
<p>No âmbito de <strong>“Loulé Cidade Europeia do Desporto’15”</strong> terá lugar no próximo domingo, dia 6 de dezembro, a Tertúlia: <strong>“Estórias dos caminheiros algarvios”</strong>.</p>
<p>O evento terá lugar no Centro Autárquico em Quarteira, pelas 19 horas sendo que a entrada é gratuita.</p>
<p>Trata-se de uma iniciativa que contará com a presença de Marco Pereira, Deni Vargues, Tonico Fernandes, Eurico Lopes, Peregrino Algarvio, Fernando Meireles, Ângelo Venezuelano, Cláudia Martins e Gonçalo Mérem que, através de diversas fotografias, irão evocar as estórias, as afectividades, as alegrias, os momentos difíceis, os desafios, os obstáculos e as pegadas que quilómetro a quilómetro conduziram a momentos de sacrifício e superação humana.</p>

<p>&nbsp; No âmbito de “Loulé Cidade Europeia do Desporto’15” terá lugar no próximo domingo, dia 6 de dezembro, a Tertúlia: “Estórias dos caminheiros algarvios”. O evento terá lugar no Centro Autárquico em Quarteira, pelas 19 horas sendo que a entrada é gratuita. Trata-se de uma iniciativa que contará com a presença de Marco Pereira, Deni [&hellip;]</p>

<!-- This site is optimized with the Yoast SEO plugin v27.5 - https://yoast.com/product/yoast-seo-wordpress/ -->
<title>Cidade Europeia do Desporto Loulé</title>
<meta name="description" content="Desporto, Cidade Europeia, Eventos Desportivos, Algarve, Portugal, Europa, Loulé, Conhecimento, Bem Estar, Saúde, Atividade Física, Voluntario," />
<meta name="robots" content="index, follow, max-snippet:-1, max-image-preview:large, max-video-preview:-1" />
<link rel="canonical" href="http://loule2015.com/?page_id=3163" />
<meta property="og:locale" content="en_US" />
<meta property="og:type" content="article" />
<meta property="og:title" content="Cidade Europeia do Desporto Loulé" />
<meta property="og:description" content="Desporto, Cidade Europeia, Eventos Desportivos, Algarve, Portugal, Europa, Loulé, Conhecimento, Bem Estar, Saúde, Atividade Física, Voluntario," />
<meta property="og:url" content="http://loule2015.com/?page_id=3163" />
<meta property="og:site_name" content="Loulé 2015" />
<meta property="article:publisher" content="https://www.facebook.com/louleced2015?ref=hl" />
<meta property="article:modified_time" content="2015-12-01T12:46:23+00:00" />
<meta property="og:image" content="http://loule2015.com/wp-content/uploads/2015/03/Loulé_CED.png" />
	<meta property="og:image:width" content="400" />
	<meta property="og:image:height" content="400" />
	<meta property="og:image:type" content="image/png" />
<meta name="twitter:card" content="summary_large_image" />
<meta name="twitter:label1" content="Est. reading time" />
	<meta name="twitter:data1" content="1 minute" />
<script type="application/ld+json" class="yoast-schema-graph">{"@context":"https:\/\/schema.org","@graph":[{"@type":"WebPage","@id":"http:\/\/loule2015.com\/?page_id=3163","url":"http:\/\/loule2015.com\/?page_id=3163","name":"Cidade Europeia do Desporto Loulé","isPartOf":{"@id":"https:\/\/loule2015.com\/#website"},"datePublished":"2015-12-01T12:45:09+00:00","dateModified":"2015-12-01T12:46:23+00:00","description":"Desporto, Cidade Europeia, Eventos Desportivos, Algarve, Portugal, Europa, Loulé, Conhecimento, Bem Estar, Saúde, Atividade Física, Voluntario,","breadcrumb":{"@id":"http:\/\/loule2015.com\/?page_id=3163#breadcrumb"},"inLanguage":"en-US","potentialAction":[{"@type":"ReadAction","target":["http:\/\/loule2015.com\/?page_id=3163"]}]},{"@type":"BreadcrumbList","@id":"http:\/\/loule2015.com\/?page_id=3163#breadcrumb","itemListElement":[{"@type":"ListItem","position":1,"name":"Home","item":"https:\/\/loule2015.com\/"},{"@type":"ListItem","position":2,"name":"Tertúlia: “Estórias dos caminheiros algarvios”"}]},{"@type":"WebSite","@id":"https:\/\/loule2015.com\/#website","url":"https:\/\/loule2015.com\/","name":"Loulé 2015","description":"Cidade Europeia do Desporto","potentialAction":[{"@type":"SearchAction","target":{"@type":"EntryPoint","urlTemplate":"https:\/\/loule2015.com\/?s={search_term_string}"},"query-input":{"@type":"PropertyValueSpecification","valueRequired":true,"valueName":"search_term_string"}}],"inLanguage":"en-US"}]}</script>
<!-- / Yoast SEO plugin. -->

Cidade Europeia do Desporto Loulé

Desporto, Cidade Europeia, Eventos Desportivos, Algarve, Portugal, Europa, Loulé, Conhecimento, Bem Estar, Saúde, Atividade Física, Voluntario,

Loulé 2015

http://loule2015.com/wp-content/uploads/2015/03/Loulé_CED.png
