{"id":2753,"date":"2015-09-02T19:03:17","date_gmt":"2015-09-02T19:03:17","guid":{"rendered":"http:\/\/loule2015.com\/?page_id=2753"},"modified":"2015-09-03T12:17:49","modified_gmt":"2015-09-03T12:17:49","slug":"btt-7a-taca-do-algarve-trail-caminhada-monte-seco","status":"publish","type":"page","link":"http:\/\/loule2015.com\/?page_id=2753","title":{"rendered":"BTT 7\u00aa Ta\u00e7a do Algarve + Trail caminhada monte seco"},"content":{"rendered":"<p style=\"text-align: justify;\"><div class=\"fcbkbttn_buttons_block\" id=\"fcbkbttn_left\"><div class=\"fcbkbttn_like fcbkbttn_large_button\"><fb:like href=\"http:\/\/loule2015.com\/?page_id=2753\" action=\"like\" colorscheme=\"light\" layout=\"button_count\"  size=\"large\"><\/fb:like><\/div><\/div><\/p>\n<p style=\"text-align: justify;\">O Clube Cultural e Recreativo do Monte Seco, em parceria com C\u00e2mara Municipal de Loul\u00e9 e a Freguesia de S\u00e3o Sebasti\u00e3o, vai organizar no pr\u00f3ximo dia 13 de Setembro dois eventos de duas modalidades diferentes:<\/p>\n<p>Marcha \/ Corrida de 5\/10 Km e Trail de 20 Km, com aquecimento \u00e1s 9:15h, dando inicio \u00e1s 9:30h.<\/p>\n<p>Na vertente do BTT ir\u00e1 organizar a 7\u00aa Ta\u00e7a do Algarve XCO, a Prova de Escolas\u00a0 \u00e1s 10:00 H e a Prova de Competi\u00e7\u00e3o ao 12.00 H.<\/p>\n<p>Venha participar na Marcha\/Corrida e apoiar os atletas da terra e aplaudir todos os participantes desta grande festa do BTT regional.<\/p>\n","protected":false},"excerpt":{"rendered":"<p>O Clube Cultural e Recreativo do Monte Seco, em parceria com C\u00e2mara Municipal de Loul\u00e9 e a Freguesia de S\u00e3o Sebasti\u00e3o, vai organizar no pr\u00f3ximo dia 13 de Setembro dois eventos de duas modalidades diferentes: Marcha \/ Corrida de 5\/10 Km e Trail de 20 Km, com aquecimento \u00e1s 9:15h, dando inicio \u00e1s 9:30h. Na [&hellip;]<\/p>\n","protected":false},"author":1,"featured_media":0,"parent":0,"menu_order":0,"comment_status":"open","ping_status":"open","template":"","meta":{"footnotes":""},"class_list":["post-2753","page","type-page","status-publish","hentry"],"yoast_head":"<!-- This site is optimized with the Yoast SEO plugin v27.5 - https:\/\/yoast.com\/product\/yoast-seo-wordpress\/ -->\n<title>Cidade Europeia do Desporto Loul\u00e9<\/title>\n<meta name=\"description\" content=\"Desporto, Cidade Europeia, Eventos Desportivos, Algarve, Portugal, Europa, Loul\u00e9, Conhecimento, Bem Estar, Sa\u00fade, Atividade F\u00edsica, Voluntario,\" \/>\n<meta name=\"robots\" content=\"index, follow, max-snippet:-1, max-image-preview:large, max-video-preview:-1\" \/>\n<link rel=\"canonical\" href=\"http:\/\/loule2015.com\/?page_id=2753\" \/>\n<meta property=\"og:locale\" content=\"en_US\" \/>\n<meta property=\"og:type\" content=\"article\" \/>\n<meta property=\"og:title\" content=\"Cidade Europeia do Desporto Loul\u00e9\" \/>\n<meta property=\"og:description\" content=\"Desporto, Cidade Europeia, Eventos Desportivos, Algarve, Portugal, Europa, Loul\u00e9, Conhecimento, Bem Estar, Sa\u00fade, Atividade F\u00edsica, Voluntario,\" \/>\n<meta property=\"og:url\" content=\"http:\/\/loule2015.com\/?page_id=2753\" \/>\n<meta property=\"og:site_name\" content=\"Loul\u00e9 2015\" \/>\n<meta property=\"article:publisher\" content=\"https:\/\/www.facebook.com\/louleced2015?ref=hl\" \/>\n<meta property=\"article:modified_time\" content=\"2015-09-03T12:17:49+00:00\" \/>\n<meta property=\"og:image\" content=\"http:\/\/loule2015.com\/wp-content\/uploads\/2015\/03\/Loul\u00e9_CED.png\" \/>\n\t<meta property=\"og:image:width\" content=\"400\" \/>\n\t<meta property=\"og:image:height\" content=\"400\" \/>\n\t<meta property=\"og:image:type\" content=\"image\/png\" \/>\n<meta name=\"twitter:card\" content=\"summary_large_image\" \/>\n<meta name=\"twitter:label1\" content=\"Est. reading time\" \/>\n\t<meta name=\"twitter:data1\" content=\"1 minute\" \/>\n<script type=\"application\/ld+json\" class=\"yoast-schema-graph\">{\"@context\":\"https:\\\/\\\/schema.org\",\"@graph\":[{\"@type\":\"WebPage\",\"@id\":\"http:\\\/\\\/loule2015.com\\\/?page_id=2753\",\"url\":\"http:\\\/\\\/loule2015.com\\\/?page_id=2753\",\"name\":\"Cidade Europeia do Desporto Loul\u00e9\",\"isPartOf\":{\"@id\":\"https:\\\/\\\/loule2015.com\\\/#website\"},\"datePublished\":\"2015-09-02T19:03:17+00:00\",\"dateModified\":\"2015-09-03T12:17:49+00:00\",\"description\":\"Desporto, Cidade Europeia, Eventos Desportivos, Algarve, Portugal, Europa, Loul\u00e9, Conhecimento, Bem Estar, Sa\u00fade, Atividade F\u00edsica, Voluntario,\",\"breadcrumb\":{\"@id\":\"http:\\\/\\\/loule2015.com\\\/?page_id=2753#breadcrumb\"},\"inLanguage\":\"en-US\",\"potentialAction\":[{\"@type\":\"ReadAction\",\"target\":[\"http:\\\/\\\/loule2015.com\\\/?page_id=2753\"]}]},{\"@type\":\"BreadcrumbList\",\"@id\":\"http:\\\/\\\/loule2015.com\\\/?page_id=2753#breadcrumb\",\"itemListElement\":[{\"@type\":\"ListItem\",\"position\":1,\"name\":\"Home\",\"item\":\"https:\\\/\\\/loule2015.com\\\/\"},{\"@type\":\"ListItem\",\"position\":2,\"name\":\"BTT 7\u00aa Ta\u00e7a do Algarve + Trail caminhada monte seco\"}]},{\"@type\":\"WebSite\",\"@id\":\"https:\\\/\\\/loule2015.com\\\/#website\",\"url\":\"https:\\\/\\\/loule2015.com\\\/\",\"name\":\"Loul\u00e9 2015\",\"description\":\"Cidade Europeia do Desporto\",\"potentialAction\":[{\"@type\":\"SearchAction\",\"target\":{\"@type\":\"EntryPoint\",\"urlTemplate\":\"https:\\\/\\\/loule2015.com\\\/?s={search_term_string}\"},\"query-input\":{\"@type\":\"PropertyValueSpecification\",\"valueRequired\":true,\"valueName\":\"search_term_string\"}}],\"inLanguage\":\"en-US\"}]}<\/script>\n<!-- \/ Yoast SEO plugin. -->","yoast_head_json":{"title":"Cidade Europeia do Desporto Loul\u00e9","description":"Desporto, Cidade Europeia, Eventos Desportivos, Algarve, Portugal, Europa, Loul\u00e9, Conhecimento, Bem Estar, Sa\u00fade, Atividade F\u00edsica, Voluntario,","robots":{"index":"index","follow":"follow","max-snippet":"max-snippet:-1","max-image-preview":"max-image-preview:large","max-video-preview":"max-video-preview:-1"},"canonical":"http:\/\/loule2015.com\/?page_id=2753","og_locale":"en_US","og_type":"article","og_title":"Cidade Europeia do Desporto Loul\u00e9","og_description":"Desporto, Cidade Europeia, Eventos Desportivos, Algarve, Portugal, Europa, Loul\u00e9, Conhecimento, Bem Estar, Sa\u00fade, Atividade F\u00edsica, Voluntario,","og_url":"http:\/\/loule2015.com\/?page_id=2753","og_site_name":"Loul\u00e9 2015","article_publisher":"https:\/\/www.facebook.com\/louleced2015?ref=hl","article_modified_time":"2015-09-03T12:17:49+00:00","og_image":[{"width":400,"height":400,"url":"http:\/\/loule2015.com\/wp-content\/uploads\/2015\/03\/Loul\u00e9_CED.png","type":"image\/png"}],"twitter_card":"summary_large_image","twitter_misc":{"Est. reading time":"1 minute"},"schema":{"@context":"https:\/\/schema.org","@graph":[{"@type":"WebPage","@id":"http:\/\/loule2015.com\/?page_id=2753","url":"http:\/\/loule2015.com\/?page_id=2753","name":"Cidade Europeia do Desporto Loul\u00e9","isPartOf":{"@id":"https:\/\/loule2015.com\/#website"},"datePublished":"2015-09-02T19:03:17+00:00","dateModified":"2015-09-03T12:17:49+00:00","description":"Desporto, Cidade Europeia, Eventos Desportivos, Algarve, Portugal, Europa, Loul\u00e9, Conhecimento, Bem Estar, Sa\u00fade, Atividade F\u00edsica, Voluntario,","breadcrumb":{"@id":"http:\/\/loule2015.com\/?page_id=2753#breadcrumb"},"inLanguage":"en-US","potentialAction":[{"@type":"ReadAction","target":["http:\/\/loule2015.com\/?page_id=2753"]}]},{"@type":"BreadcrumbList","@id":"http:\/\/loule2015.com\/?page_id=2753#breadcrumb","itemListElement":[{"@type":"ListItem","position":1,"name":"Home","item":"https:\/\/loule2015.com\/"},{"@type":"ListItem","position":2,"name":"BTT 7\u00aa Ta\u00e7a do Algarve + Trail caminhada monte seco"}]},{"@type":"WebSite","@id":"https:\/\/loule2015.com\/#website","url":"https:\/\/loule2015.com\/","name":"Loul\u00e9 2015","description":"Cidade Europeia do Desporto","potentialAction":[{"@type":"SearchAction","target":{"@type":"EntryPoint","urlTemplate":"https:\/\/loule2015.com\/?s={search_term_string}"},"query-input":{"@type":"PropertyValueSpecification","valueRequired":true,"valueName":"search_term_string"}}],"inLanguage":"en-US"}]}},"_links":{"self":[{"href":"http:\/\/loule2015.com\/index.php?rest_route=\/wp\/v2\/pages\/2753","targetHints":{"allow":["GET"]}}],"collection":[{"href":"http:\/\/loule2015.com\/index.php?rest_route=\/wp\/v2\/pages"}],"about":[{"href":"http:\/\/loule2015.com\/index.php?rest_route=\/wp\/v2\/types\/page"}],"author":[{"embeddable":true,"href":"http:\/\/loule2015.com\/index.php?rest_route=\/wp\/v2\/users\/1"}],"replies":[{"embeddable":true,"href":"http:\/\/loule2015.com\/index.php?rest_route=%2Fwp%2Fv2%2Fcomments&post=2753"}],"version-history":[{"count":3,"href":"http:\/\/loule2015.com\/index.php?rest_route=\/wp\/v2\/pages\/2753\/revisions"}],"predecessor-version":[{"id":2758,"href":"http:\/\/loule2015.com\/index.php?rest_route=\/wp\/v2\/pages\/2753\/revisions\/2758"}],"wp:attachment":[{"href":"http:\/\/loule2015.com\/index.php?rest_route=%2Fwp%2Fv2%2Fmedia&parent=2753"}],"curies":[{"name":"wp","href":"https:\/\/api.w.org\/{rel}","templated":true}]}}

BTT 7ª Taça do Algarve + Trail caminhada monte seco

<p style="text-align: justify;"><div class="fcbkbttn_buttons_block" id="fcbkbttn_left"><div class="fcbkbttn_like fcbkbttn_large_button"><fb:like href="http://loule2015.com/?page_id=2753" action="like" colorscheme="light" layout="button_count"  size="large"></fb:like></div></div></p>
<p style="text-align: justify;">O Clube Cultural e Recreativo do Monte Seco, em parceria com Câmara Municipal de Loulé e a Freguesia de São Sebastião, vai organizar no próximo dia 13 de Setembro dois eventos de duas modalidades diferentes:</p>
<p>Marcha / Corrida de 5/10 Km e Trail de 20 Km, com aquecimento ás 9:15h, dando inicio ás 9:30h.</p>
<p>Na vertente do BTT irá organizar a 7ª Taça do Algarve XCO, a Prova de Escolas  ás 10:00 H e a Prova de Competição ao 12.00 H.</p>
<p>Venha participar na Marcha/Corrida e apoiar os atletas da terra e aplaudir todos os participantes desta grande festa do BTT regional.</p>

<p>O Clube Cultural e Recreativo do Monte Seco, em parceria com Câmara Municipal de Loulé e a Freguesia de São Sebastião, vai organizar no próximo dia 13 de Setembro dois eventos de duas modalidades diferentes: Marcha / Corrida de 5/10 Km e Trail de 20 Km, com aquecimento ás 9:15h, dando inicio ás 9:30h. Na [&hellip;]</p>

<!-- This site is optimized with the Yoast SEO plugin v27.5 - https://yoast.com/product/yoast-seo-wordpress/ -->
<title>Cidade Europeia do Desporto Loulé</title>
<meta name="description" content="Desporto, Cidade Europeia, Eventos Desportivos, Algarve, Portugal, Europa, Loulé, Conhecimento, Bem Estar, Saúde, Atividade Física, Voluntario," />
<meta name="robots" content="index, follow, max-snippet:-1, max-image-preview:large, max-video-preview:-1" />
<link rel="canonical" href="http://loule2015.com/?page_id=2753" />
<meta property="og:locale" content="en_US" />
<meta property="og:type" content="article" />
<meta property="og:title" content="Cidade Europeia do Desporto Loulé" />
<meta property="og:description" content="Desporto, Cidade Europeia, Eventos Desportivos, Algarve, Portugal, Europa, Loulé, Conhecimento, Bem Estar, Saúde, Atividade Física, Voluntario," />
<meta property="og:url" content="http://loule2015.com/?page_id=2753" />
<meta property="og:site_name" content="Loulé 2015" />
<meta property="article:publisher" content="https://www.facebook.com/louleced2015?ref=hl" />
<meta property="article:modified_time" content="2015-09-03T12:17:49+00:00" />
<meta property="og:image" content="http://loule2015.com/wp-content/uploads/2015/03/Loulé_CED.png" />
	<meta property="og:image:width" content="400" />
	<meta property="og:image:height" content="400" />
	<meta property="og:image:type" content="image/png" />
<meta name="twitter:card" content="summary_large_image" />
<meta name="twitter:label1" content="Est. reading time" />
	<meta name="twitter:data1" content="1 minute" />
<script type="application/ld+json" class="yoast-schema-graph">{"@context":"https:\/\/schema.org","@graph":[{"@type":"WebPage","@id":"http:\/\/loule2015.com\/?page_id=2753","url":"http:\/\/loule2015.com\/?page_id=2753","name":"Cidade Europeia do Desporto Loulé","isPartOf":{"@id":"https:\/\/loule2015.com\/#website"},"datePublished":"2015-09-02T19:03:17+00:00","dateModified":"2015-09-03T12:17:49+00:00","description":"Desporto, Cidade Europeia, Eventos Desportivos, Algarve, Portugal, Europa, Loulé, Conhecimento, Bem Estar, Saúde, Atividade Física, Voluntario,","breadcrumb":{"@id":"http:\/\/loule2015.com\/?page_id=2753#breadcrumb"},"inLanguage":"en-US","potentialAction":[{"@type":"ReadAction","target":["http:\/\/loule2015.com\/?page_id=2753"]}]},{"@type":"BreadcrumbList","@id":"http:\/\/loule2015.com\/?page_id=2753#breadcrumb","itemListElement":[{"@type":"ListItem","position":1,"name":"Home","item":"https:\/\/loule2015.com\/"},{"@type":"ListItem","position":2,"name":"BTT 7ª Taça do Algarve + Trail caminhada monte seco"}]},{"@type":"WebSite","@id":"https:\/\/loule2015.com\/#website","url":"https:\/\/loule2015.com\/","name":"Loulé 2015","description":"Cidade Europeia do Desporto","potentialAction":[{"@type":"SearchAction","target":{"@type":"EntryPoint","urlTemplate":"https:\/\/loule2015.com\/?s={search_term_string}"},"query-input":{"@type":"PropertyValueSpecification","valueRequired":true,"valueName":"search_term_string"}}],"inLanguage":"en-US"}]}</script>
<!-- / Yoast SEO plugin. -->

Cidade Europeia do Desporto Loulé

Desporto, Cidade Europeia, Eventos Desportivos, Algarve, Portugal, Europa, Loulé, Conhecimento, Bem Estar, Saúde, Atividade Física, Voluntario,

Loulé 2015

http://loule2015.com/wp-content/uploads/2015/03/Loulé_CED.png
