{"id":2726,"date":"2015-09-02T12:56:24","date_gmt":"2015-09-02T12:56:24","guid":{"rendered":"http:\/\/loule2015.com\/?page_id=2726"},"modified":"2015-09-02T14:43:00","modified_gmt":"2015-09-02T14:43:00","slug":"btt-ameixial-2015","status":"publish","type":"page","link":"http:\/\/loule2015.com\/?page_id=2726","title":{"rendered":"BTT Ameixial 2015"},"content":{"rendered":"<p style=\"text-align: justify;\"><div class=\"fcbkbttn_buttons_block\" id=\"fcbkbttn_left\"><div class=\"fcbkbttn_like fcbkbttn_large_button\"><fb:like href=\"http:\/\/loule2015.com\/?page_id=2726\" action=\"like\" colorscheme=\"light\" layout=\"button_count\"  size=\"large\"><\/fb:like><\/div><\/div><\/p>\n<p style=\"text-align: justify;\">As emo\u00e7\u00f5es do BTT est\u00e3o de volta \u00e0 freguesia do Ameixial j\u00e1 no pr\u00f3ximo dia 20 de Setembro 2015. Numa organiza\u00e7\u00e3o do Grupo Desportivo Ameixialense, em parceria com o Club BTT Terra de Loul\u00e9, a prova integra pelo segundo ano consecutivo o calend\u00e1rio da Ta\u00e7a de XCM do Algarve.<br \/>\nIntegrando as vertentes de Lazer e de Competi\u00e7\u00e3o, o BTT Ameixial 2015 apresenta dois percursos distintos &#8211; 45kms e 75 kms &#8211; que garantem muita adrenalina, emo\u00e7\u00e3o e divertimento nos trilhos desta freguesia serrana que re\u00fane excelentes condi\u00e7\u00f5es para a pr\u00e1tica da modalidade.<\/p>\n<p style=\"text-align: justify;\">As inscri\u00e7\u00f5es encontram-se oficialmente abertas e podem ser efetuadas atrav\u00e9s dos seguintes links:<\/p>\n<p><strong>Lazer<\/strong> &#8211;\u00a0 45 kms ou 75 kms | inscri\u00e7\u00f5es &#8211; <a href=\"http:\/\/www.cronosport.pt\/evento\/btt-ameixial-2015\/\" target=\"_blank\">http:\/\/www.cronosport.pt\/evento\/btt-ameixial-2015\/<\/a><br \/>\n<strong>Competi\u00e7\u00e3o<\/strong> (Prova da Ta\u00e7a) &#8211; 75 kms | inscri\u00e7\u00f5es &#8211; <a href=\"http:\/\/www.uvp-fpc.pt\" target=\"_blank\">www.uvp-fpc.pt<\/a><\/p>\n<p style=\"text-align: justify;\">BTT Ameixial 2015 conta com o apoio log\u00edstico da Junta de Freguesia do Ameixial e da C\u00e2mara Municipal de Loul\u00e9 e tem a chancela institucional da Federa\u00e7\u00e3o Portuguesa de Ciclismo e da Associa\u00e7\u00e3o de Ciclismo do Algarve.<\/p>\n<p style=\"text-align: justify;\"><em>(os links aqui disponibilizados do evento\u00a0 foram cedidos pela organiza\u00e7\u00e3o do mesmo e n\u00e3o s\u00e3o da responsabilidade da C\u00e2mara Municipal de Loul\u00e9 )<\/em><\/p>\n","protected":false},"excerpt":{"rendered":"<p>As emo\u00e7\u00f5es do BTT est\u00e3o de volta \u00e0 freguesia do Ameixial j\u00e1 no pr\u00f3ximo dia 20 de Setembro 2015. Numa organiza\u00e7\u00e3o do Grupo Desportivo Ameixialense, em parceria com o Club BTT Terra de Loul\u00e9, a prova integra pelo segundo ano consecutivo o calend\u00e1rio da Ta\u00e7a de XCM do Algarve. Integrando as vertentes de Lazer e [&hellip;]<\/p>\n","protected":false},"author":1,"featured_media":0,"parent":0,"menu_order":0,"comment_status":"open","ping_status":"open","template":"","meta":{"footnotes":""},"class_list":["post-2726","page","type-page","status-publish","hentry"],"yoast_head":"<!-- This site is optimized with the Yoast SEO plugin v27.5 - https:\/\/yoast.com\/product\/yoast-seo-wordpress\/ -->\n<title>Cidade Europeia do Desporto Loul\u00e9<\/title>\n<meta name=\"description\" content=\"Desporto, Cidade Europeia, Eventos Desportivos, Algarve, Portugal, Europa, Loul\u00e9, Conhecimento, Bem Estar, Sa\u00fade, Atividade F\u00edsica, Voluntario,\" \/>\n<meta name=\"robots\" content=\"index, follow, max-snippet:-1, max-image-preview:large, max-video-preview:-1\" \/>\n<link rel=\"canonical\" href=\"http:\/\/loule2015.com\/?page_id=2726\" \/>\n<meta property=\"og:locale\" content=\"en_US\" \/>\n<meta property=\"og:type\" content=\"article\" \/>\n<meta property=\"og:title\" content=\"Cidade Europeia do Desporto Loul\u00e9\" \/>\n<meta property=\"og:description\" content=\"Desporto, Cidade Europeia, Eventos Desportivos, Algarve, Portugal, Europa, Loul\u00e9, Conhecimento, Bem Estar, Sa\u00fade, Atividade F\u00edsica, Voluntario,\" \/>\n<meta property=\"og:url\" content=\"http:\/\/loule2015.com\/?page_id=2726\" \/>\n<meta property=\"og:site_name\" content=\"Loul\u00e9 2015\" \/>\n<meta property=\"article:publisher\" content=\"https:\/\/www.facebook.com\/louleced2015?ref=hl\" \/>\n<meta property=\"article:modified_time\" content=\"2015-09-02T14:43:00+00:00\" \/>\n<meta property=\"og:image\" content=\"http:\/\/loule2015.com\/wp-content\/uploads\/2015\/03\/Loul\u00e9_CED.png\" \/>\n\t<meta property=\"og:image:width\" content=\"400\" \/>\n\t<meta property=\"og:image:height\" content=\"400\" \/>\n\t<meta property=\"og:image:type\" content=\"image\/png\" \/>\n<meta name=\"twitter:card\" content=\"summary_large_image\" \/>\n<meta name=\"twitter:label1\" content=\"Est. reading time\" \/>\n\t<meta name=\"twitter:data1\" content=\"1 minute\" \/>\n<script type=\"application\/ld+json\" class=\"yoast-schema-graph\">{\"@context\":\"https:\\\/\\\/schema.org\",\"@graph\":[{\"@type\":\"WebPage\",\"@id\":\"http:\\\/\\\/loule2015.com\\\/?page_id=2726\",\"url\":\"http:\\\/\\\/loule2015.com\\\/?page_id=2726\",\"name\":\"Cidade Europeia do Desporto Loul\u00e9\",\"isPartOf\":{\"@id\":\"https:\\\/\\\/loule2015.com\\\/#website\"},\"datePublished\":\"2015-09-02T12:56:24+00:00\",\"dateModified\":\"2015-09-02T14:43:00+00:00\",\"description\":\"Desporto, Cidade Europeia, Eventos Desportivos, Algarve, Portugal, Europa, Loul\u00e9, Conhecimento, Bem Estar, Sa\u00fade, Atividade F\u00edsica, Voluntario,\",\"breadcrumb\":{\"@id\":\"http:\\\/\\\/loule2015.com\\\/?page_id=2726#breadcrumb\"},\"inLanguage\":\"en-US\",\"potentialAction\":[{\"@type\":\"ReadAction\",\"target\":[\"http:\\\/\\\/loule2015.com\\\/?page_id=2726\"]}]},{\"@type\":\"BreadcrumbList\",\"@id\":\"http:\\\/\\\/loule2015.com\\\/?page_id=2726#breadcrumb\",\"itemListElement\":[{\"@type\":\"ListItem\",\"position\":1,\"name\":\"Home\",\"item\":\"https:\\\/\\\/loule2015.com\\\/\"},{\"@type\":\"ListItem\",\"position\":2,\"name\":\"BTT Ameixial 2015\"}]},{\"@type\":\"WebSite\",\"@id\":\"https:\\\/\\\/loule2015.com\\\/#website\",\"url\":\"https:\\\/\\\/loule2015.com\\\/\",\"name\":\"Loul\u00e9 2015\",\"description\":\"Cidade Europeia do Desporto\",\"potentialAction\":[{\"@type\":\"SearchAction\",\"target\":{\"@type\":\"EntryPoint\",\"urlTemplate\":\"https:\\\/\\\/loule2015.com\\\/?s={search_term_string}\"},\"query-input\":{\"@type\":\"PropertyValueSpecification\",\"valueRequired\":true,\"valueName\":\"search_term_string\"}}],\"inLanguage\":\"en-US\"}]}<\/script>\n<!-- \/ Yoast SEO plugin. -->","yoast_head_json":{"title":"Cidade Europeia do Desporto Loul\u00e9","description":"Desporto, Cidade Europeia, Eventos Desportivos, Algarve, Portugal, Europa, Loul\u00e9, Conhecimento, Bem Estar, Sa\u00fade, Atividade F\u00edsica, Voluntario,","robots":{"index":"index","follow":"follow","max-snippet":"max-snippet:-1","max-image-preview":"max-image-preview:large","max-video-preview":"max-video-preview:-1"},"canonical":"http:\/\/loule2015.com\/?page_id=2726","og_locale":"en_US","og_type":"article","og_title":"Cidade Europeia do Desporto Loul\u00e9","og_description":"Desporto, Cidade Europeia, Eventos Desportivos, Algarve, Portugal, Europa, Loul\u00e9, Conhecimento, Bem Estar, Sa\u00fade, Atividade F\u00edsica, Voluntario,","og_url":"http:\/\/loule2015.com\/?page_id=2726","og_site_name":"Loul\u00e9 2015","article_publisher":"https:\/\/www.facebook.com\/louleced2015?ref=hl","article_modified_time":"2015-09-02T14:43:00+00:00","og_image":[{"width":400,"height":400,"url":"http:\/\/loule2015.com\/wp-content\/uploads\/2015\/03\/Loul\u00e9_CED.png","type":"image\/png"}],"twitter_card":"summary_large_image","twitter_misc":{"Est. reading time":"1 minute"},"schema":{"@context":"https:\/\/schema.org","@graph":[{"@type":"WebPage","@id":"http:\/\/loule2015.com\/?page_id=2726","url":"http:\/\/loule2015.com\/?page_id=2726","name":"Cidade Europeia do Desporto Loul\u00e9","isPartOf":{"@id":"https:\/\/loule2015.com\/#website"},"datePublished":"2015-09-02T12:56:24+00:00","dateModified":"2015-09-02T14:43:00+00:00","description":"Desporto, Cidade Europeia, Eventos Desportivos, Algarve, Portugal, Europa, Loul\u00e9, Conhecimento, Bem Estar, Sa\u00fade, Atividade F\u00edsica, Voluntario,","breadcrumb":{"@id":"http:\/\/loule2015.com\/?page_id=2726#breadcrumb"},"inLanguage":"en-US","potentialAction":[{"@type":"ReadAction","target":["http:\/\/loule2015.com\/?page_id=2726"]}]},{"@type":"BreadcrumbList","@id":"http:\/\/loule2015.com\/?page_id=2726#breadcrumb","itemListElement":[{"@type":"ListItem","position":1,"name":"Home","item":"https:\/\/loule2015.com\/"},{"@type":"ListItem","position":2,"name":"BTT Ameixial 2015"}]},{"@type":"WebSite","@id":"https:\/\/loule2015.com\/#website","url":"https:\/\/loule2015.com\/","name":"Loul\u00e9 2015","description":"Cidade Europeia do Desporto","potentialAction":[{"@type":"SearchAction","target":{"@type":"EntryPoint","urlTemplate":"https:\/\/loule2015.com\/?s={search_term_string}"},"query-input":{"@type":"PropertyValueSpecification","valueRequired":true,"valueName":"search_term_string"}}],"inLanguage":"en-US"}]}},"_links":{"self":[{"href":"http:\/\/loule2015.com\/index.php?rest_route=\/wp\/v2\/pages\/2726","targetHints":{"allow":["GET"]}}],"collection":[{"href":"http:\/\/loule2015.com\/index.php?rest_route=\/wp\/v2\/pages"}],"about":[{"href":"http:\/\/loule2015.com\/index.php?rest_route=\/wp\/v2\/types\/page"}],"author":[{"embeddable":true,"href":"http:\/\/loule2015.com\/index.php?rest_route=\/wp\/v2\/users\/1"}],"replies":[{"embeddable":true,"href":"http:\/\/loule2015.com\/index.php?rest_route=%2Fwp%2Fv2%2Fcomments&post=2726"}],"version-history":[{"count":5,"href":"http:\/\/loule2015.com\/index.php?rest_route=\/wp\/v2\/pages\/2726\/revisions"}],"predecessor-version":[{"id":2739,"href":"http:\/\/loule2015.com\/index.php?rest_route=\/wp\/v2\/pages\/2726\/revisions\/2739"}],"wp:attachment":[{"href":"http:\/\/loule2015.com\/index.php?rest_route=%2Fwp%2Fv2%2Fmedia&parent=2726"}],"curies":[{"name":"wp","href":"https:\/\/api.w.org\/{rel}","templated":true}]}}

<p style="text-align: justify;"><div class="fcbkbttn_buttons_block" id="fcbkbttn_left"><div class="fcbkbttn_like fcbkbttn_large_button"><fb:like href="http://loule2015.com/?page_id=2726" action="like" colorscheme="light" layout="button_count"  size="large"></fb:like></div></div></p>
<p style="text-align: justify;">As emoções do BTT estão de volta à freguesia do Ameixial já no próximo dia 20 de Setembro 2015. Numa organização do Grupo Desportivo Ameixialense, em parceria com o Club BTT Terra de Loulé, a prova integra pelo segundo ano consecutivo o calendário da Taça de XCM do Algarve.<br />
Integrando as vertentes de Lazer e de Competição, o BTT Ameixial 2015 apresenta dois percursos distintos &#8211; 45kms e 75 kms &#8211; que garantem muita adrenalina, emoção e divertimento nos trilhos desta freguesia serrana que reúne excelentes condições para a prática da modalidade.</p>
<p style="text-align: justify;">As inscrições encontram-se oficialmente abertas e podem ser efetuadas através dos seguintes links:</p>
<p><strong>Lazer</strong> &#8211;  45 kms ou 75 kms | inscrições &#8211; <a href="http://www.cronosport.pt/evento/btt-ameixial-2015/" target="_blank">http://www.cronosport.pt/evento/btt-ameixial-2015/</a><br />
<strong>Competição</strong> (Prova da Taça) &#8211; 75 kms | inscrições &#8211; <a href="http://www.uvp-fpc.pt" target="_blank">www.uvp-fpc.pt</a></p>
<p style="text-align: justify;">BTT Ameixial 2015 conta com o apoio logístico da Junta de Freguesia do Ameixial e da Câmara Municipal de Loulé e tem a chancela institucional da Federação Portuguesa de Ciclismo e da Associação de Ciclismo do Algarve.</p>
<p style="text-align: justify;"><em>(os links aqui disponibilizados do evento  foram cedidos pela organização do mesmo e não são da responsabilidade da Câmara Municipal de Loulé )</em></p>

<p>As emoções do BTT estão de volta à freguesia do Ameixial já no próximo dia 20 de Setembro 2015. Numa organização do Grupo Desportivo Ameixialense, em parceria com o Club BTT Terra de Loulé, a prova integra pelo segundo ano consecutivo o calendário da Taça de XCM do Algarve. Integrando as vertentes de Lazer e [&hellip;]</p>

<!-- This site is optimized with the Yoast SEO plugin v27.5 - https://yoast.com/product/yoast-seo-wordpress/ -->
<title>Cidade Europeia do Desporto Loulé</title>
<meta name="description" content="Desporto, Cidade Europeia, Eventos Desportivos, Algarve, Portugal, Europa, Loulé, Conhecimento, Bem Estar, Saúde, Atividade Física, Voluntario," />
<meta name="robots" content="index, follow, max-snippet:-1, max-image-preview:large, max-video-preview:-1" />
<link rel="canonical" href="http://loule2015.com/?page_id=2726" />
<meta property="og:locale" content="en_US" />
<meta property="og:type" content="article" />
<meta property="og:title" content="Cidade Europeia do Desporto Loulé" />
<meta property="og:description" content="Desporto, Cidade Europeia, Eventos Desportivos, Algarve, Portugal, Europa, Loulé, Conhecimento, Bem Estar, Saúde, Atividade Física, Voluntario," />
<meta property="og:url" content="http://loule2015.com/?page_id=2726" />
<meta property="og:site_name" content="Loulé 2015" />
<meta property="article:publisher" content="https://www.facebook.com/louleced2015?ref=hl" />
<meta property="article:modified_time" content="2015-09-02T14:43:00+00:00" />
<meta property="og:image" content="http://loule2015.com/wp-content/uploads/2015/03/Loulé_CED.png" />
	<meta property="og:image:width" content="400" />
	<meta property="og:image:height" content="400" />
	<meta property="og:image:type" content="image/png" />
<meta name="twitter:card" content="summary_large_image" />
<meta name="twitter:label1" content="Est. reading time" />
	<meta name="twitter:data1" content="1 minute" />
<script type="application/ld+json" class="yoast-schema-graph">{"@context":"https:\/\/schema.org","@graph":[{"@type":"WebPage","@id":"http:\/\/loule2015.com\/?page_id=2726","url":"http:\/\/loule2015.com\/?page_id=2726","name":"Cidade Europeia do Desporto Loulé","isPartOf":{"@id":"https:\/\/loule2015.com\/#website"},"datePublished":"2015-09-02T12:56:24+00:00","dateModified":"2015-09-02T14:43:00+00:00","description":"Desporto, Cidade Europeia, Eventos Desportivos, Algarve, Portugal, Europa, Loulé, Conhecimento, Bem Estar, Saúde, Atividade Física, Voluntario,","breadcrumb":{"@id":"http:\/\/loule2015.com\/?page_id=2726#breadcrumb"},"inLanguage":"en-US","potentialAction":[{"@type":"ReadAction","target":["http:\/\/loule2015.com\/?page_id=2726"]}]},{"@type":"BreadcrumbList","@id":"http:\/\/loule2015.com\/?page_id=2726#breadcrumb","itemListElement":[{"@type":"ListItem","position":1,"name":"Home","item":"https:\/\/loule2015.com\/"},{"@type":"ListItem","position":2,"name":"BTT Ameixial 2015"}]},{"@type":"WebSite","@id":"https:\/\/loule2015.com\/#website","url":"https:\/\/loule2015.com\/","name":"Loulé 2015","description":"Cidade Europeia do Desporto","potentialAction":[{"@type":"SearchAction","target":{"@type":"EntryPoint","urlTemplate":"https:\/\/loule2015.com\/?s={search_term_string}"},"query-input":{"@type":"PropertyValueSpecification","valueRequired":true,"valueName":"search_term_string"}}],"inLanguage":"en-US"}]}</script>
<!-- / Yoast SEO plugin. -->

Cidade Europeia do Desporto Loulé

Desporto, Cidade Europeia, Eventos Desportivos, Algarve, Portugal, Europa, Loulé, Conhecimento, Bem Estar, Saúde, Atividade Física, Voluntario,

Loulé 2015

http://loule2015.com/wp-content/uploads/2015/03/Loulé_CED.png
