{"id":2497,"date":"2015-07-10T15:02:29","date_gmt":"2015-07-10T15:02:29","guid":{"rendered":"http:\/\/loule2015.com\/?page_id=2497"},"modified":"2015-08-17T15:20:29","modified_gmt":"2015-08-17T15:20:29","slug":"conversa-com-manuel-sergio","status":"publish","type":"page","link":"http:\/\/loule2015.com\/?page_id=2497","title":{"rendered":"&#8220;Conversa com&#8230; Manuel S\u00e9rgio&#8221;"},"content":{"rendered":"<div class=\"fcbkbttn_buttons_block\" id=\"fcbkbttn_left\"><div class=\"fcbkbttn_like fcbkbttn_large_button\"><fb:like href=\"http:\/\/loule2015.com\/?page_id=2497\" action=\"like\" colorscheme=\"light\" layout=\"button_count\"  size=\"large\"><\/fb:like><\/div><\/div>\n<p>&nbsp;<\/p>\n<p>A CED 2015 organiza \u201cConversa com\u2026 Manuel S\u00e9rgio\u201d. Trata-se de uma iniciativa informal, num ambiente descontra\u00eddo e divertido, onde a tem\u00e1tica abordada ser\u00e1: \u201cMotricidade Humana e Desporto\u201d.<\/p>\n<p>Manuel S\u00e9rgio nasceu em Lisboa, a 20 de abril de 1933. \u00c9 fil\u00f3sofo, professor, educador, ativista e pol\u00edtico.<\/p>\n<p>\u00c9 licenciado em Filosofia, pela Universidade Cl\u00e1ssica de Lisboa, e Doutor e Professor Agregado em Motricidade Humana, pela Universidade T\u00e9cnica de Lisboa. A sua tese de doutoramento, intitulada \u201cPara uma Epistemologia da Motricidade Humana\u201d, defende a exist\u00eancia da ci\u00eancia da Motricidade Humana, de que a Educa\u00e7\u00e3o F\u00edsica \u00e9 a pr\u00e9-ci\u00eancia.<\/p>\n<p>\u00c9 Provedor da \u00c9tica no Desporto. \u00c9 s\u00f3cio da Associa\u00e7\u00e3o Portuguesa de Escritores e autor e coautor de mais de 50 livros e de e centenas de artigos cient\u00edficos, publicados em revistas nacionais e estrangeiras.<\/p>\n<p>\u00c9 professor catedr\u00e1tico convidado aposentado da Faculdade de Motricidade Humana da Universidade T\u00e9cnica de Lisboa. Foi professor catedr\u00e1tico da Universidade Fernando Pessoa e do Instituto Superior da Maia, e ainda da Faculdade de Educa\u00e7\u00e3o de F\u00edsica da Universidade Estadual de Campinas.<\/p>\n<p>\u00c9 s\u00f3cio fundador da Sociedade Internacional de Motricidade Humana e da Sociedade Portuguesa de Motricidade Humana. Foi presidente da Assembleia Geral do Clube de Futebol \u201cOs Belenenses\u201d e vice-presidente da Dire\u00e7\u00e3o deste mesmo Clube. Foi tamb\u00e9m presidente da Assembleia Geral da Associa\u00e7\u00e3o de Basquetebol de Lisboa e presidente do Conselho Fiscal da Associa\u00e7\u00e3o de Andebol de Lisboa.<\/p>\n<p>Influenciou refer\u00eancias do desporto nacional como Jos\u00e9 Mourinho, Jorge Jesus ou Rui Vit\u00f3ria.<\/p>\n<p>Em 14 de fevereiro de 1990 foi condecorado pelo Governo brasileiro com a medalha de M\u00e9rito Desportivo e, em 13 de dezembro de 2012, pelas For\u00e7as Armadas Brasileiras tamb\u00e9m com a Medalha de M\u00e9rito Desportivo. Em ambos os casos as autoridades brasileiras destacaram o facto de a Ci\u00eancia da Motricidade Humana muito ter contribu\u00eddo para o desenvolvimento do desporto e do treino desportivo, no Brasil. Em 21 de junho de 2007 foi galardoado pelo Governo portugu\u00eas com a Honra ao M\u00e9rito Desportivo, durante uma sess\u00e3o solene presidida pelo Secret\u00e1rio de Estado da Juventude e do Desporto. Em 21 de junho de 2007, a Presidente da C\u00e2mara Municipal de Almada anunciou a atribui\u00e7\u00e3o a Manuel S\u00e9rgio da Medalha de Ouro desta cidade, que recebeu, em cerim\u00f3nia p\u00fablica, no dia 10 de julho do mesmo ano. No dia 14 de setembro de 2007, a Assembleia Legislativa de S\u00e3o Paulo, por proposta do deputado Sim\u00e3o Pedro, l\u00edder parlamentar do Partido dos Trabalhadores, homenageou Manuel S\u00e9rgio, pela cria\u00e7\u00e3o da Ci\u00eancia da Motricidade Humana.<\/p>\n<p><strong>Data:<\/strong><\/p>\n<p>24 de julho<\/p>\n<p><strong>\u00a0Local:<\/strong><\/p>\n<p>Pra\u00e7a do Mar em Quarteira<\/p>\n<p><strong>\u00a0Hora:<\/strong><\/p>\n<p>21h00<\/p>\n<p><strong>\u00a0Informa\u00e7\u00e3o Adicional: <\/strong><\/p>\n<p>Entrada livre e limitada \u00e0 lota\u00e7\u00e3o do local onde decorre a iniciativa.<\/p>\n<p>Paralelamente ir\u00e1 decorrer uma exposi\u00e7\u00e3o de livros da Editora Prime Books, a maior editora de l\u00edngua portuguesa de livros relacionados com o fen\u00f3meno desportivo.<\/p>\n<p style=\"text-align: center;\"><strong>Reportagem do evento<br \/>\n<\/strong><\/p>\n<p><iframe loading=\"lazy\" src=\"\/\/player.vimeo.com\/video\/135352895\" width=\"1020\" height=\"281\" frameborder=\"0\" allowfullscreen=\"allowfullscreen\"><\/iframe><\/p>\n","protected":false},"excerpt":{"rendered":"<p>&nbsp; A CED 2015 organiza \u201cConversa com\u2026 Manuel S\u00e9rgio\u201d. Trata-se de uma iniciativa informal, num ambiente descontra\u00eddo e divertido, onde a tem\u00e1tica abordada ser\u00e1: \u201cMotricidade Humana e Desporto\u201d. Manuel S\u00e9rgio nasceu em Lisboa, a 20 de abril de 1933. \u00c9 fil\u00f3sofo, professor, educador, ativista e pol\u00edtico. \u00c9 licenciado em Filosofia, pela Universidade Cl\u00e1ssica de Lisboa, [&hellip;]<\/p>\n","protected":false},"author":1,"featured_media":0,"parent":0,"menu_order":0,"comment_status":"open","ping_status":"open","template":"","meta":{"footnotes":""},"class_list":["post-2497","page","type-page","status-publish","hentry"],"yoast_head":"<!-- This site is optimized with the Yoast SEO plugin v27.5 - https:\/\/yoast.com\/product\/yoast-seo-wordpress\/ -->\n<title>Cidade Europeia do Desporto Loul\u00e9<\/title>\n<meta name=\"description\" content=\"Desporto, Cidade Europeia, Eventos Desportivos, Algarve, Portugal, Europa, Loul\u00e9, Conhecimento, Bem Estar, Sa\u00fade, Atividade F\u00edsica, Voluntario,\" \/>\n<meta name=\"robots\" content=\"index, follow, max-snippet:-1, max-image-preview:large, max-video-preview:-1\" \/>\n<link rel=\"canonical\" href=\"http:\/\/loule2015.com\/?page_id=2497\" \/>\n<meta property=\"og:locale\" content=\"en_US\" \/>\n<meta property=\"og:type\" content=\"article\" \/>\n<meta property=\"og:title\" content=\"Cidade Europeia do Desporto Loul\u00e9\" \/>\n<meta property=\"og:description\" content=\"Desporto, Cidade Europeia, Eventos Desportivos, Algarve, Portugal, Europa, Loul\u00e9, Conhecimento, Bem Estar, Sa\u00fade, Atividade F\u00edsica, Voluntario,\" \/>\n<meta property=\"og:url\" content=\"http:\/\/loule2015.com\/?page_id=2497\" \/>\n<meta property=\"og:site_name\" content=\"Loul\u00e9 2015\" \/>\n<meta property=\"article:publisher\" content=\"https:\/\/www.facebook.com\/louleced2015?ref=hl\" \/>\n<meta property=\"article:modified_time\" content=\"2015-08-17T15:20:29+00:00\" \/>\n<meta property=\"og:image\" content=\"http:\/\/loule2015.com\/wp-content\/uploads\/2015\/03\/Loul\u00e9_CED.png\" \/>\n\t<meta property=\"og:image:width\" content=\"400\" \/>\n\t<meta property=\"og:image:height\" content=\"400\" \/>\n\t<meta property=\"og:image:type\" content=\"image\/png\" \/>\n<meta name=\"twitter:card\" content=\"summary_large_image\" \/>\n<meta name=\"twitter:label1\" content=\"Est. reading time\" \/>\n\t<meta name=\"twitter:data1\" content=\"2 minutes\" \/>\n<script type=\"application\/ld+json\" class=\"yoast-schema-graph\">{\"@context\":\"https:\\\/\\\/schema.org\",\"@graph\":[{\"@type\":\"WebPage\",\"@id\":\"http:\\\/\\\/loule2015.com\\\/?page_id=2497\",\"url\":\"http:\\\/\\\/loule2015.com\\\/?page_id=2497\",\"name\":\"Cidade Europeia do Desporto Loul\u00e9\",\"isPartOf\":{\"@id\":\"https:\\\/\\\/loule2015.com\\\/#website\"},\"datePublished\":\"2015-07-10T15:02:29+00:00\",\"dateModified\":\"2015-08-17T15:20:29+00:00\",\"description\":\"Desporto, Cidade Europeia, Eventos Desportivos, Algarve, Portugal, Europa, Loul\u00e9, Conhecimento, Bem Estar, Sa\u00fade, Atividade F\u00edsica, Voluntario,\",\"breadcrumb\":{\"@id\":\"http:\\\/\\\/loule2015.com\\\/?page_id=2497#breadcrumb\"},\"inLanguage\":\"en-US\",\"potentialAction\":[{\"@type\":\"ReadAction\",\"target\":[\"http:\\\/\\\/loule2015.com\\\/?page_id=2497\"]}]},{\"@type\":\"BreadcrumbList\",\"@id\":\"http:\\\/\\\/loule2015.com\\\/?page_id=2497#breadcrumb\",\"itemListElement\":[{\"@type\":\"ListItem\",\"position\":1,\"name\":\"Home\",\"item\":\"https:\\\/\\\/loule2015.com\\\/\"},{\"@type\":\"ListItem\",\"position\":2,\"name\":\"&#8220;Conversa com&#8230; Manuel S\u00e9rgio&#8221;\"}]},{\"@type\":\"WebSite\",\"@id\":\"https:\\\/\\\/loule2015.com\\\/#website\",\"url\":\"https:\\\/\\\/loule2015.com\\\/\",\"name\":\"Loul\u00e9 2015\",\"description\":\"Cidade Europeia do Desporto\",\"potentialAction\":[{\"@type\":\"SearchAction\",\"target\":{\"@type\":\"EntryPoint\",\"urlTemplate\":\"https:\\\/\\\/loule2015.com\\\/?s={search_term_string}\"},\"query-input\":{\"@type\":\"PropertyValueSpecification\",\"valueRequired\":true,\"valueName\":\"search_term_string\"}}],\"inLanguage\":\"en-US\"}]}<\/script>\n<!-- \/ Yoast SEO plugin. -->","yoast_head_json":{"title":"Cidade Europeia do Desporto Loul\u00e9","description":"Desporto, Cidade Europeia, Eventos Desportivos, Algarve, Portugal, Europa, Loul\u00e9, Conhecimento, Bem Estar, Sa\u00fade, Atividade F\u00edsica, Voluntario,","robots":{"index":"index","follow":"follow","max-snippet":"max-snippet:-1","max-image-preview":"max-image-preview:large","max-video-preview":"max-video-preview:-1"},"canonical":"http:\/\/loule2015.com\/?page_id=2497","og_locale":"en_US","og_type":"article","og_title":"Cidade Europeia do Desporto Loul\u00e9","og_description":"Desporto, Cidade Europeia, Eventos Desportivos, Algarve, Portugal, Europa, Loul\u00e9, Conhecimento, Bem Estar, Sa\u00fade, Atividade F\u00edsica, Voluntario,","og_url":"http:\/\/loule2015.com\/?page_id=2497","og_site_name":"Loul\u00e9 2015","article_publisher":"https:\/\/www.facebook.com\/louleced2015?ref=hl","article_modified_time":"2015-08-17T15:20:29+00:00","og_image":[{"width":400,"height":400,"url":"http:\/\/loule2015.com\/wp-content\/uploads\/2015\/03\/Loul\u00e9_CED.png","type":"image\/png"}],"twitter_card":"summary_large_image","twitter_misc":{"Est. reading time":"2 minutes"},"schema":{"@context":"https:\/\/schema.org","@graph":[{"@type":"WebPage","@id":"http:\/\/loule2015.com\/?page_id=2497","url":"http:\/\/loule2015.com\/?page_id=2497","name":"Cidade Europeia do Desporto Loul\u00e9","isPartOf":{"@id":"https:\/\/loule2015.com\/#website"},"datePublished":"2015-07-10T15:02:29+00:00","dateModified":"2015-08-17T15:20:29+00:00","description":"Desporto, Cidade Europeia, Eventos Desportivos, Algarve, Portugal, Europa, Loul\u00e9, Conhecimento, Bem Estar, Sa\u00fade, Atividade F\u00edsica, Voluntario,","breadcrumb":{"@id":"http:\/\/loule2015.com\/?page_id=2497#breadcrumb"},"inLanguage":"en-US","potentialAction":[{"@type":"ReadAction","target":["http:\/\/loule2015.com\/?page_id=2497"]}]},{"@type":"BreadcrumbList","@id":"http:\/\/loule2015.com\/?page_id=2497#breadcrumb","itemListElement":[{"@type":"ListItem","position":1,"name":"Home","item":"https:\/\/loule2015.com\/"},{"@type":"ListItem","position":2,"name":"&#8220;Conversa com&#8230; Manuel S\u00e9rgio&#8221;"}]},{"@type":"WebSite","@id":"https:\/\/loule2015.com\/#website","url":"https:\/\/loule2015.com\/","name":"Loul\u00e9 2015","description":"Cidade Europeia do Desporto","potentialAction":[{"@type":"SearchAction","target":{"@type":"EntryPoint","urlTemplate":"https:\/\/loule2015.com\/?s={search_term_string}"},"query-input":{"@type":"PropertyValueSpecification","valueRequired":true,"valueName":"search_term_string"}}],"inLanguage":"en-US"}]}},"_links":{"self":[{"href":"http:\/\/loule2015.com\/index.php?rest_route=\/wp\/v2\/pages\/2497","targetHints":{"allow":["GET"]}}],"collection":[{"href":"http:\/\/loule2015.com\/index.php?rest_route=\/wp\/v2\/pages"}],"about":[{"href":"http:\/\/loule2015.com\/index.php?rest_route=\/wp\/v2\/types\/page"}],"author":[{"embeddable":true,"href":"http:\/\/loule2015.com\/index.php?rest_route=\/wp\/v2\/users\/1"}],"replies":[{"embeddable":true,"href":"http:\/\/loule2015.com\/index.php?rest_route=%2Fwp%2Fv2%2Fcomments&post=2497"}],"version-history":[{"count":10,"href":"http:\/\/loule2015.com\/index.php?rest_route=\/wp\/v2\/pages\/2497\/revisions"}],"predecessor-version":[{"id":2667,"href":"http:\/\/loule2015.com\/index.php?rest_route=\/wp\/v2\/pages\/2497\/revisions\/2667"}],"wp:attachment":[{"href":"http:\/\/loule2015.com\/index.php?rest_route=%2Fwp%2Fv2%2Fmedia&parent=2497"}],"curies":[{"name":"wp","href":"https:\/\/api.w.org\/{rel}","templated":true}]}}

&#8220;Conversa com&#8230; Manuel Sérgio&#8221;

<div class="fcbkbttn_buttons_block" id="fcbkbttn_left"><div class="fcbkbttn_like fcbkbttn_large_button"><fb:like href="http://loule2015.com/?page_id=2497" action="like" colorscheme="light" layout="button_count"  size="large"></fb:like></div></div>
<p>&nbsp;</p>
<p>A CED 2015 organiza “Conversa com… Manuel Sérgio”. Trata-se de uma iniciativa informal, num ambiente descontraído e divertido, onde a temática abordada será: “Motricidade Humana e Desporto”.</p>
<p>Manuel Sérgio nasceu em Lisboa, a 20 de abril de 1933. É filósofo, professor, educador, ativista e político.</p>
<p>É licenciado em Filosofia, pela Universidade Clássica de Lisboa, e Doutor e Professor Agregado em Motricidade Humana, pela Universidade Técnica de Lisboa. A sua tese de doutoramento, intitulada “Para uma Epistemologia da Motricidade Humana”, defende a existência da ciência da Motricidade Humana, de que a Educação Física é a pré-ciência.</p>
<p>É Provedor da Ética no Desporto. É sócio da Associação Portuguesa de Escritores e autor e coautor de mais de 50 livros e de e centenas de artigos científicos, publicados em revistas nacionais e estrangeiras.</p>
<p>É professor catedrático convidado aposentado da Faculdade de Motricidade Humana da Universidade Técnica de Lisboa. Foi professor catedrático da Universidade Fernando Pessoa e do Instituto Superior da Maia, e ainda da Faculdade de Educação de Física da Universidade Estadual de Campinas.</p>
<p>É sócio fundador da Sociedade Internacional de Motricidade Humana e da Sociedade Portuguesa de Motricidade Humana. Foi presidente da Assembleia Geral do Clube de Futebol “Os Belenenses” e vice-presidente da Direção deste mesmo Clube. Foi também presidente da Assembleia Geral da Associação de Basquetebol de Lisboa e presidente do Conselho Fiscal da Associação de Andebol de Lisboa.</p>
<p>Influenciou referências do desporto nacional como José Mourinho, Jorge Jesus ou Rui Vitória.</p>
<p>Em 14 de fevereiro de 1990 foi condecorado pelo Governo brasileiro com a medalha de Mérito Desportivo e, em 13 de dezembro de 2012, pelas Forças Armadas Brasileiras também com a Medalha de Mérito Desportivo. Em ambos os casos as autoridades brasileiras destacaram o facto de a Ciência da Motricidade Humana muito ter contribuído para o desenvolvimento do desporto e do treino desportivo, no Brasil. Em 21 de junho de 2007 foi galardoado pelo Governo português com a Honra ao Mérito Desportivo, durante uma sessão solene presidida pelo Secretário de Estado da Juventude e do Desporto. Em 21 de junho de 2007, a Presidente da Câmara Municipal de Almada anunciou a atribuição a Manuel Sérgio da Medalha de Ouro desta cidade, que recebeu, em cerimónia pública, no dia 10 de julho do mesmo ano. No dia 14 de setembro de 2007, a Assembleia Legislativa de São Paulo, por proposta do deputado Simão Pedro, líder parlamentar do Partido dos Trabalhadores, homenageou Manuel Sérgio, pela criação da Ciência da Motricidade Humana.</p>
<p><strong>Data:</strong></p>
<p>24 de julho</p>
<p><strong> Local:</strong></p>
<p>Praça do Mar em Quarteira</p>
<p><strong> Hora:</strong></p>
<p>21h00</p>
<p><strong> Informação Adicional: </strong></p>
<p>Entrada livre e limitada à lotação do local onde decorre a iniciativa.</p>
<p>Paralelamente irá decorrer uma exposição de livros da Editora Prime Books, a maior editora de língua portuguesa de livros relacionados com o fenómeno desportivo.</p>
<p style="text-align: center;"><strong>Reportagem do evento<br />
</strong></p>
<p><iframe loading="lazy" src="//player.vimeo.com/video/135352895" width="1020" height="281" frameborder="0" allowfullscreen="allowfullscreen"></iframe></p>

<p>&nbsp; A CED 2015 organiza “Conversa com… Manuel Sérgio”. Trata-se de uma iniciativa informal, num ambiente descontraído e divertido, onde a temática abordada será: “Motricidade Humana e Desporto”. Manuel Sérgio nasceu em Lisboa, a 20 de abril de 1933. É filósofo, professor, educador, ativista e político. É licenciado em Filosofia, pela Universidade Clássica de Lisboa, [&hellip;]</p>

<!-- This site is optimized with the Yoast SEO plugin v27.5 - https://yoast.com/product/yoast-seo-wordpress/ -->
<title>Cidade Europeia do Desporto Loulé</title>
<meta name="description" content="Desporto, Cidade Europeia, Eventos Desportivos, Algarve, Portugal, Europa, Loulé, Conhecimento, Bem Estar, Saúde, Atividade Física, Voluntario," />
<meta name="robots" content="index, follow, max-snippet:-1, max-image-preview:large, max-video-preview:-1" />
<link rel="canonical" href="http://loule2015.com/?page_id=2497" />
<meta property="og:locale" content="en_US" />
<meta property="og:type" content="article" />
<meta property="og:title" content="Cidade Europeia do Desporto Loulé" />
<meta property="og:description" content="Desporto, Cidade Europeia, Eventos Desportivos, Algarve, Portugal, Europa, Loulé, Conhecimento, Bem Estar, Saúde, Atividade Física, Voluntario," />
<meta property="og:url" content="http://loule2015.com/?page_id=2497" />
<meta property="og:site_name" content="Loulé 2015" />
<meta property="article:publisher" content="https://www.facebook.com/louleced2015?ref=hl" />
<meta property="article:modified_time" content="2015-08-17T15:20:29+00:00" />
<meta property="og:image" content="http://loule2015.com/wp-content/uploads/2015/03/Loulé_CED.png" />
	<meta property="og:image:width" content="400" />
	<meta property="og:image:height" content="400" />
	<meta property="og:image:type" content="image/png" />
<meta name="twitter:card" content="summary_large_image" />
<meta name="twitter:label1" content="Est. reading time" />
	<meta name="twitter:data1" content="2 minutes" />
<script type="application/ld+json" class="yoast-schema-graph">{"@context":"https:\/\/schema.org","@graph":[{"@type":"WebPage","@id":"http:\/\/loule2015.com\/?page_id=2497","url":"http:\/\/loule2015.com\/?page_id=2497","name":"Cidade Europeia do Desporto Loulé","isPartOf":{"@id":"https:\/\/loule2015.com\/#website"},"datePublished":"2015-07-10T15:02:29+00:00","dateModified":"2015-08-17T15:20:29+00:00","description":"Desporto, Cidade Europeia, Eventos Desportivos, Algarve, Portugal, Europa, Loulé, Conhecimento, Bem Estar, Saúde, Atividade Física, Voluntario,","breadcrumb":{"@id":"http:\/\/loule2015.com\/?page_id=2497#breadcrumb"},"inLanguage":"en-US","potentialAction":[{"@type":"ReadAction","target":["http:\/\/loule2015.com\/?page_id=2497"]}]},{"@type":"BreadcrumbList","@id":"http:\/\/loule2015.com\/?page_id=2497#breadcrumb","itemListElement":[{"@type":"ListItem","position":1,"name":"Home","item":"https:\/\/loule2015.com\/"},{"@type":"ListItem","position":2,"name":"&#8220;Conversa com&#8230; Manuel Sérgio&#8221;"}]},{"@type":"WebSite","@id":"https:\/\/loule2015.com\/#website","url":"https:\/\/loule2015.com\/","name":"Loulé 2015","description":"Cidade Europeia do Desporto","potentialAction":[{"@type":"SearchAction","target":{"@type":"EntryPoint","urlTemplate":"https:\/\/loule2015.com\/?s={search_term_string}"},"query-input":{"@type":"PropertyValueSpecification","valueRequired":true,"valueName":"search_term_string"}}],"inLanguage":"en-US"}]}</script>
<!-- / Yoast SEO plugin. -->

Cidade Europeia do Desporto Loulé

Desporto, Cidade Europeia, Eventos Desportivos, Algarve, Portugal, Europa, Loulé, Conhecimento, Bem Estar, Saúde, Atividade Física, Voluntario,

Loulé 2015

http://loule2015.com/wp-content/uploads/2015/03/Loulé_CED.png
