{"id":1817,"date":"2015-04-28T14:01:18","date_gmt":"2015-04-28T14:01:18","guid":{"rendered":"http:\/\/loule2015.com\/?page_id=1817"},"modified":"2016-01-11T15:00:36","modified_gmt":"2016-01-11T15:00:36","slug":"marcha-corrida-70-anos-casa-da-primeira-infancia","status":"publish","type":"page","link":"http:\/\/loule2015.com\/?page_id=1817","title":{"rendered":"Marcha Corrida 70 Anos Casa da primeira Inf\u00e2ncia"},"content":{"rendered":"<p style=\"text-align: justify;\"><img loading=\"lazy\" decoding=\"async\" class=\"aligncenter wp-image-1826 size-large\" src=\"http:\/\/loule2015.com\/wp-content\/uploads\/2015\/04\/cartaz_marcha_casa_1a_infancia-1024x1456.png\" alt=\"cartaz_marcha_casa_1a_infancia\" width=\"640\" height=\"910\" srcset=\"http:\/\/loule2015.com\/wp-content\/uploads\/2015\/04\/cartaz_marcha_casa_1a_infancia-1024x1456.png 1024w, http:\/\/loule2015.com\/wp-content\/uploads\/2015\/04\/cartaz_marcha_casa_1a_infancia-800x1137.png 800w\" sizes=\"auto, (max-width: 640px) 100vw, 640px\" \/><\/p>\n<p style=\"text-align: justify;\"><div class=\"gtranslate_wrapper\" id=\"gt-wrapper-72992186\"><\/div><\/p>\n<h4 style=\"text-align: left;\"><div class=\"fcbkbttn_buttons_block\" id=\"fcbkbttn_left\"><div class=\"fcbkbttn_like fcbkbttn_large_button\"><fb:like href=\"http:\/\/loule2015.com\/?page_id=1817\" action=\"like\" colorscheme=\"light\" layout=\"button_count\"  size=\"large\"><\/fb:like><\/div><\/div><\/h4>\n<p><span style=\"color: #ffffff;\">_<\/span><\/p>\n<p style=\"text-align: justify;\">No dia 8 de Maio de 2015, pelas 20h00, realiza-se a Marcha\/Corrida \u201cEducar para a Paz\u201d, com partida e chegada na Casa da Primeira Inf\u00e2ncia.<br \/>\nEsta iniciativa insere-se nas comemora\u00e7\u00f5es dos 70 anos da Casa da Primeira Inf\u00e2ncia com o mote \u201c70 Anos a Educar para a Paz\u201d, refor\u00e7ando a import\u00e2ncia da paz nos lares, nas escolas, na sociedade em geral como base essencial da democracia e do progresso dos povos.<br \/>\nPretende-se que, nela participe o maior numero de cidad\u00e3os, associa\u00e7\u00f5es desportivas, recreativas e\/ou culturais, religiosas, agrupamentos escolares e todos os que queiram aderir.<br \/>\nNesta iniciativa ser\u00e3o lan\u00e7ados bal\u00f5es brancos como forma de lembrar o fim da 2\u00aa Guerra Mundial na Europa e comemorar a Paz.<br \/>\nAs inscri\u00e7\u00f5es devem ser enviadas para o email cpiloule.secretaria@gmail.com , com os seguintes dados: nome; data de nascimento e n.\u00ba do B.I. \/ CC (a mesma carece de confirma\u00e7\u00e3o no pr\u00f3prio dia, para efeitos de seguro).<\/p>\n<p style=\"text-align: justify;\">\n","protected":false},"excerpt":{"rendered":"<p>_ No dia 8 de Maio de 2015, pelas 20h00, realiza-se a Marcha\/Corrida \u201cEducar para a Paz\u201d, com partida e chegada na Casa da Primeira Inf\u00e2ncia. Esta iniciativa insere-se nas comemora\u00e7\u00f5es dos 70 anos da Casa da Primeira Inf\u00e2ncia com o mote \u201c70 Anos a Educar para a Paz\u201d, refor\u00e7ando a import\u00e2ncia da paz nos [&hellip;]<\/p>\n","protected":false},"author":1,"featured_media":0,"parent":0,"menu_order":0,"comment_status":"open","ping_status":"open","template":"","meta":{"footnotes":""},"class_list":["post-1817","page","type-page","status-publish","hentry"],"yoast_head":"<!-- This site is optimized with the Yoast SEO plugin v26.2 - https:\/\/yoast.com\/wordpress\/plugins\/seo\/ -->\n<title>Cidade Europeia do Desporto Loul\u00e9<\/title>\n<meta name=\"description\" content=\"Desporto, Cidade Europeia, Eventos Desportivos, Algarve, Portugal, Europa, Loul\u00e9, Conhecimento, Bem Estar, Sa\u00fade, Atividade F\u00edsica, Voluntario,\" \/>\n<meta name=\"robots\" content=\"index, follow, max-snippet:-1, max-image-preview:large, max-video-preview:-1\" \/>\n<link rel=\"canonical\" href=\"http:\/\/loule2015.com\/?page_id=1817\" \/>\n<meta property=\"og:locale\" content=\"en_US\" \/>\n<meta property=\"og:type\" content=\"article\" \/>\n<meta property=\"og:title\" content=\"Cidade Europeia do Desporto Loul\u00e9\" \/>\n<meta property=\"og:description\" content=\"Desporto, Cidade Europeia, Eventos Desportivos, Algarve, Portugal, Europa, Loul\u00e9, Conhecimento, Bem Estar, Sa\u00fade, Atividade F\u00edsica, Voluntario,\" \/>\n<meta property=\"og:url\" content=\"http:\/\/loule2015.com\/?page_id=1817\" \/>\n<meta property=\"og:site_name\" content=\"Loul\u00e9 2015\" \/>\n<meta property=\"article:publisher\" content=\"https:\/\/www.facebook.com\/louleced2015?ref=hl\" \/>\n<meta property=\"article:modified_time\" content=\"2016-01-11T15:00:36+00:00\" \/>\n<meta property=\"og:image\" content=\"http:\/\/loule2015.com\/wp-content\/uploads\/2015\/04\/cartaz_marcha_casa_1a_infancia-1024x1456.png\" \/>\n<meta name=\"twitter:card\" content=\"summary_large_image\" \/>\n<meta name=\"twitter:label1\" content=\"Est. reading time\" \/>\n\t<meta name=\"twitter:data1\" content=\"1 minute\" \/>\n<script type=\"application\/ld+json\" class=\"yoast-schema-graph\">{\"@context\":\"https:\/\/schema.org\",\"@graph\":[{\"@type\":\"WebPage\",\"@id\":\"http:\/\/loule2015.com\/?page_id=1817\",\"url\":\"http:\/\/loule2015.com\/?page_id=1817\",\"name\":\"Cidade Europeia do Desporto Loul\u00e9\",\"isPartOf\":{\"@id\":\"http:\/\/loule2015.com\/#website\"},\"primaryImageOfPage\":{\"@id\":\"http:\/\/loule2015.com\/?page_id=1817#primaryimage\"},\"image\":{\"@id\":\"http:\/\/loule2015.com\/?page_id=1817#primaryimage\"},\"thumbnailUrl\":\"http:\/\/loule2015.com\/wp-content\/uploads\/2015\/04\/cartaz_marcha_casa_1a_infancia-1024x1456.png\",\"datePublished\":\"2015-04-28T14:01:18+00:00\",\"dateModified\":\"2016-01-11T15:00:36+00:00\",\"description\":\"Desporto, Cidade Europeia, Eventos Desportivos, Algarve, Portugal, Europa, Loul\u00e9, Conhecimento, Bem Estar, Sa\u00fade, Atividade F\u00edsica, Voluntario,\",\"breadcrumb\":{\"@id\":\"http:\/\/loule2015.com\/?page_id=1817#breadcrumb\"},\"inLanguage\":\"en-US\",\"potentialAction\":[{\"@type\":\"ReadAction\",\"target\":[\"http:\/\/loule2015.com\/?page_id=1817\"]}]},{\"@type\":\"ImageObject\",\"inLanguage\":\"en-US\",\"@id\":\"http:\/\/loule2015.com\/?page_id=1817#primaryimage\",\"url\":\"http:\/\/loule2015.com\/wp-content\/uploads\/2015\/04\/cartaz_marcha_casa_1a_infancia.png\",\"contentUrl\":\"http:\/\/loule2015.com\/wp-content\/uploads\/2015\/04\/cartaz_marcha_casa_1a_infancia.png\",\"width\":3438,\"height\":4890},{\"@type\":\"BreadcrumbList\",\"@id\":\"http:\/\/loule2015.com\/?page_id=1817#breadcrumb\",\"itemListElement\":[{\"@type\":\"ListItem\",\"position\":1,\"name\":\"Home\",\"item\":\"http:\/\/loule2015.com\/\"},{\"@type\":\"ListItem\",\"position\":2,\"name\":\"Marcha Corrida 70 Anos Casa da primeira Inf\u00e2ncia\"}]},{\"@type\":\"WebSite\",\"@id\":\"http:\/\/loule2015.com\/#website\",\"url\":\"http:\/\/loule2015.com\/\",\"name\":\"Loul\u00e9 2015\",\"description\":\"Cidade Europeia do Desporto\",\"potentialAction\":[{\"@type\":\"SearchAction\",\"target\":{\"@type\":\"EntryPoint\",\"urlTemplate\":\"http:\/\/loule2015.com\/?s={search_term_string}\"},\"query-input\":{\"@type\":\"PropertyValueSpecification\",\"valueRequired\":true,\"valueName\":\"search_term_string\"}}],\"inLanguage\":\"en-US\"}]}<\/script>\n<!-- \/ Yoast SEO plugin. -->","yoast_head_json":{"title":"Cidade Europeia do Desporto Loul\u00e9","description":"Desporto, Cidade Europeia, Eventos Desportivos, Algarve, Portugal, Europa, Loul\u00e9, Conhecimento, Bem Estar, Sa\u00fade, Atividade F\u00edsica, Voluntario,","robots":{"index":"index","follow":"follow","max-snippet":"max-snippet:-1","max-image-preview":"max-image-preview:large","max-video-preview":"max-video-preview:-1"},"canonical":"http:\/\/loule2015.com\/?page_id=1817","og_locale":"en_US","og_type":"article","og_title":"Cidade Europeia do Desporto Loul\u00e9","og_description":"Desporto, Cidade Europeia, Eventos Desportivos, Algarve, Portugal, Europa, Loul\u00e9, Conhecimento, Bem Estar, Sa\u00fade, Atividade F\u00edsica, Voluntario,","og_url":"http:\/\/loule2015.com\/?page_id=1817","og_site_name":"Loul\u00e9 2015","article_publisher":"https:\/\/www.facebook.com\/louleced2015?ref=hl","article_modified_time":"2016-01-11T15:00:36+00:00","og_image":[{"url":"http:\/\/loule2015.com\/wp-content\/uploads\/2015\/04\/cartaz_marcha_casa_1a_infancia-1024x1456.png","type":"","width":"","height":""}],"twitter_card":"summary_large_image","twitter_misc":{"Est. reading time":"1 minute"},"schema":{"@context":"https:\/\/schema.org","@graph":[{"@type":"WebPage","@id":"http:\/\/loule2015.com\/?page_id=1817","url":"http:\/\/loule2015.com\/?page_id=1817","name":"Cidade Europeia do Desporto Loul\u00e9","isPartOf":{"@id":"http:\/\/loule2015.com\/#website"},"primaryImageOfPage":{"@id":"http:\/\/loule2015.com\/?page_id=1817#primaryimage"},"image":{"@id":"http:\/\/loule2015.com\/?page_id=1817#primaryimage"},"thumbnailUrl":"http:\/\/loule2015.com\/wp-content\/uploads\/2015\/04\/cartaz_marcha_casa_1a_infancia-1024x1456.png","datePublished":"2015-04-28T14:01:18+00:00","dateModified":"2016-01-11T15:00:36+00:00","description":"Desporto, Cidade Europeia, Eventos Desportivos, Algarve, Portugal, Europa, Loul\u00e9, Conhecimento, Bem Estar, Sa\u00fade, Atividade F\u00edsica, Voluntario,","breadcrumb":{"@id":"http:\/\/loule2015.com\/?page_id=1817#breadcrumb"},"inLanguage":"en-US","potentialAction":[{"@type":"ReadAction","target":["http:\/\/loule2015.com\/?page_id=1817"]}]},{"@type":"ImageObject","inLanguage":"en-US","@id":"http:\/\/loule2015.com\/?page_id=1817#primaryimage","url":"http:\/\/loule2015.com\/wp-content\/uploads\/2015\/04\/cartaz_marcha_casa_1a_infancia.png","contentUrl":"http:\/\/loule2015.com\/wp-content\/uploads\/2015\/04\/cartaz_marcha_casa_1a_infancia.png","width":3438,"height":4890},{"@type":"BreadcrumbList","@id":"http:\/\/loule2015.com\/?page_id=1817#breadcrumb","itemListElement":[{"@type":"ListItem","position":1,"name":"Home","item":"http:\/\/loule2015.com\/"},{"@type":"ListItem","position":2,"name":"Marcha Corrida 70 Anos Casa da primeira Inf\u00e2ncia"}]},{"@type":"WebSite","@id":"http:\/\/loule2015.com\/#website","url":"http:\/\/loule2015.com\/","name":"Loul\u00e9 2015","description":"Cidade Europeia do Desporto","potentialAction":[{"@type":"SearchAction","target":{"@type":"EntryPoint","urlTemplate":"http:\/\/loule2015.com\/?s={search_term_string}"},"query-input":{"@type":"PropertyValueSpecification","valueRequired":true,"valueName":"search_term_string"}}],"inLanguage":"en-US"}]}},"_links":{"self":[{"href":"http:\/\/loule2015.com\/index.php?rest_route=\/wp\/v2\/pages\/1817","targetHints":{"allow":["GET"]}}],"collection":[{"href":"http:\/\/loule2015.com\/index.php?rest_route=\/wp\/v2\/pages"}],"about":[{"href":"http:\/\/loule2015.com\/index.php?rest_route=\/wp\/v2\/types\/page"}],"author":[{"embeddable":true,"href":"http:\/\/loule2015.com\/index.php?rest_route=\/wp\/v2\/users\/1"}],"replies":[{"embeddable":true,"href":"http:\/\/loule2015.com\/index.php?rest_route=%2Fwp%2Fv2%2Fcomments&post=1817"}],"version-history":[{"count":14,"href":"http:\/\/loule2015.com\/index.php?rest_route=\/wp\/v2\/pages\/1817\/revisions"}],"predecessor-version":[{"id":3244,"href":"http:\/\/loule2015.com\/index.php?rest_route=\/wp\/v2\/pages\/1817\/revisions\/3244"}],"wp:attachment":[{"href":"http:\/\/loule2015.com\/index.php?rest_route=%2Fwp%2Fv2%2Fmedia&parent=1817"}],"curies":[{"name":"wp","href":"https:\/\/api.w.org\/{rel}","templated":true}]}}