{"id":1528,"date":"2015-04-07T13:50:10","date_gmt":"2015-04-07T13:50:10","guid":{"rendered":"http:\/\/loule2015.com\/?page_id=1528"},"modified":"2016-01-11T14:43:47","modified_gmt":"2016-01-11T14:43:47","slug":"taca-de-portugal-bmx-3a-e-4a-etapa","status":"publish","type":"page","link":"http:\/\/loule2015.com\/?page_id=1528","title":{"rendered":"Ta\u00e7a de Portugal BMX &#8211; 3\u00aa e 4\u00aa etapa"},"content":{"rendered":"<p style=\"text-align: justify;\"><div class=\"gtranslate_wrapper\" id=\"gt-wrapper-36158827\"><\/div><\/p>\n<h4 style=\"text-align: left;\"><div class=\"fcbkbttn_buttons_block\" id=\"fcbkbttn_left\"><div class=\"fcbkbttn_like fcbkbttn_large_button\"><fb:like href=\"http:\/\/loule2015.com\/?page_id=1528\" action=\"like\" colorscheme=\"light\" layout=\"button_count\"  size=\"large\"><\/fb:like><\/div><\/div><\/h4>\n<p><span style=\"color: #ffffff;\">_<\/span><\/p>\n<p style=\"text-align: justify;\">Vai decorrer nos pr\u00f3ximos dias 11 e 12 de Abril na Pista de BMX de Quarteira &#8211; Loul\u00e9, a 3\u00aa e 4\u00aa etapa da Ta\u00e7a de Portugal BMX. Evento este, organizado pelo clube Asas da Cidade \u2013 BMX Team em parceria com a Federa\u00e7\u00e3o Portuguesa de Ciclismo, a Junta de Freguesia de Quarteira e a C\u00e2mara Municipal de Loul\u00e9, no \u00e2mbito Cidade Europeia do desporto 2015.<br \/>\nN\u00f3s convidamos assim a estarem presentes neste magnifico evento.<\/p>\n<p style=\"text-align: justify;\"><strong>Programa:<\/strong><br \/>\n<span style=\"text-decoration: underline;\">S\u00e1bado &#8211; 11 de Abril<\/span><br \/>\n15h30 &#8211; Bloco 4 1\u00aa Manga<br \/>\n15h50 &#8211; Bloco 4 2\u00aa Manga<br \/>\n16h10 &#8211; Bloco 4 3\u00aa Manga<br \/>\n16h30 &#8211; &#8220;Motos&#8221; Blocos 1, 2 e 3<br \/>\nEliminat\u00f3rias e finais Blocos 1, 2 e 3<\/p>\n<p style=\"text-align: justify;\"><span style=\"text-decoration: underline;\">Domingo &#8211; 12 de Abril<\/span><br \/>\n09h30 &#8211; Bloco 4 1\u00aa Manga<br \/>\n09h55 &#8211; Bloco 4 2\u00aa Manga<br \/>\n10h20 &#8211; Bloco 4 3\u00aa Manga<br \/>\n11h15 &#8211; &#8220;Motos&#8221; Blocos 1, 2 e 3<br \/>\nEliminat\u00f3rias e finais Blocos 1, 2 e 3<br \/>\n13h15 &#8211; Cerim\u00f3nia Protocolar<\/p>\n<p style=\"text-align: center;\"><strong>-Not\u00edcia\u00a0&#8211;<\/strong><\/p>\n<p style=\"text-align: justify;\">O clube Asas da Cidade \u2013 BMX Team, em parceria com a Federa\u00e7\u00e3o Portuguesa de Ciclismo, a Junta de Freguesia de Quarteira e a C\u00e2mara Municipal de Loul\u00e9, realizaram este fim-de-semana, dias 11 e 12 de abril, as 3.\u00aa e 4.\u00aa etapas da Ta\u00e7a de Portugal BMX, na pista de Quarteira.<\/p>\n<p style=\"text-align: justify;\">Mais uma vez o Team BMX Asas da Cidade, do Moto Clube de Quarteira, participou em for\u00e7a, conquistando in\u00fameras vit\u00f3rias e outros lugares de p\u00f3dio, vencendo igualmente por equipas nas duas etapas, liderando a tabela classificativa.<\/p>\n<p style=\"text-align: justify;\">O espanhol Alejandro Kim (Club Olimpico) foi o grande vencedor das terceira e quarta etapas da Ta\u00e7a de Portugal de BMX Race, em Elites, assumindo a lideran\u00e7a da geral do trof\u00e9u de regularidade.<\/p>\n<p style=\"text-align: justify;\">Nas restantes categorias, o equil\u00edbrio foi maior. Entre os seniores, o espanhol Luis Rufaco (Union WCC) ganhou uma das provas e o quarteirense F\u00e1bio Ferreira (Team BMX Asas da Cidade) imp\u00f4s-se na outra, o que permitiu ao algarvio sair desta jornada dupla na dianteira da Ta\u00e7a.<\/p>\n<p style=\"text-align: justify;\">Carolina Martins (Team BMX Asas da Cidade) ganhou as duas provas deste fim-de-semana mas o comando da classifica\u00e7\u00e3o geral pertence \u00e0 sua colega de equipa, V\u00e2nia Mota. Bruno Berto (Escola de BMX do Forninho\/Monte Maneta) saiu desta jornada dupla na dianteira da Ta\u00e7a de Portugal.<\/p>\n<p style=\"text-align: justify;\">Logo que a Federa\u00e7\u00e3o Portuguesa de Ciclismo disponibilizar as classifica\u00e7\u00f5es, aqui as deixaremos.<\/p>\n<p style=\"text-align: justify;\">Destaque para a presen\u00e7a do presidente da C\u00e2mara Municipal de Loul\u00e9, V\u00edtor Aleixo, do seu adjunto Ab\u00edlio Sousa e do presidente da Junta de Freguesia de Quarteira, Telmo Pinto, os quais, em virtude do atraso que a prova deste domingo sofreu, viram-se obrigados a n\u00e3o poderem participar na cerim\u00f3nia de entrega de pr\u00e9mios devido a outros compromissos. A entrega de pr\u00e9mios contou com a participa\u00e7\u00e3o de Hugo Nunes, vice-presidente da C\u00e2mara Municipal de Loul\u00e9, Carlos Carmo, adjunto do presidente da c\u00e2mara, S\u00f3nia Neves, do executivo da junta de freguesia e de Jos\u00e9 Manuel Brito, presidente do Moto Clube de Quarteira.<\/p>\n<p style=\"text-align: justify;\">A Ta\u00e7a de Portugal de BMX \u00e9 um trof\u00e9u oficial da Federa\u00e7\u00e3o Portuguesa de Ciclismo, aberto a atletas federados de competi\u00e7\u00e3o, portadores de uma licen\u00e7a UCI.<\/p>\n<p style=\"text-align: center;\"><strong>-Resumo Fotogr\u00e1fico &#8211;<\/strong><\/p>\n\n\t\t<style type=\"text\/css\">\n\t\t\t#gallery-1 {\n\t\t\t\tmargin: auto;\n\t\t\t}\n\t\t\t#gallery-1 .gallery-item {\n\t\t\t\tfloat: left;\n\t\t\t\tmargin-top: 10px;\n\t\t\t\ttext-align: center;\n\t\t\t\twidth: 33%;\n\t\t\t}\n\t\t\t#gallery-1 img {\n\t\t\t\tborder: 2px solid #cfcfcf;\n\t\t\t}\n\t\t\t#gallery-1 .gallery-caption {\n\t\t\t\tmargin-left: 0;\n\t\t\t}\n\t\t\t\/* see gallery_shortcode() in wp-includes\/media.php *\/\n\t\t<\/style>\n\t\t<div id='gallery-1' class='gallery galleryid-1528 gallery-columns-3 gallery-size-thumbnail'><dl class='gallery-item'>\n\t\t\t<dt class='gallery-icon landscape'>\n\t\t\t\t<a href='http:\/\/loule2015.com\/?attachment_id=1591#main'><img loading=\"lazy\" decoding=\"async\" width=\"480\" height=\"321\" src=\"http:\/\/loule2015.com\/wp-content\/uploads\/2015\/04\/DSC_7221-480x321.jpg\" class=\"attachment-thumbnail size-thumbnail\" alt=\"\" srcset=\"http:\/\/loule2015.com\/wp-content\/uploads\/2015\/04\/DSC_7221-480x321.jpg 480w, http:\/\/loule2015.com\/wp-content\/uploads\/2015\/04\/DSC_7221.jpg 800w\" sizes=\"auto, (max-width: 480px) 100vw, 480px\" \/><\/a>\n\t\t\t<\/dt><\/dl><dl class='gallery-item'>\n\t\t\t<dt class='gallery-icon landscape'>\n\t\t\t\t<a href='http:\/\/loule2015.com\/?attachment_id=1592#main'><img loading=\"lazy\" decoding=\"async\" width=\"480\" height=\"321\" src=\"http:\/\/loule2015.com\/wp-content\/uploads\/2015\/04\/DSC_7224-480x321.jpg\" class=\"attachment-thumbnail size-thumbnail\" alt=\"\" srcset=\"http:\/\/loule2015.com\/wp-content\/uploads\/2015\/04\/DSC_7224-480x321.jpg 480w, http:\/\/loule2015.com\/wp-content\/uploads\/2015\/04\/DSC_7224.jpg 800w\" sizes=\"auto, (max-width: 480px) 100vw, 480px\" \/><\/a>\n\t\t\t<\/dt><\/dl><dl class='gallery-item'>\n\t\t\t<dt class='gallery-icon landscape'>\n\t\t\t\t<a href='http:\/\/loule2015.com\/?attachment_id=1593#main'><img loading=\"lazy\" decoding=\"async\" width=\"480\" height=\"321\" src=\"http:\/\/loule2015.com\/wp-content\/uploads\/2015\/04\/DSC_7235-480x321.jpg\" class=\"attachment-thumbnail size-thumbnail\" alt=\"\" srcset=\"http:\/\/loule2015.com\/wp-content\/uploads\/2015\/04\/DSC_7235-480x321.jpg 480w, http:\/\/loule2015.com\/wp-content\/uploads\/2015\/04\/DSC_7235.jpg 800w\" sizes=\"auto, (max-width: 480px) 100vw, 480px\" \/><\/a>\n\t\t\t<\/dt><\/dl><br style=\"clear: both\" \/><dl class='gallery-item'>\n\t\t\t<dt class='gallery-icon landscape'>\n\t\t\t\t<a href='http:\/\/loule2015.com\/?attachment_id=1594#main'><img loading=\"lazy\" decoding=\"async\" width=\"480\" height=\"321\" src=\"http:\/\/loule2015.com\/wp-content\/uploads\/2015\/04\/DSC_7239-480x321.jpg\" class=\"attachment-thumbnail size-thumbnail\" alt=\"\" srcset=\"http:\/\/loule2015.com\/wp-content\/uploads\/2015\/04\/DSC_7239-480x321.jpg 480w, http:\/\/loule2015.com\/wp-content\/uploads\/2015\/04\/DSC_7239.jpg 800w\" sizes=\"auto, (max-width: 480px) 100vw, 480px\" \/><\/a>\n\t\t\t<\/dt><\/dl><dl class='gallery-item'>\n\t\t\t<dt class='gallery-icon landscape'>\n\t\t\t\t<a href='http:\/\/loule2015.com\/?attachment_id=1595#main'><img loading=\"lazy\" decoding=\"async\" width=\"480\" height=\"321\" src=\"http:\/\/loule2015.com\/wp-content\/uploads\/2015\/04\/DSC_7272-480x321.jpg\" class=\"attachment-thumbnail size-thumbnail\" alt=\"\" srcset=\"http:\/\/loule2015.com\/wp-content\/uploads\/2015\/04\/DSC_7272-480x321.jpg 480w, http:\/\/loule2015.com\/wp-content\/uploads\/2015\/04\/DSC_7272.jpg 800w\" sizes=\"auto, (max-width: 480px) 100vw, 480px\" \/><\/a>\n\t\t\t<\/dt><\/dl><dl class='gallery-item'>\n\t\t\t<dt class='gallery-icon landscape'>\n\t\t\t\t<a href='http:\/\/loule2015.com\/?attachment_id=1596#main'><img loading=\"lazy\" decoding=\"async\" width=\"480\" height=\"321\" src=\"http:\/\/loule2015.com\/wp-content\/uploads\/2015\/04\/DSC_7307-480x321.jpg\" class=\"attachment-thumbnail size-thumbnail\" alt=\"\" srcset=\"http:\/\/loule2015.com\/wp-content\/uploads\/2015\/04\/DSC_7307-480x321.jpg 480w, http:\/\/loule2015.com\/wp-content\/uploads\/2015\/04\/DSC_7307.jpg 800w\" sizes=\"auto, (max-width: 480px) 100vw, 480px\" \/><\/a>\n\t\t\t<\/dt><\/dl><br style=\"clear: both\" \/><dl class='gallery-item'>\n\t\t\t<dt class='gallery-icon landscape'>\n\t\t\t\t<a href='http:\/\/loule2015.com\/?attachment_id=1597#main'><img loading=\"lazy\" decoding=\"async\" width=\"480\" height=\"321\" src=\"http:\/\/loule2015.com\/wp-content\/uploads\/2015\/04\/DSC_7356-480x321.jpg\" class=\"attachment-thumbnail size-thumbnail\" alt=\"\" srcset=\"http:\/\/loule2015.com\/wp-content\/uploads\/2015\/04\/DSC_7356-480x321.jpg 480w, http:\/\/loule2015.com\/wp-content\/uploads\/2015\/04\/DSC_7356.jpg 800w\" sizes=\"auto, (max-width: 480px) 100vw, 480px\" \/><\/a>\n\t\t\t<\/dt><\/dl><dl class='gallery-item'>\n\t\t\t<dt class='gallery-icon landscape'>\n\t\t\t\t<a href='http:\/\/loule2015.com\/?attachment_id=1598#main'><img loading=\"lazy\" decoding=\"async\" width=\"480\" height=\"321\" src=\"http:\/\/loule2015.com\/wp-content\/uploads\/2015\/04\/DSC_7555-480x321.jpg\" class=\"attachment-thumbnail size-thumbnail\" alt=\"\" srcset=\"http:\/\/loule2015.com\/wp-content\/uploads\/2015\/04\/DSC_7555-480x321.jpg 480w, http:\/\/loule2015.com\/wp-content\/uploads\/2015\/04\/DSC_7555.jpg 800w\" sizes=\"auto, (max-width: 480px) 100vw, 480px\" \/><\/a>\n\t\t\t<\/dt><\/dl><dl class='gallery-item'>\n\t\t\t<dt class='gallery-icon landscape'>\n\t\t\t\t<a href='http:\/\/loule2015.com\/?attachment_id=1599#main'><img loading=\"lazy\" decoding=\"async\" width=\"480\" height=\"321\" src=\"http:\/\/loule2015.com\/wp-content\/uploads\/2015\/04\/DSC_7581-480x321.jpg\" class=\"attachment-thumbnail size-thumbnail\" alt=\"\" srcset=\"http:\/\/loule2015.com\/wp-content\/uploads\/2015\/04\/DSC_7581-480x321.jpg 480w, http:\/\/loule2015.com\/wp-content\/uploads\/2015\/04\/DSC_7581.jpg 800w\" sizes=\"auto, (max-width: 480px) 100vw, 480px\" \/><\/a>\n\t\t\t<\/dt><\/dl><br style=\"clear: both\" \/><dl class='gallery-item'>\n\t\t\t<dt class='gallery-icon landscape'>\n\t\t\t\t<a href='http:\/\/loule2015.com\/?attachment_id=1600#main'><img loading=\"lazy\" decoding=\"async\" width=\"480\" height=\"321\" src=\"http:\/\/loule2015.com\/wp-content\/uploads\/2015\/04\/DSC_7675-480x321.jpg\" class=\"attachment-thumbnail size-thumbnail\" alt=\"\" srcset=\"http:\/\/loule2015.com\/wp-content\/uploads\/2015\/04\/DSC_7675-480x321.jpg 480w, http:\/\/loule2015.com\/wp-content\/uploads\/2015\/04\/DSC_7675.jpg 800w\" sizes=\"auto, (max-width: 480px) 100vw, 480px\" \/><\/a>\n\t\t\t<\/dt><\/dl><dl class='gallery-item'>\n\t\t\t<dt class='gallery-icon landscape'>\n\t\t\t\t<a href='http:\/\/loule2015.com\/?attachment_id=1601#main'><img loading=\"lazy\" decoding=\"async\" width=\"480\" height=\"321\" src=\"http:\/\/loule2015.com\/wp-content\/uploads\/2015\/04\/eDSC_77-480x321.jpg\" class=\"attachment-thumbnail size-thumbnail\" alt=\"\" srcset=\"http:\/\/loule2015.com\/wp-content\/uploads\/2015\/04\/eDSC_77-480x321.jpg 480w, http:\/\/loule2015.com\/wp-content\/uploads\/2015\/04\/eDSC_77.jpg 800w\" sizes=\"auto, (max-width: 480px) 100vw, 480px\" \/><\/a>\n\t\t\t<\/dt><\/dl><dl class='gallery-item'>\n\t\t\t<dt class='gallery-icon landscape'>\n\t\t\t\t<a href='http:\/\/loule2015.com\/?attachment_id=1602#main'><img loading=\"lazy\" decoding=\"async\" width=\"480\" height=\"321\" src=\"http:\/\/loule2015.com\/wp-content\/uploads\/2015\/04\/eDSC_78-480x321.jpg\" class=\"attachment-thumbnail size-thumbnail\" alt=\"\" srcset=\"http:\/\/loule2015.com\/wp-content\/uploads\/2015\/04\/eDSC_78-480x321.jpg 480w, http:\/\/loule2015.com\/wp-content\/uploads\/2015\/04\/eDSC_78.jpg 800w\" sizes=\"auto, (max-width: 480px) 100vw, 480px\" \/><\/a>\n\t\t\t<\/dt><\/dl><br style=\"clear: both\" \/>\n\t\t<\/div>\n\n","protected":false},"excerpt":{"rendered":"<p>_ Vai decorrer nos pr\u00f3ximos dias 11 e 12 de Abril na Pista de BMX de Quarteira &#8211; Loul\u00e9, a 3\u00aa e 4\u00aa etapa da Ta\u00e7a de Portugal BMX. Evento este, organizado pelo clube Asas da Cidade \u2013 BMX Team em parceria com a Federa\u00e7\u00e3o Portuguesa de Ciclismo, a Junta de Freguesia de Quarteira e [&hellip;]<\/p>\n","protected":false},"author":1,"featured_media":0,"parent":0,"menu_order":0,"comment_status":"open","ping_status":"open","template":"","meta":{"footnotes":""},"class_list":["post-1528","page","type-page","status-publish","hentry"],"yoast_head":"<!-- This site is optimized with the Yoast SEO plugin v27.5 - https:\/\/yoast.com\/product\/yoast-seo-wordpress\/ -->\n<title>Cidade Europeia do Desporto Loul\u00e9<\/title>\n<meta name=\"description\" content=\"Desporto, Cidade Europeia, Eventos Desportivos, Algarve, Portugal, Europa, Loul\u00e9, Conhecimento, Bem Estar, Sa\u00fade, Atividade F\u00edsica, Voluntario,\" \/>\n<meta name=\"robots\" content=\"index, follow, max-snippet:-1, max-image-preview:large, max-video-preview:-1\" \/>\n<link rel=\"canonical\" href=\"http:\/\/loule2015.com\/?page_id=1528\" \/>\n<meta property=\"og:locale\" content=\"en_US\" \/>\n<meta property=\"og:type\" content=\"article\" \/>\n<meta property=\"og:title\" content=\"Cidade Europeia do Desporto Loul\u00e9\" \/>\n<meta property=\"og:description\" content=\"Desporto, Cidade Europeia, Eventos Desportivos, Algarve, Portugal, Europa, Loul\u00e9, Conhecimento, Bem Estar, Sa\u00fade, Atividade F\u00edsica, Voluntario,\" \/>\n<meta property=\"og:url\" content=\"http:\/\/loule2015.com\/?page_id=1528\" \/>\n<meta property=\"og:site_name\" content=\"Loul\u00e9 2015\" \/>\n<meta property=\"article:publisher\" content=\"https:\/\/www.facebook.com\/louleced2015?ref=hl\" \/>\n<meta property=\"article:modified_time\" content=\"2016-01-11T14:43:47+00:00\" \/>\n<meta property=\"og:image\" content=\"http:\/\/loule2015.com\/wp-content\/uploads\/2015\/04\/DSC_7221-480x321.jpg\" \/>\n<meta name=\"twitter:card\" content=\"summary_large_image\" \/>\n<meta name=\"twitter:label1\" content=\"Est. reading time\" \/>\n\t<meta name=\"twitter:data1\" content=\"3 minutes\" \/>\n<script type=\"application\/ld+json\" class=\"yoast-schema-graph\">{\"@context\":\"https:\\\/\\\/schema.org\",\"@graph\":[{\"@type\":\"WebPage\",\"@id\":\"http:\\\/\\\/loule2015.com\\\/?page_id=1528\",\"url\":\"http:\\\/\\\/loule2015.com\\\/?page_id=1528\",\"name\":\"Cidade Europeia do Desporto Loul\u00e9\",\"isPartOf\":{\"@id\":\"https:\\\/\\\/loule2015.com\\\/#website\"},\"datePublished\":\"2015-04-07T13:50:10+00:00\",\"dateModified\":\"2016-01-11T14:43:47+00:00\",\"description\":\"Desporto, Cidade Europeia, Eventos Desportivos, Algarve, Portugal, Europa, Loul\u00e9, Conhecimento, Bem Estar, Sa\u00fade, Atividade F\u00edsica, Voluntario,\",\"breadcrumb\":{\"@id\":\"http:\\\/\\\/loule2015.com\\\/?page_id=1528#breadcrumb\"},\"inLanguage\":\"en-US\",\"potentialAction\":[{\"@type\":\"ReadAction\",\"target\":[\"http:\\\/\\\/loule2015.com\\\/?page_id=1528\"]}]},{\"@type\":\"BreadcrumbList\",\"@id\":\"http:\\\/\\\/loule2015.com\\\/?page_id=1528#breadcrumb\",\"itemListElement\":[{\"@type\":\"ListItem\",\"position\":1,\"name\":\"Home\",\"item\":\"https:\\\/\\\/loule2015.com\\\/\"},{\"@type\":\"ListItem\",\"position\":2,\"name\":\"Ta\u00e7a de Portugal BMX &#8211; 3\u00aa e 4\u00aa etapa\"}]},{\"@type\":\"WebSite\",\"@id\":\"https:\\\/\\\/loule2015.com\\\/#website\",\"url\":\"https:\\\/\\\/loule2015.com\\\/\",\"name\":\"Loul\u00e9 2015\",\"description\":\"Cidade Europeia do Desporto\",\"potentialAction\":[{\"@type\":\"SearchAction\",\"target\":{\"@type\":\"EntryPoint\",\"urlTemplate\":\"https:\\\/\\\/loule2015.com\\\/?s={search_term_string}\"},\"query-input\":{\"@type\":\"PropertyValueSpecification\",\"valueRequired\":true,\"valueName\":\"search_term_string\"}}],\"inLanguage\":\"en-US\"}]}<\/script>\n<!-- \/ Yoast SEO plugin. -->","yoast_head_json":{"title":"Cidade Europeia do Desporto Loul\u00e9","description":"Desporto, Cidade Europeia, Eventos Desportivos, Algarve, Portugal, Europa, Loul\u00e9, Conhecimento, Bem Estar, Sa\u00fade, Atividade F\u00edsica, Voluntario,","robots":{"index":"index","follow":"follow","max-snippet":"max-snippet:-1","max-image-preview":"max-image-preview:large","max-video-preview":"max-video-preview:-1"},"canonical":"http:\/\/loule2015.com\/?page_id=1528","og_locale":"en_US","og_type":"article","og_title":"Cidade Europeia do Desporto Loul\u00e9","og_description":"Desporto, Cidade Europeia, Eventos Desportivos, Algarve, Portugal, Europa, Loul\u00e9, Conhecimento, Bem Estar, Sa\u00fade, Atividade F\u00edsica, Voluntario,","og_url":"http:\/\/loule2015.com\/?page_id=1528","og_site_name":"Loul\u00e9 2015","article_publisher":"https:\/\/www.facebook.com\/louleced2015?ref=hl","article_modified_time":"2016-01-11T14:43:47+00:00","og_image":[{"url":"http:\/\/loule2015.com\/wp-content\/uploads\/2015\/04\/DSC_7221-480x321.jpg","type":"","width":"","height":""}],"twitter_card":"summary_large_image","twitter_misc":{"Est. reading time":"3 minutes"},"schema":{"@context":"https:\/\/schema.org","@graph":[{"@type":"WebPage","@id":"http:\/\/loule2015.com\/?page_id=1528","url":"http:\/\/loule2015.com\/?page_id=1528","name":"Cidade Europeia do Desporto Loul\u00e9","isPartOf":{"@id":"https:\/\/loule2015.com\/#website"},"datePublished":"2015-04-07T13:50:10+00:00","dateModified":"2016-01-11T14:43:47+00:00","description":"Desporto, Cidade Europeia, Eventos Desportivos, Algarve, Portugal, Europa, Loul\u00e9, Conhecimento, Bem Estar, Sa\u00fade, Atividade F\u00edsica, Voluntario,","breadcrumb":{"@id":"http:\/\/loule2015.com\/?page_id=1528#breadcrumb"},"inLanguage":"en-US","potentialAction":[{"@type":"ReadAction","target":["http:\/\/loule2015.com\/?page_id=1528"]}]},{"@type":"BreadcrumbList","@id":"http:\/\/loule2015.com\/?page_id=1528#breadcrumb","itemListElement":[{"@type":"ListItem","position":1,"name":"Home","item":"https:\/\/loule2015.com\/"},{"@type":"ListItem","position":2,"name":"Ta\u00e7a de Portugal BMX &#8211; 3\u00aa e 4\u00aa etapa"}]},{"@type":"WebSite","@id":"https:\/\/loule2015.com\/#website","url":"https:\/\/loule2015.com\/","name":"Loul\u00e9 2015","description":"Cidade Europeia do Desporto","potentialAction":[{"@type":"SearchAction","target":{"@type":"EntryPoint","urlTemplate":"https:\/\/loule2015.com\/?s={search_term_string}"},"query-input":{"@type":"PropertyValueSpecification","valueRequired":true,"valueName":"search_term_string"}}],"inLanguage":"en-US"}]}},"_links":{"self":[{"href":"http:\/\/loule2015.com\/index.php?rest_route=\/wp\/v2\/pages\/1528","targetHints":{"allow":["GET"]}}],"collection":[{"href":"http:\/\/loule2015.com\/index.php?rest_route=\/wp\/v2\/pages"}],"about":[{"href":"http:\/\/loule2015.com\/index.php?rest_route=\/wp\/v2\/types\/page"}],"author":[{"embeddable":true,"href":"http:\/\/loule2015.com\/index.php?rest_route=\/wp\/v2\/users\/1"}],"replies":[{"embeddable":true,"href":"http:\/\/loule2015.com\/index.php?rest_route=%2Fwp%2Fv2%2Fcomments&post=1528"}],"version-history":[{"count":7,"href":"http:\/\/loule2015.com\/index.php?rest_route=\/wp\/v2\/pages\/1528\/revisions"}],"predecessor-version":[{"id":3231,"href":"http:\/\/loule2015.com\/index.php?rest_route=\/wp\/v2\/pages\/1528\/revisions\/3231"}],"wp:attachment":[{"href":"http:\/\/loule2015.com\/index.php?rest_route=%2Fwp%2Fv2%2Fmedia&parent=1528"}],"curies":[{"name":"wp","href":"https:\/\/api.w.org\/{rel}","templated":true}]}}