{"id":1517,"date":"2015-04-06T10:23:36","date_gmt":"2015-04-06T10:23:36","guid":{"rendered":"http:\/\/loule2015.com\/?page_id=1517"},"modified":"2016-01-11T15:03:51","modified_gmt":"2016-01-11T15:03:51","slug":"1a-subida-a-mae-soberana-em-bicicleta","status":"publish","type":"page","link":"http:\/\/loule2015.com\/?page_id=1517","title":{"rendered":"1\u00aa Subida \u00e0 M\u00e3e Soberana em Bicicleta"},"content":{"rendered":"<div class=\"gtranslate_wrapper\" id=\"gt-wrapper-59730955\"><\/div>\n<h4 style=\"text-align: left;\"><div class=\"fcbkbttn_buttons_block\" id=\"fcbkbttn_left\"><div class=\"fcbkbttn_like fcbkbttn_large_button\"><fb:like href=\"http:\/\/loule2015.com\/?page_id=1517\" action=\"like\" colorscheme=\"light\" layout=\"button_count\"  size=\"large\"><\/fb:like><\/div><\/div><\/h4>\n<p><span style=\"color: #ffffff;\">_<\/span><\/p>\n<p style=\"text-align: justify;\">No s\u00e1bado dia 11 de Abril o Club BTT Terra de Loul\u00e9 com a colabora\u00e7\u00e3o do Municipio de Loul\u00e9 vai organizar &#8220;Subida \u00e0 M\u00e3e Soberana&#8221;.<br \/>\n\u00c9 um contra rel\u00f3gio em bicicleta com um percurso de +-600 metros com inicio junto ao Convento de Santo Ant\u00f3nio e final junto ao Santu\u00e1rio da Nossa Senhora da Piedade, reservada a participantes de idade igual ou superior a 16 anos.<br \/>\nO \u00ednicio da prova \u00e9 \u00e1s 20h00, cada participante faz 2 vezes o percurso e conta o melhor resultado, os tr\u00eas melhores classificados femininos e masculinos recebem um trof\u00e9u e uma inscri\u00e7\u00e3o para o 2\u00ba Trof\u00e9u Nocturno Cidade de Loul\u00e9 que se realiza no dia 22 de Agosto.<\/p>\n<p style=\"text-align: justify;\">Vai ser uma noite muito animada e divertida, inscreve-te e participa!<\/p>\n<p style=\"text-align: center;\"><strong>\u00a0&#8211; Resumo\u00a0Final\u00a0&#8211;\u00a0<\/strong><\/p>\n<p>No passado s\u00e1bado dia 11 de Abril o Club BTT Terra de Loul\u00e9, com a colabora\u00e7\u00e3o do Munic\u00edpio de Loul\u00e9, organizou a \u201c1\u00aa Subida \u00e0 M\u00e3e Soberana\u201d prova englobada nas festas em honra a Nossa Senhora da Piedade e na Cidade Europeia do Desporto 2015.<\/p>\n<p>Apesar de ter estado uma tarde de primavera ao aproximar da noite e in\u00edcio da prova as nuvens come\u00e7aram a cobrir o c\u00e9u e com elas tamb\u00e9m chegou a o vento e a chuva que teimava em n\u00e3o parar, mas a organiza\u00e7\u00e3o ap\u00f3s verificar as condi\u00e7\u00f5es de seguran\u00e7a do percurso deu in\u00edcio a prova as 20h30.<\/p>\n<p>Tratou-se de uma prova de contra-rel\u00f3gio nocturno em bicicleta com final junto ao Santu\u00e1rio da Nossa Senhora da Piedade, o local de inicio da prova foi alterado do Convento de Santo Ant\u00f3nio para junto ao in\u00edcio da cal\u00e7ada para o santu\u00e1rio, assim o percurso ficou um pouco mais curto mas mais f\u00e1cil de reproduzir em futuras edi\u00e7\u00f5es para os participantes tentarem melhorar o seu tempo a fazer os cerca de 350 metros praticamente sempre a subir em cal\u00e7ada bastante irregular.<\/p>\n<p>Com cerca de meia centena de inscritos a chuva acabou por deixar alguns em casa mas mesmo com as condi\u00e7\u00f5es climat\u00e9ricas adversas participaram trinta e dois atletas, de referir a presen\u00e7a de muito publico concentrado na parte final e a mais complicada da subida, sempre muito activo a incentivar os participantes que partiam de minuto a minuto.<\/p>\n<p>No final os vencedores da \u201c1\u00aa Subida \u00e0 M\u00e3e Soberana\u201d foram o Hern\u00e2ni Silva (BTT Loul\u00e9\/BPI) em masculinos com o tempo de 00:01:01:307 e a Marlene Costa (BTT Quarteirense \/ GyRad) em femininos com o tempo de 00:02:17:541, tiveram direito tiveram direito ao seu nome e tempo de subida gravado no trof\u00e9u no final da prova, a cerim\u00f3nia de entrega de pr\u00e9mios contou com a presen\u00e7a do Padre Ant\u00f3nio representante da diocese louletana e de H\u00e9lder Fa\u00edsca o presidente da Junta de Freguesia de S\u00e3o Sebasti\u00e3o.<\/p>\n<p>Para o ano o evento promete continuar novamente inserido nas festas em honra \u00e0 Padroeira de Loul\u00e9.<\/p>\n<p style=\"text-align: left;\"><a href=\"https:\/\/drive.google.com\/file\/d\/0BztkqAqPwsS5U1JRR1pQYTFwVGs\/view?usp=sharing\" target=\"_blank\">Resultados Oficiais<\/a><\/p>\n<p style=\"text-align: left;\"><div class=\"fcbkbttn_buttons_block\" id=\"fcbkbttn_left\"><div class=\"fcbkbttn_like fcbkbttn_large_button\"><fb:like href=\"http:\/\/loule2015.com\/?page_id=1517\" action=\"like\" colorscheme=\"light\" layout=\"button_count\"  size=\"large\"><\/fb:like><\/div><\/div><\/p>\n<p style=\"text-align: center;\"><strong> &#8211; Resumo Fotogr\u00e1fico &#8211;\u00a0<\/strong><\/p>\n\n\t\t<style type=\"text\/css\">\n\t\t\t#gallery-1 {\n\t\t\t\tmargin: auto;\n\t\t\t}\n\t\t\t#gallery-1 .gallery-item {\n\t\t\t\tfloat: left;\n\t\t\t\tmargin-top: 10px;\n\t\t\t\ttext-align: center;\n\t\t\t\twidth: 33%;\n\t\t\t}\n\t\t\t#gallery-1 img {\n\t\t\t\tborder: 2px solid #cfcfcf;\n\t\t\t}\n\t\t\t#gallery-1 .gallery-caption {\n\t\t\t\tmargin-left: 0;\n\t\t\t}\n\t\t\t\/* see gallery_shortcode() in wp-includes\/media.php *\/\n\t\t<\/style>\n\t\t<div id='gallery-1' class='gallery galleryid-1517 gallery-columns-3 gallery-size-thumbnail'><dl class='gallery-item'>\n\t\t\t<dt class='gallery-icon landscape'>\n\t\t\t\t<a href='http:\/\/loule2015.com\/?attachment_id=1699#main'><img loading=\"lazy\" decoding=\"async\" width=\"480\" height=\"360\" src=\"http:\/\/loule2015.com\/wp-content\/uploads\/2015\/04\/1-480x360.jpg\" class=\"attachment-thumbnail size-thumbnail\" alt=\"\" srcset=\"http:\/\/loule2015.com\/wp-content\/uploads\/2015\/04\/1-480x360.jpg 480w, http:\/\/loule2015.com\/wp-content\/uploads\/2015\/04\/1.jpg 800w\" sizes=\"auto, (max-width: 480px) 100vw, 480px\" \/><\/a>\n\t\t\t<\/dt><\/dl><dl class='gallery-item'>\n\t\t\t<dt class='gallery-icon landscape'>\n\t\t\t\t<a href='http:\/\/loule2015.com\/?attachment_id=1700#main'><img loading=\"lazy\" decoding=\"async\" width=\"480\" height=\"360\" src=\"http:\/\/loule2015.com\/wp-content\/uploads\/2015\/04\/4-480x360.jpg\" class=\"attachment-thumbnail size-thumbnail\" alt=\"\" srcset=\"http:\/\/loule2015.com\/wp-content\/uploads\/2015\/04\/4-480x360.jpg 480w, http:\/\/loule2015.com\/wp-content\/uploads\/2015\/04\/4.jpg 800w\" sizes=\"auto, (max-width: 480px) 100vw, 480px\" \/><\/a>\n\t\t\t<\/dt><\/dl><dl class='gallery-item'>\n\t\t\t<dt class='gallery-icon landscape'>\n\t\t\t\t<a href='http:\/\/loule2015.com\/?attachment_id=1701#main'><img loading=\"lazy\" decoding=\"async\" width=\"480\" height=\"360\" src=\"http:\/\/loule2015.com\/wp-content\/uploads\/2015\/04\/5-480x360.jpg\" class=\"attachment-thumbnail size-thumbnail\" alt=\"\" srcset=\"http:\/\/loule2015.com\/wp-content\/uploads\/2015\/04\/5-480x360.jpg 480w, http:\/\/loule2015.com\/wp-content\/uploads\/2015\/04\/5.jpg 800w\" sizes=\"auto, (max-width: 480px) 100vw, 480px\" \/><\/a>\n\t\t\t<\/dt><\/dl><br style=\"clear: both\" \/><dl class='gallery-item'>\n\t\t\t<dt class='gallery-icon landscape'>\n\t\t\t\t<a href='http:\/\/loule2015.com\/?attachment_id=1702#main'><img loading=\"lazy\" decoding=\"async\" width=\"480\" height=\"360\" src=\"http:\/\/loule2015.com\/wp-content\/uploads\/2015\/04\/6-480x360.jpg\" class=\"attachment-thumbnail size-thumbnail\" alt=\"\" srcset=\"http:\/\/loule2015.com\/wp-content\/uploads\/2015\/04\/6-480x360.jpg 480w, http:\/\/loule2015.com\/wp-content\/uploads\/2015\/04\/6.jpg 800w\" sizes=\"auto, (max-width: 480px) 100vw, 480px\" \/><\/a>\n\t\t\t<\/dt><\/dl><dl class='gallery-item'>\n\t\t\t<dt class='gallery-icon landscape'>\n\t\t\t\t<a href='http:\/\/loule2015.com\/?attachment_id=1703#main'><img loading=\"lazy\" decoding=\"async\" width=\"480\" height=\"360\" src=\"http:\/\/loule2015.com\/wp-content\/uploads\/2015\/04\/9-480x360.jpg\" class=\"attachment-thumbnail size-thumbnail\" alt=\"\" srcset=\"http:\/\/loule2015.com\/wp-content\/uploads\/2015\/04\/9-480x360.jpg 480w, http:\/\/loule2015.com\/wp-content\/uploads\/2015\/04\/9.jpg 800w\" sizes=\"auto, (max-width: 480px) 100vw, 480px\" \/><\/a>\n\t\t\t<\/dt><\/dl><dl class='gallery-item'>\n\t\t\t<dt class='gallery-icon landscape'>\n\t\t\t\t<a href='http:\/\/loule2015.com\/?attachment_id=1704#main'><img loading=\"lazy\" decoding=\"async\" width=\"480\" height=\"360\" src=\"http:\/\/loule2015.com\/wp-content\/uploads\/2015\/04\/10-480x360.jpg\" class=\"attachment-thumbnail size-thumbnail\" alt=\"\" srcset=\"http:\/\/loule2015.com\/wp-content\/uploads\/2015\/04\/10-480x360.jpg 480w, http:\/\/loule2015.com\/wp-content\/uploads\/2015\/04\/10.jpg 800w\" sizes=\"auto, (max-width: 480px) 100vw, 480px\" \/><\/a>\n\t\t\t<\/dt><\/dl><br style=\"clear: both\" \/><dl class='gallery-item'>\n\t\t\t<dt class='gallery-icon landscape'>\n\t\t\t\t<a href='http:\/\/loule2015.com\/?attachment_id=1705#main'><img loading=\"lazy\" decoding=\"async\" width=\"480\" height=\"360\" src=\"http:\/\/loule2015.com\/wp-content\/uploads\/2015\/04\/11-480x360.jpg\" class=\"attachment-thumbnail size-thumbnail\" alt=\"\" srcset=\"http:\/\/loule2015.com\/wp-content\/uploads\/2015\/04\/11-480x360.jpg 480w, http:\/\/loule2015.com\/wp-content\/uploads\/2015\/04\/11.jpg 800w\" sizes=\"auto, (max-width: 480px) 100vw, 480px\" \/><\/a>\n\t\t\t<\/dt><\/dl><dl class='gallery-item'>\n\t\t\t<dt class='gallery-icon landscape'>\n\t\t\t\t<a href='http:\/\/loule2015.com\/?attachment_id=1706#main'><img loading=\"lazy\" decoding=\"async\" width=\"480\" height=\"360\" src=\"http:\/\/loule2015.com\/wp-content\/uploads\/2015\/04\/14-480x360.jpg\" class=\"attachment-thumbnail size-thumbnail\" alt=\"\" srcset=\"http:\/\/loule2015.com\/wp-content\/uploads\/2015\/04\/14-480x360.jpg 480w, http:\/\/loule2015.com\/wp-content\/uploads\/2015\/04\/14.jpg 800w\" sizes=\"auto, (max-width: 480px) 100vw, 480px\" \/><\/a>\n\t\t\t<\/dt><\/dl><dl class='gallery-item'>\n\t\t\t<dt class='gallery-icon landscape'>\n\t\t\t\t<a href='http:\/\/loule2015.com\/?attachment_id=1707#main'><img loading=\"lazy\" decoding=\"async\" width=\"480\" height=\"360\" src=\"http:\/\/loule2015.com\/wp-content\/uploads\/2015\/04\/15-480x360.jpg\" class=\"attachment-thumbnail size-thumbnail\" alt=\"\" srcset=\"http:\/\/loule2015.com\/wp-content\/uploads\/2015\/04\/15-480x360.jpg 480w, http:\/\/loule2015.com\/wp-content\/uploads\/2015\/04\/15.jpg 800w\" sizes=\"auto, (max-width: 480px) 100vw, 480px\" \/><\/a>\n\t\t\t<\/dt><\/dl><br style=\"clear: both\" \/><dl class='gallery-item'>\n\t\t\t<dt class='gallery-icon landscape'>\n\t\t\t\t<a href='http:\/\/loule2015.com\/?attachment_id=1708#main'><img loading=\"lazy\" decoding=\"async\" width=\"480\" height=\"360\" src=\"http:\/\/loule2015.com\/wp-content\/uploads\/2015\/04\/16-480x360.jpg\" class=\"attachment-thumbnail size-thumbnail\" alt=\"\" srcset=\"http:\/\/loule2015.com\/wp-content\/uploads\/2015\/04\/16-480x360.jpg 480w, http:\/\/loule2015.com\/wp-content\/uploads\/2015\/04\/16.jpg 800w\" sizes=\"auto, (max-width: 480px) 100vw, 480px\" \/><\/a>\n\t\t\t<\/dt><\/dl><dl class='gallery-item'>\n\t\t\t<dt class='gallery-icon landscape'>\n\t\t\t\t<a href='http:\/\/loule2015.com\/?attachment_id=1709#main'><img loading=\"lazy\" decoding=\"async\" width=\"480\" height=\"360\" src=\"http:\/\/loule2015.com\/wp-content\/uploads\/2015\/04\/17-480x360.jpg\" class=\"attachment-thumbnail size-thumbnail\" alt=\"\" srcset=\"http:\/\/loule2015.com\/wp-content\/uploads\/2015\/04\/17-480x360.jpg 480w, http:\/\/loule2015.com\/wp-content\/uploads\/2015\/04\/17.jpg 800w\" sizes=\"auto, (max-width: 480px) 100vw, 480px\" \/><\/a>\n\t\t\t<\/dt><\/dl><dl class='gallery-item'>\n\t\t\t<dt class='gallery-icon landscape'>\n\t\t\t\t<a href='http:\/\/loule2015.com\/?attachment_id=1710#main'><img loading=\"lazy\" decoding=\"async\" width=\"480\" height=\"360\" src=\"http:\/\/loule2015.com\/wp-content\/uploads\/2015\/04\/20-480x360.jpg\" class=\"attachment-thumbnail size-thumbnail\" alt=\"\" srcset=\"http:\/\/loule2015.com\/wp-content\/uploads\/2015\/04\/20-480x360.jpg 480w, http:\/\/loule2015.com\/wp-content\/uploads\/2015\/04\/20.jpg 800w\" sizes=\"auto, (max-width: 480px) 100vw, 480px\" \/><\/a>\n\t\t\t<\/dt><\/dl><br style=\"clear: both\" \/><dl class='gallery-item'>\n\t\t\t<dt class='gallery-icon landscape'>\n\t\t\t\t<a href='http:\/\/loule2015.com\/?attachment_id=1711#main'><img loading=\"lazy\" decoding=\"async\" width=\"480\" height=\"360\" src=\"http:\/\/loule2015.com\/wp-content\/uploads\/2015\/04\/22-480x360.jpg\" class=\"attachment-thumbnail size-thumbnail\" alt=\"\" srcset=\"http:\/\/loule2015.com\/wp-content\/uploads\/2015\/04\/22-480x360.jpg 480w, http:\/\/loule2015.com\/wp-content\/uploads\/2015\/04\/22.jpg 800w\" sizes=\"auto, (max-width: 480px) 100vw, 480px\" \/><\/a>\n\t\t\t<\/dt><\/dl><dl class='gallery-item'>\n\t\t\t<dt class='gallery-icon landscape'>\n\t\t\t\t<a href='http:\/\/loule2015.com\/?attachment_id=1712#main'><img loading=\"lazy\" decoding=\"async\" width=\"480\" height=\"360\" src=\"http:\/\/loule2015.com\/wp-content\/uploads\/2015\/04\/23-480x360.jpg\" class=\"attachment-thumbnail size-thumbnail\" alt=\"\" srcset=\"http:\/\/loule2015.com\/wp-content\/uploads\/2015\/04\/23-480x360.jpg 480w, http:\/\/loule2015.com\/wp-content\/uploads\/2015\/04\/23.jpg 800w\" sizes=\"auto, (max-width: 480px) 100vw, 480px\" \/><\/a>\n\t\t\t<\/dt><\/dl><dl class='gallery-item'>\n\t\t\t<dt class='gallery-icon landscape'>\n\t\t\t\t<a href='http:\/\/loule2015.com\/?attachment_id=1713#main'><img loading=\"lazy\" decoding=\"async\" width=\"480\" height=\"360\" src=\"http:\/\/loule2015.com\/wp-content\/uploads\/2015\/04\/24-480x360.jpg\" class=\"attachment-thumbnail size-thumbnail\" alt=\"\" srcset=\"http:\/\/loule2015.com\/wp-content\/uploads\/2015\/04\/24-480x360.jpg 480w, http:\/\/loule2015.com\/wp-content\/uploads\/2015\/04\/24.jpg 800w\" sizes=\"auto, (max-width: 480px) 100vw, 480px\" \/><\/a>\n\t\t\t<\/dt><\/dl><br style=\"clear: both\" \/>\n\t\t<\/div>\n\n","protected":false},"excerpt":{"rendered":"<p>_ No s\u00e1bado dia 11 de Abril o Club BTT Terra de Loul\u00e9 com a colabora\u00e7\u00e3o do Municipio de Loul\u00e9 vai organizar &#8220;Subida \u00e0 M\u00e3e Soberana&#8221;. \u00c9 um contra rel\u00f3gio em bicicleta com um percurso de +-600 metros com inicio junto ao Convento de Santo Ant\u00f3nio e final junto ao Santu\u00e1rio da Nossa Senhora da [&hellip;]<\/p>\n","protected":false},"author":1,"featured_media":0,"parent":0,"menu_order":0,"comment_status":"open","ping_status":"open","template":"","meta":{"footnotes":""},"class_list":["post-1517","page","type-page","status-publish","hentry"],"yoast_head":"<!-- This site is optimized with the Yoast SEO plugin v26.2 - https:\/\/yoast.com\/wordpress\/plugins\/seo\/ -->\n<title>Cidade Europeia do Desporto Loul\u00e9<\/title>\n<meta name=\"description\" content=\"Desporto, Cidade Europeia, Eventos Desportivos, Algarve, Portugal, Europa, Loul\u00e9, Conhecimento, Bem Estar, Sa\u00fade, Atividade F\u00edsica, Voluntario,\" \/>\n<meta name=\"robots\" content=\"index, follow, max-snippet:-1, max-image-preview:large, max-video-preview:-1\" \/>\n<link rel=\"canonical\" href=\"http:\/\/loule2015.com\/?page_id=1517\" \/>\n<meta property=\"og:locale\" content=\"en_US\" \/>\n<meta property=\"og:type\" content=\"article\" \/>\n<meta property=\"og:title\" content=\"Cidade Europeia do Desporto Loul\u00e9\" \/>\n<meta property=\"og:description\" content=\"Desporto, Cidade Europeia, Eventos Desportivos, Algarve, Portugal, Europa, Loul\u00e9, Conhecimento, Bem Estar, Sa\u00fade, Atividade F\u00edsica, Voluntario,\" \/>\n<meta property=\"og:url\" content=\"http:\/\/loule2015.com\/?page_id=1517\" \/>\n<meta property=\"og:site_name\" content=\"Loul\u00e9 2015\" \/>\n<meta property=\"article:publisher\" content=\"https:\/\/www.facebook.com\/louleced2015?ref=hl\" \/>\n<meta property=\"article:modified_time\" content=\"2016-01-11T15:03:51+00:00\" \/>\n<meta property=\"og:image\" content=\"http:\/\/loule2015.com\/wp-content\/uploads\/2015\/04\/1-480x360.jpg\" \/>\n<meta name=\"twitter:card\" content=\"summary_large_image\" \/>\n<meta name=\"twitter:label1\" content=\"Est. reading time\" \/>\n\t<meta name=\"twitter:data1\" content=\"3 minutes\" \/>\n<script type=\"application\/ld+json\" class=\"yoast-schema-graph\">{\"@context\":\"https:\/\/schema.org\",\"@graph\":[{\"@type\":\"WebPage\",\"@id\":\"http:\/\/loule2015.com\/?page_id=1517\",\"url\":\"http:\/\/loule2015.com\/?page_id=1517\",\"name\":\"Cidade Europeia do Desporto Loul\u00e9\",\"isPartOf\":{\"@id\":\"http:\/\/loule2015.com\/#website\"},\"datePublished\":\"2015-04-06T10:23:36+00:00\",\"dateModified\":\"2016-01-11T15:03:51+00:00\",\"description\":\"Desporto, Cidade Europeia, Eventos Desportivos, Algarve, Portugal, Europa, Loul\u00e9, Conhecimento, Bem Estar, Sa\u00fade, Atividade F\u00edsica, Voluntario,\",\"breadcrumb\":{\"@id\":\"http:\/\/loule2015.com\/?page_id=1517#breadcrumb\"},\"inLanguage\":\"en-US\",\"potentialAction\":[{\"@type\":\"ReadAction\",\"target\":[\"http:\/\/loule2015.com\/?page_id=1517\"]}]},{\"@type\":\"BreadcrumbList\",\"@id\":\"http:\/\/loule2015.com\/?page_id=1517#breadcrumb\",\"itemListElement\":[{\"@type\":\"ListItem\",\"position\":1,\"name\":\"Home\",\"item\":\"http:\/\/loule2015.com\/\"},{\"@type\":\"ListItem\",\"position\":2,\"name\":\"1\u00aa Subida \u00e0 M\u00e3e Soberana em Bicicleta\"}]},{\"@type\":\"WebSite\",\"@id\":\"http:\/\/loule2015.com\/#website\",\"url\":\"http:\/\/loule2015.com\/\",\"name\":\"Loul\u00e9 2015\",\"description\":\"Cidade Europeia do Desporto\",\"potentialAction\":[{\"@type\":\"SearchAction\",\"target\":{\"@type\":\"EntryPoint\",\"urlTemplate\":\"http:\/\/loule2015.com\/?s={search_term_string}\"},\"query-input\":{\"@type\":\"PropertyValueSpecification\",\"valueRequired\":true,\"valueName\":\"search_term_string\"}}],\"inLanguage\":\"en-US\"}]}<\/script>\n<!-- \/ Yoast SEO plugin. -->","yoast_head_json":{"title":"Cidade Europeia do Desporto Loul\u00e9","description":"Desporto, Cidade Europeia, Eventos Desportivos, Algarve, Portugal, Europa, Loul\u00e9, Conhecimento, Bem Estar, Sa\u00fade, Atividade F\u00edsica, Voluntario,","robots":{"index":"index","follow":"follow","max-snippet":"max-snippet:-1","max-image-preview":"max-image-preview:large","max-video-preview":"max-video-preview:-1"},"canonical":"http:\/\/loule2015.com\/?page_id=1517","og_locale":"en_US","og_type":"article","og_title":"Cidade Europeia do Desporto Loul\u00e9","og_description":"Desporto, Cidade Europeia, Eventos Desportivos, Algarve, Portugal, Europa, Loul\u00e9, Conhecimento, Bem Estar, Sa\u00fade, Atividade F\u00edsica, Voluntario,","og_url":"http:\/\/loule2015.com\/?page_id=1517","og_site_name":"Loul\u00e9 2015","article_publisher":"https:\/\/www.facebook.com\/louleced2015?ref=hl","article_modified_time":"2016-01-11T15:03:51+00:00","og_image":[{"url":"http:\/\/loule2015.com\/wp-content\/uploads\/2015\/04\/1-480x360.jpg","type":"","width":"","height":""}],"twitter_card":"summary_large_image","twitter_misc":{"Est. reading time":"3 minutes"},"schema":{"@context":"https:\/\/schema.org","@graph":[{"@type":"WebPage","@id":"http:\/\/loule2015.com\/?page_id=1517","url":"http:\/\/loule2015.com\/?page_id=1517","name":"Cidade Europeia do Desporto Loul\u00e9","isPartOf":{"@id":"http:\/\/loule2015.com\/#website"},"datePublished":"2015-04-06T10:23:36+00:00","dateModified":"2016-01-11T15:03:51+00:00","description":"Desporto, Cidade Europeia, Eventos Desportivos, Algarve, Portugal, Europa, Loul\u00e9, Conhecimento, Bem Estar, Sa\u00fade, Atividade F\u00edsica, Voluntario,","breadcrumb":{"@id":"http:\/\/loule2015.com\/?page_id=1517#breadcrumb"},"inLanguage":"en-US","potentialAction":[{"@type":"ReadAction","target":["http:\/\/loule2015.com\/?page_id=1517"]}]},{"@type":"BreadcrumbList","@id":"http:\/\/loule2015.com\/?page_id=1517#breadcrumb","itemListElement":[{"@type":"ListItem","position":1,"name":"Home","item":"http:\/\/loule2015.com\/"},{"@type":"ListItem","position":2,"name":"1\u00aa Subida \u00e0 M\u00e3e Soberana em Bicicleta"}]},{"@type":"WebSite","@id":"http:\/\/loule2015.com\/#website","url":"http:\/\/loule2015.com\/","name":"Loul\u00e9 2015","description":"Cidade Europeia do Desporto","potentialAction":[{"@type":"SearchAction","target":{"@type":"EntryPoint","urlTemplate":"http:\/\/loule2015.com\/?s={search_term_string}"},"query-input":{"@type":"PropertyValueSpecification","valueRequired":true,"valueName":"search_term_string"}}],"inLanguage":"en-US"}]}},"_links":{"self":[{"href":"http:\/\/loule2015.com\/index.php?rest_route=\/wp\/v2\/pages\/1517","targetHints":{"allow":["GET"]}}],"collection":[{"href":"http:\/\/loule2015.com\/index.php?rest_route=\/wp\/v2\/pages"}],"about":[{"href":"http:\/\/loule2015.com\/index.php?rest_route=\/wp\/v2\/types\/page"}],"author":[{"embeddable":true,"href":"http:\/\/loule2015.com\/index.php?rest_route=\/wp\/v2\/users\/1"}],"replies":[{"embeddable":true,"href":"http:\/\/loule2015.com\/index.php?rest_route=%2Fwp%2Fv2%2Fcomments&post=1517"}],"version-history":[{"count":19,"href":"http:\/\/loule2015.com\/index.php?rest_route=\/wp\/v2\/pages\/1517\/revisions"}],"predecessor-version":[{"id":3246,"href":"http:\/\/loule2015.com\/index.php?rest_route=\/wp\/v2\/pages\/1517\/revisions\/3246"}],"wp:attachment":[{"href":"http:\/\/loule2015.com\/index.php?rest_route=%2Fwp%2Fv2%2Fmedia&parent=1517"}],"curies":[{"name":"wp","href":"https:\/\/api.w.org\/{rel}","templated":true}]}}